{"id":2808,"date":"2015-05-09T10:00:21","date_gmt":"2015-05-09T09:00:21","guid":{"rendered":"https:\/\/www.teatroreal.es\/proyectolova\/?page_id=2808"},"modified":"2022-10-14T11:09:39","modified_gmt":"2022-10-14T09:09:39","slug":"lova-en-la-carcel","status":"publish","type":"page","link":"https:\/\/www.teatroreal.es\/proyectolova\/el-proyecto\/lova-en-la-carcel\/","title":{"rendered":"L\u00d3VA en la c\u00e1rcel"},"content":{"rendered":"\t\t<div data-elementor-type=\"wp-post\" data-elementor-id=\"2808\" class=\"elementor elementor-2808\" data-elementor-post-type=\"page\">\n\t\t\t\t\t\t<section class=\"elementor-section elementor-top-section elementor-element elementor-element-4e7ca6f6 elementor-section-boxed elementor-section-height-default elementor-section-height-default qodef-elementor-content-no\" data-id=\"4e7ca6f6\" data-element_type=\"section\">\n\t\t\t\t\t\t<div class=\"elementor-container elementor-column-gap-default\">\n\t\t\t\t\t<div class=\"elementor-column elementor-col-100 elementor-top-column elementor-element elementor-element-19fbfc1a\" data-id=\"19fbfc1a\" data-element_type=\"column\">\n\t\t\t<div class=\"elementor-widget-wrap elementor-element-populated\">\n\t\t\t\t\t\t<div class=\"elementor-element elementor-element-7a9f2317 elementor-widget elementor-widget-text-editor\" data-id=\"7a9f2317\" data-element_type=\"widget\" data-widget_type=\"text-editor.default\">\n\t\t\t\t<div class=\"elementor-widget-container\">\n\t\t\t\t\t\t\t\t\t<p class=\"p1\">L\u00d3VA en la c\u00e1rcel nace en 2012, cuando Miguel Gil y un grupo de voluntarias y voluntarios llevan L\u00d3VA al m\u00f3dulo terap\u00e9utico del centro penitenciario Madrid III en Valdemoro. En 2021, se estren\u00f3 la novena \u00f3pera de este proyecto. Su trabajo se puede ver en <strong><a href=\"http:\/\/operanitenciaria.blogspot.com.es\/\" target=\"_blank\" rel=\"noopener noreferrer\">este blog<\/a>.<\/strong>\u00a0Las \u00f3peras se han estrenado en el C\u00edrculo de Bellas Artes de Madrid y en el Sal\u00f3n de Actos del propio Centro Penitenciario.<\/p><p class=\"p1\">En 2021 comenz\u00f3 una nueva compa\u00f1\u00eda. Una vez m\u00e1s, Miguel Gil es el promotor de la iniciativa.<\/p><p class=\"p1\">Seg\u00fan la web de Instituciones Penitenciarias del Ministerio de Interior, los m\u00f3dulos terap\u00e9uticos son <em>m\u00f3dulos independientes que albergan a internos en programa integral de drogodependencias. Se constituye un espacio socioeducativo y terap\u00e9utico, libre de las interferencias que genera la droga, fomentando cambios en los h\u00e1bitos, actitudes y valores de los internos e internas residentes, creando un ambiente din\u00e1mico y personalizador, en el que adquiere mayor eficacia la intervenci\u00f3n multidisciplinar dirigida a la normalizaci\u00f3n y reincorporaci\u00f3n social de los internos e internas.\u00a0<\/em><\/p><p class=\"p1\"><strong><a href=\"http:\/\/operanitenciaria.blogspot.com.es\/\" target=\"_blank\" rel=\"noopener noreferrer\">Visita\u00a0aqu\u00ed el blog de L\u00d3VA en la c\u00e1rcel<\/a><\/strong><\/p><p>\u00a0<\/p><p>\u00a0<\/p>\t\t\t\t\t\t\t\t<\/div>\n\t\t\t\t<\/div>\n\t\t\t\t\t<\/div>\n\t\t<\/div>\n\t\t\t\t\t<\/div>\n\t\t<\/section>\n\t\t\t\t<section class=\"elementor-section elementor-top-section elementor-element elementor-element-00eb6a6 elementor-section-boxed elementor-section-height-default elementor-section-height-default qodef-elementor-content-no\" data-id=\"00eb6a6\" data-element_type=\"section\">\n\t\t\t\t\t\t<div class=\"elementor-container elementor-column-gap-default\">\n\t\t\t\t\t<div class=\"elementor-column elementor-col-33 elementor-top-column elementor-element elementor-element-ad27edd\" data-id=\"ad27edd\" data-element_type=\"column\">\n\t\t\t<div class=\"elementor-widget-wrap elementor-element-populated\">\n\t\t\t\t\t\t<div class=\"elementor-element elementor-element-7b33cca elementor-widget elementor-widget-image\" data-id=\"7b33cca\" data-element_type=\"widget\" data-widget_type=\"image.default\">\n\t\t\t\t<div class=\"elementor-widget-container\">\n\t\t\t\t\t\t\t\t\t\t\t\t\t\t\t<img fetchpriority=\"high\" decoding=\"async\" width=\"1024\" height=\"682\" src=\"https:\/\/www.teatroreal.es\/proyectolova\/wp-content\/uploads\/2022\/10\/Grupo-que-danza-grupo-que-suena-1024x682.jpeg\" class=\"attachment-large size-large wp-image-9355\" alt=\"\" srcset=\"https:\/\/www.teatroreal.es\/proyectolova\/wp-content\/uploads\/2022\/10\/Grupo-que-danza-grupo-que-suena-1024x682.jpeg 1024w, https:\/\/www.teatroreal.es\/proyectolova\/wp-content\/uploads\/2022\/10\/Grupo-que-danza-grupo-que-suena-300x200.jpeg 300w, https:\/\/www.teatroreal.es\/proyectolova\/wp-content\/uploads\/2022\/10\/Grupo-que-danza-grupo-que-suena-768x512.jpeg 768w, https:\/\/www.teatroreal.es\/proyectolova\/wp-content\/uploads\/2022\/10\/Grupo-que-danza-grupo-que-suena-1536x1023.jpeg 1536w, https:\/\/www.teatroreal.es\/proyectolova\/wp-content\/uploads\/2022\/10\/Grupo-que-danza-grupo-que-suena.jpeg 1600w\" sizes=\"(max-width: 1024px) 100vw, 1024px\" \/>\t\t\t\t\t\t\t\t\t\t\t\t\t\t\t<\/div>\n\t\t\t\t<\/div>\n\t\t\t\t\t<\/div>\n\t\t<\/div>\n\t\t\t\t<div class=\"elementor-column elementor-col-33 elementor-top-column elementor-element elementor-element-eec204d\" data-id=\"eec204d\" data-element_type=\"column\">\n\t\t\t<div class=\"elementor-widget-wrap elementor-element-populated\">\n\t\t\t\t\t\t<div class=\"elementor-element elementor-element-efae64e elementor-widget elementor-widget-image\" data-id=\"efae64e\" data-element_type=\"widget\" data-widget_type=\"image.default\">\n\t\t\t\t<div class=\"elementor-widget-container\">\n\t\t\t\t\t\t\t\t\t\t\t\t\t\t\t<img decoding=\"async\" src=\"https:\/\/www.teatroreal.es\/proyectolova\/wp-content\/uploads\/elementor\/thumbs\/Cuidar-y-ser-cuidado-puejovhzcp5kp5i4pi1ljeuhjfe9htxkfnm9m849lw.jpg\" title=\"Cuidar y ser cuidado\" alt=\"Cuidar y ser cuidado\" loading=\"lazy\" \/>\t\t\t\t\t\t\t\t\t\t\t\t\t\t\t<\/div>\n\t\t\t\t<\/div>\n\t\t\t\t\t<\/div>\n\t\t<\/div>\n\t\t\t\t<div class=\"elementor-column elementor-col-33 elementor-top-column elementor-element elementor-element-72b99c9\" data-id=\"72b99c9\" data-element_type=\"column\">\n\t\t\t<div class=\"elementor-widget-wrap elementor-element-populated\">\n\t\t\t\t\t\t<div class=\"elementor-element elementor-element-5f3f7de elementor-widget elementor-widget-image\" data-id=\"5f3f7de\" data-element_type=\"widget\" data-widget_type=\"image.default\">\n\t\t\t\t<div class=\"elementor-widget-container\">\n\t\t\t\t\t\t\t\t\t\t\t\t\t\t\t<img decoding=\"async\" width=\"1024\" height=\"698\" src=\"https:\/\/www.teatroreal.es\/proyectolova\/wp-content\/uploads\/2022\/10\/aprendanza_javierdelReal-16-1024x698.jpg\" class=\"attachment-large size-large wp-image-9356\" alt=\"\" srcset=\"https:\/\/www.teatroreal.es\/proyectolova\/wp-content\/uploads\/2022\/10\/aprendanza_javierdelReal-16-1024x698.jpg 1024w, https:\/\/www.teatroreal.es\/proyectolova\/wp-content\/uploads\/2022\/10\/aprendanza_javierdelReal-16-300x205.jpg 300w, https:\/\/www.teatroreal.es\/proyectolova\/wp-content\/uploads\/2022\/10\/aprendanza_javierdelReal-16-768x524.jpg 768w, https:\/\/www.teatroreal.es\/proyectolova\/wp-content\/uploads\/2022\/10\/aprendanza_javierdelReal-16-1536x1047.jpg 1536w, https:\/\/www.teatroreal.es\/proyectolova\/wp-content\/uploads\/2022\/10\/aprendanza_javierdelReal-16-2048x1396.jpg 2048w\" sizes=\"(max-width: 1024px) 100vw, 1024px\" \/>\t\t\t\t\t\t\t\t\t\t\t\t\t\t\t<\/div>\n\t\t\t\t<\/div>\n\t\t\t\t\t<\/div>\n\t\t<\/div>\n\t\t\t\t\t<\/div>\n\t\t<\/section>\n\t\t\t\t<\/div>\n\t\t","protected":false},"excerpt":{"rendered":"<p>L\u00d3VA en la c\u00e1rcel nace en 2012, cuando Miguel Gil y un grupo de voluntarias y voluntarios llevan L\u00d3VA al m\u00f3dulo terap\u00e9utico del centro penitenciario Madrid III en Valdemoro. En 2021, se estren\u00f3 la novena \u00f3pera de este proyecto. Su trabajo se puede ver en este blog.\u00a0Las \u00f3peras se han estrenado en el C\u00edrculo de &#8230; <a title=\"L\u00d3VA en la c\u00e1rcel\" class=\"read-more\" href=\"https:\/\/www.teatroreal.es\/proyectolova\/el-proyecto\/lova-en-la-carcel\/\">Read more<\/a><\/p>\n","protected":false},"author":151,"featured_media":5158,"parent":777,"menu_order":0,"comment_status":"closed","ping_status":"open","template":"","meta":{"footnotes":""},"hashtags":[],"class_list":["post-2808","page","type-page","status-publish","has-post-thumbnail"],"yoast_head":"<!-- This site is optimized with the Yoast SEO plugin v26.8 - https:\/\/yoast.com\/product\/yoast-seo-wordpress\/ -->\n<title>L\u00d3VA en la c\u00e1rcel - L\u00d3VA<\/title>\n<meta name=\"description\" content=\"L\u00d3VA en la c\u00e1rcel nace en 2012, cuando Miguel Gil y un grupo de voluntari@s llevan el proyecto al m\u00f3dulo terap\u00e9utico del centro penitenciario Madrid III en Valdemoro. Las \u00f3peras se han estrenado en el C\u00edrculo de Bellas Artes de Madrid y en el Sal\u00f3n de Actos del propio Centro Penitenciario.\" \/>\n<meta name=\"robots\" content=\"index, follow, max-snippet:-1, max-image-preview:large, max-video-preview:-1\" \/>\n<link rel=\"canonical\" href=\"https:\/\/www.teatroreal.es\/proyectolova\/el-proyecto\/lova-en-la-carcel\/\" \/>\n<meta property=\"og:locale\" content=\"es_ES\" \/>\n<meta property=\"og:type\" content=\"article\" \/>\n<meta property=\"og:title\" content=\"L\u00d3VA en la c\u00e1rcel\" \/>\n<meta property=\"og:description\" content=\"El empe\u00f1o personal y desinteresado de Miguel Gil por convertir L\u00d3VA en una v\u00eda de reinserci\u00f3n\" \/>\n<meta property=\"og:url\" content=\"https:\/\/www.teatroreal.es\/proyectolova\/el-proyecto\/lova-en-la-carcel\/\" \/>\n<meta property=\"og:site_name\" content=\"L\u00d3VA\" \/>\n<meta property=\"article:publisher\" content=\"https:\/\/www.facebook.com\/proyectolova\/\" \/>\n<meta property=\"article:modified_time\" content=\"2022-10-14T09:09:39+00:00\" \/>\n<meta property=\"og:image\" content=\"https:\/\/www.teatroreal.es\/proyectolova\/wp-content\/uploads\/2015\/05\/no-somos-invisibles-pintada-c\u00e1rcel-e1431162837643.jpg\" \/>\n\t<meta property=\"og:image:width\" content=\"600\" \/>\n\t<meta property=\"og:image:height\" content=\"393\" \/>\n\t<meta property=\"og:image:type\" content=\"image\/jpeg\" \/>\n<meta name=\"twitter:card\" content=\"summary_large_image\" \/>\n<meta name=\"twitter:site\" content=\"@proyectolova\" \/>\n<meta name=\"twitter:label1\" content=\"Tiempo de lectura\" \/>\n\t<meta name=\"twitter:data1\" content=\"1 minuto\" \/>\n<script type=\"application\/ld+json\" class=\"yoast-schema-graph\">{\"@context\":\"https:\/\/schema.org\",\"@graph\":[{\"@type\":\"WebPage\",\"@id\":\"https:\/\/www.teatroreal.es\/proyectolova\/el-proyecto\/lova-en-la-carcel\/\",\"url\":\"https:\/\/www.teatroreal.es\/proyectolova\/el-proyecto\/lova-en-la-carcel\/\",\"name\":\"L\u00d3VA en la c\u00e1rcel - L\u00d3VA\",\"isPartOf\":{\"@id\":\"https:\/\/www.teatroreal.es\/proyectolova\/#website\"},\"primaryImageOfPage\":{\"@id\":\"https:\/\/www.teatroreal.es\/proyectolova\/el-proyecto\/lova-en-la-carcel\/#primaryimage\"},\"image\":{\"@id\":\"https:\/\/www.teatroreal.es\/proyectolova\/el-proyecto\/lova-en-la-carcel\/#primaryimage\"},\"thumbnailUrl\":\"https:\/\/www.teatroreal.es\/proyectolova\/wp-content\/uploads\/2019\/01\/ca\u0301rcel-valdemoro-2018.jpg\",\"datePublished\":\"2015-05-09T09:00:21+00:00\",\"dateModified\":\"2022-10-14T09:09:39+00:00\",\"description\":\"L\u00d3VA en la c\u00e1rcel nace en 2012, cuando Miguel Gil y un grupo de voluntari@s llevan el proyecto al m\u00f3dulo terap\u00e9utico del centro penitenciario Madrid III en Valdemoro. Las \u00f3peras se han estrenado en el C\u00edrculo de Bellas Artes de Madrid y en el Sal\u00f3n de Actos del propio Centro Penitenciario.\",\"breadcrumb\":{\"@id\":\"https:\/\/www.teatroreal.es\/proyectolova\/el-proyecto\/lova-en-la-carcel\/#breadcrumb\"},\"inLanguage\":\"es\",\"potentialAction\":[{\"@type\":\"ReadAction\",\"target\":[\"https:\/\/www.teatroreal.es\/proyectolova\/el-proyecto\/lova-en-la-carcel\/\"]}]},{\"@type\":\"ImageObject\",\"inLanguage\":\"es\",\"@id\":\"https:\/\/www.teatroreal.es\/proyectolova\/el-proyecto\/lova-en-la-carcel\/#primaryimage\",\"url\":\"https:\/\/www.teatroreal.es\/proyectolova\/wp-content\/uploads\/2019\/01\/ca\u0301rcel-valdemoro-2018.jpg\",\"contentUrl\":\"https:\/\/www.teatroreal.es\/proyectolova\/wp-content\/uploads\/2019\/01\/ca\u0301rcel-valdemoro-2018.jpg\",\"width\":1500,\"height\":1000},{\"@type\":\"BreadcrumbList\",\"@id\":\"https:\/\/www.teatroreal.es\/proyectolova\/el-proyecto\/lova-en-la-carcel\/#breadcrumb\",\"itemListElement\":[{\"@type\":\"ListItem\",\"position\":1,\"name\":\"Portada\",\"item\":\"https:\/\/www.teatroreal.es\/proyectolova\/\"},{\"@type\":\"ListItem\",\"position\":2,\"name\":\"El proyecto\",\"item\":\"https:\/\/www.teatroreal.es\/proyectolova\/?page_id=777\"},{\"@type\":\"ListItem\",\"position\":3,\"name\":\"L\u00d3VA en la c\u00e1rcel\"}]},{\"@type\":\"WebSite\",\"@id\":\"https:\/\/www.teatroreal.es\/proyectolova\/#website\",\"url\":\"https:\/\/www.teatroreal.es\/proyectolova\/\",\"name\":\"L\u00d3VA\",\"description\":\"La \u00d3pera, un Veh\u00edculo de Aprendizaje\",\"publisher\":{\"@id\":\"https:\/\/www.teatroreal.es\/proyectolova\/#organization\"},\"potentialAction\":[{\"@type\":\"SearchAction\",\"target\":{\"@type\":\"EntryPoint\",\"urlTemplate\":\"https:\/\/www.teatroreal.es\/proyectolova\/?s={search_term_string}\"},\"query-input\":{\"@type\":\"PropertyValueSpecification\",\"valueRequired\":true,\"valueName\":\"search_term_string\"}}],\"inLanguage\":\"es\"},{\"@type\":\"Organization\",\"@id\":\"https:\/\/www.teatroreal.es\/proyectolova\/#organization\",\"name\":\"L\u00d3VA\",\"url\":\"https:\/\/www.teatroreal.es\/proyectolova\/\",\"logo\":{\"@type\":\"ImageObject\",\"inLanguage\":\"es\",\"@id\":\"https:\/\/www.teatroreal.es\/proyectolova\/#\/schema\/logo\/image\/\",\"url\":\"https:\/\/www.teatroreal.es\/proyectolova\/wp-content\/uploads\/2018\/01\/logo-L\u00d3VA-Marin\u00e9.jpg\",\"contentUrl\":\"https:\/\/www.teatroreal.es\/proyectolova\/wp-content\/uploads\/2018\/01\/logo-L\u00d3VA-Marin\u00e9.jpg\",\"width\":1890,\"height\":2848,\"caption\":\"L\u00d3VA\"},\"image\":{\"@id\":\"https:\/\/www.teatroreal.es\/proyectolova\/#\/schema\/logo\/image\/\"},\"sameAs\":[\"https:\/\/www.facebook.com\/proyectolova\/\",\"https:\/\/x.com\/proyectolova\",\"https:\/\/www.instagram.com\/proyectolova\/\",\"https:\/\/www.linkedin.com\/company\/proyectolova\/\",\"https:\/\/www.youtube.com\/user\/mecenartis\"]}]}<\/script>\n<!-- \/ Yoast SEO plugin. -->","yoast_head_json":{"title":"L\u00d3VA en la c\u00e1rcel - L\u00d3VA","description":"L\u00d3VA en la c\u00e1rcel nace en 2012, cuando Miguel Gil y un grupo de voluntari@s llevan el proyecto al m\u00f3dulo terap\u00e9utico del centro penitenciario Madrid III en Valdemoro. Las \u00f3peras se han estrenado en el C\u00edrculo de Bellas Artes de Madrid y en el Sal\u00f3n de Actos del propio Centro Penitenciario.","robots":{"index":"index","follow":"follow","max-snippet":"max-snippet:-1","max-image-preview":"max-image-preview:large","max-video-preview":"max-video-preview:-1"},"canonical":"https:\/\/www.teatroreal.es\/proyectolova\/el-proyecto\/lova-en-la-carcel\/","og_locale":"es_ES","og_type":"article","og_title":"L\u00d3VA en la c\u00e1rcel","og_description":"El empe\u00f1o personal y desinteresado de Miguel Gil por convertir L\u00d3VA en una v\u00eda de reinserci\u00f3n","og_url":"https:\/\/www.teatroreal.es\/proyectolova\/el-proyecto\/lova-en-la-carcel\/","og_site_name":"L\u00d3VA","article_publisher":"https:\/\/www.facebook.com\/proyectolova\/","article_modified_time":"2022-10-14T09:09:39+00:00","og_image":[{"width":600,"height":393,"url":"https:\/\/www.teatroreal.es\/proyectolova\/wp-content\/uploads\/2015\/05\/no-somos-invisibles-pintada-c\u00e1rcel-e1431162837643.jpg","type":"image\/jpeg"}],"twitter_card":"summary_large_image","twitter_site":"@proyectolova","twitter_misc":{"Tiempo de lectura":"1 minuto"},"schema":{"@context":"https:\/\/schema.org","@graph":[{"@type":"WebPage","@id":"https:\/\/www.teatroreal.es\/proyectolova\/el-proyecto\/lova-en-la-carcel\/","url":"https:\/\/www.teatroreal.es\/proyectolova\/el-proyecto\/lova-en-la-carcel\/","name":"L\u00d3VA en la c\u00e1rcel - L\u00d3VA","isPartOf":{"@id":"https:\/\/www.teatroreal.es\/proyectolova\/#website"},"primaryImageOfPage":{"@id":"https:\/\/www.teatroreal.es\/proyectolova\/el-proyecto\/lova-en-la-carcel\/#primaryimage"},"image":{"@id":"https:\/\/www.teatroreal.es\/proyectolova\/el-proyecto\/lova-en-la-carcel\/#primaryimage"},"thumbnailUrl":"https:\/\/www.teatroreal.es\/proyectolova\/wp-content\/uploads\/2019\/01\/ca\u0301rcel-valdemoro-2018.jpg","datePublished":"2015-05-09T09:00:21+00:00","dateModified":"2022-10-14T09:09:39+00:00","description":"L\u00d3VA en la c\u00e1rcel nace en 2012, cuando Miguel Gil y un grupo de voluntari@s llevan el proyecto al m\u00f3dulo terap\u00e9utico del centro penitenciario Madrid III en Valdemoro. Las \u00f3peras se han estrenado en el C\u00edrculo de Bellas Artes de Madrid y en el Sal\u00f3n de Actos del propio Centro Penitenciario.","breadcrumb":{"@id":"https:\/\/www.teatroreal.es\/proyectolova\/el-proyecto\/lova-en-la-carcel\/#breadcrumb"},"inLanguage":"es","potentialAction":[{"@type":"ReadAction","target":["https:\/\/www.teatroreal.es\/proyectolova\/el-proyecto\/lova-en-la-carcel\/"]}]},{"@type":"ImageObject","inLanguage":"es","@id":"https:\/\/www.teatroreal.es\/proyectolova\/el-proyecto\/lova-en-la-carcel\/#primaryimage","url":"https:\/\/www.teatroreal.es\/proyectolova\/wp-content\/uploads\/2019\/01\/ca\u0301rcel-valdemoro-2018.jpg","contentUrl":"https:\/\/www.teatroreal.es\/proyectolova\/wp-content\/uploads\/2019\/01\/ca\u0301rcel-valdemoro-2018.jpg","width":1500,"height":1000},{"@type":"BreadcrumbList","@id":"https:\/\/www.teatroreal.es\/proyectolova\/el-proyecto\/lova-en-la-carcel\/#breadcrumb","itemListElement":[{"@type":"ListItem","position":1,"name":"Portada","item":"https:\/\/www.teatroreal.es\/proyectolova\/"},{"@type":"ListItem","position":2,"name":"El proyecto","item":"https:\/\/www.teatroreal.es\/proyectolova\/?page_id=777"},{"@type":"ListItem","position":3,"name":"L\u00d3VA en la c\u00e1rcel"}]},{"@type":"WebSite","@id":"https:\/\/www.teatroreal.es\/proyectolova\/#website","url":"https:\/\/www.teatroreal.es\/proyectolova\/","name":"L\u00d3VA","description":"La \u00d3pera, un Veh\u00edculo de Aprendizaje","publisher":{"@id":"https:\/\/www.teatroreal.es\/proyectolova\/#organization"},"potentialAction":[{"@type":"SearchAction","target":{"@type":"EntryPoint","urlTemplate":"https:\/\/www.teatroreal.es\/proyectolova\/?s={search_term_string}"},"query-input":{"@type":"PropertyValueSpecification","valueRequired":true,"valueName":"search_term_string"}}],"inLanguage":"es"},{"@type":"Organization","@id":"https:\/\/www.teatroreal.es\/proyectolova\/#organization","name":"L\u00d3VA","url":"https:\/\/www.teatroreal.es\/proyectolova\/","logo":{"@type":"ImageObject","inLanguage":"es","@id":"https:\/\/www.teatroreal.es\/proyectolova\/#\/schema\/logo\/image\/","url":"https:\/\/www.teatroreal.es\/proyectolova\/wp-content\/uploads\/2018\/01\/logo-L\u00d3VA-Marin\u00e9.jpg","contentUrl":"https:\/\/www.teatroreal.es\/proyectolova\/wp-content\/uploads\/2018\/01\/logo-L\u00d3VA-Marin\u00e9.jpg","width":1890,"height":2848,"caption":"L\u00d3VA"},"image":{"@id":"https:\/\/www.teatroreal.es\/proyectolova\/#\/schema\/logo\/image\/"},"sameAs":["https:\/\/www.facebook.com\/proyectolova\/","https:\/\/x.com\/proyectolova","https:\/\/www.instagram.com\/proyectolova\/","https:\/\/www.linkedin.com\/company\/proyectolova\/","https:\/\/www.youtube.com\/user\/mecenartis"]}]}},"_links":{"self":[{"href":"https:\/\/www.teatroreal.es\/proyectolova\/wp-json\/wp\/v2\/pages\/2808","targetHints":{"allow":["GET"]}}],"collection":[{"href":"https:\/\/www.teatroreal.es\/proyectolova\/wp-json\/wp\/v2\/pages"}],"about":[{"href":"https:\/\/www.teatroreal.es\/proyectolova\/wp-json\/wp\/v2\/types\/page"}],"author":[{"embeddable":true,"href":"https:\/\/www.teatroreal.es\/proyectolova\/wp-json\/wp\/v2\/users\/151"}],"replies":[{"embeddable":true,"href":"https:\/\/www.teatroreal.es\/proyectolova\/wp-json\/wp\/v2\/comments?post=2808"}],"version-history":[{"count":20,"href":"https:\/\/www.teatroreal.es\/proyectolova\/wp-json\/wp\/v2\/pages\/2808\/revisions"}],"predecessor-version":[{"id":9359,"href":"https:\/\/www.teatroreal.es\/proyectolova\/wp-json\/wp\/v2\/pages\/2808\/revisions\/9359"}],"up":[{"embeddable":true,"href":"https:\/\/www.teatroreal.es\/proyectolova\/wp-json\/wp\/v2\/pages\/777"}],"wp:featuredmedia":[{"embeddable":true,"href":"https:\/\/www.teatroreal.es\/proyectolova\/wp-json\/wp\/v2\/media\/5158"}],"wp:attachment":[{"href":"https:\/\/www.teatroreal.es\/proyectolova\/wp-json\/wp\/v2\/media?parent=2808"}],"wp:term":[{"taxonomy":"hashtags","embeddable":true,"href":"https:\/\/www.teatroreal.es\/proyectolova\/wp-json\/wp\/v2\/hashtags?post=2808"}],"curies":[{"name":"wp","href":"https:\/\/api.w.org\/{rel}","templated":true}]}}