{"id":3714,"date":"2017-05-10T11:44:15","date_gmt":"2017-05-10T10:44:15","guid":{"rendered":"https:\/\/www.teatroreal.es\/proyectolova\/?page_id=3714"},"modified":"2019-09-05T08:39:36","modified_gmt":"2019-09-05T07:39:36","slug":"a-por-la-gala","status":"publish","type":"page","link":"https:\/\/www.teatroreal.es\/proyectolova\/a-por-la-gala\/","title":{"rendered":"Gala de la Educaci\u00f3n (participantes)"},"content":{"rendered":"<p><b>14:30h. Tupper&#8230; where? Picnic en el Parque de la Monta\u00f1a (Templo de Debod)<\/b><\/p>\n<p>\u00a1\u00a1HEMOS CAMBIADO!!<\/p>\n<p>(\u00bfPor qu\u00e9? Porque el Ayto. no nos hab\u00eda informado que estaba prevista\u00a0una enorme instalaci\u00f3n en el otro sitio)<\/p>\n<p><a href=\"https:\/\/www.google.es\/maps\/place\/Templo+de+Debod\/@40.4212861,-3.7186613,15z\/data=!4m5!3m4!1s0xd42286e8bea1259:0x1d6ad9c64a7706ab!8m2!3d40.4240216!4d-3.7177695?hl=es\">Haz clic aqu\u00ed para verlo en Google Maps<\/a><\/p>\n<p>Trae gorrita y crema solar.<\/p>\n<p>El Templo de Debod est\u00e1 a 15 minutos a pie desde el Teatro Real (ver l\u00ednea de puntos en el mapa)<\/p>\n<p><a class=\"preload\" title=\"\" href=\"https:\/\/www.teatroreal.es\/proyectolova\/wp-content\/uploads\/2017\/05\/Plano-Templo-Debod.jpeg\" rel=\"prettyphoto\"><img fetchpriority=\"high\" decoding=\"async\" class=\"aligncenter wp-image-3935\" src=\"https:\/\/www.teatroreal.es\/proyectolova\/wp-content\/uploads\/2017\/05\/Plano-Templo-Debod-1024x976.jpeg\" alt=\"Plano Templo Debod\" width=\"340\" height=\"324\" srcset=\"https:\/\/www.teatroreal.es\/proyectolova\/wp-content\/uploads\/2017\/05\/Plano-Templo-Debod-1024x976.jpeg 1024w, https:\/\/www.teatroreal.es\/proyectolova\/wp-content\/uploads\/2017\/05\/Plano-Templo-Debod-300x286.jpeg 300w, https:\/\/www.teatroreal.es\/proyectolova\/wp-content\/uploads\/2017\/05\/Plano-Templo-Debod-768x732.jpeg 768w, https:\/\/www.teatroreal.es\/proyectolova\/wp-content\/uploads\/2017\/05\/Plano-Templo-Debod-520x497.jpeg 520w, https:\/\/www.teatroreal.es\/proyectolova\/wp-content\/uploads\/2017\/05\/Plano-Templo-Debod-150x143.jpeg 150w, https:\/\/www.teatroreal.es\/proyectolova\/wp-content\/uploads\/2017\/05\/Plano-Templo-Debod-310x295.jpeg 310w, https:\/\/www.teatroreal.es\/proyectolova\/wp-content\/uploads\/2017\/05\/Plano-Templo-Debod.jpeg 1144w\" sizes=\"(max-width: 340px) 100vw, 340px\" \/><\/a><\/p>\n<p>Comida: trae tu comida y bebida. Tambi\u00e9n puedes comprarla en tiendas o en bares que encontrar\u00e1s en el entorno del Teatro Real o camino del Templo de Debod. Tendr\u00e1s tiempo de sobra. Al cambiar de parque tenemos una zona con m\u00e1s bares, restaurantes y tiendas cerca.<\/p>\n<p>Recogida en autocar: os puede recoger en al calle Ferraz junto al parque, a pocos metros de donde estaremos. Hay una zona reservada a aparcamiento de autocares de viajeros en la calle que rodea el parque (Calle Profesor Mart\u00edn Almagro Basch)<\/p>\n<p>Otros medios de transporte: el Metro m\u00e1s cercano es Plaza de Espa\u00f1a, l\u00edneas 2, 3 y 10.<\/p>\n<p>&nbsp;<\/p>\n<hr \/>\n<p><strong>Gala de la Educaci\u00f3n, 10 a\u00f1os de L\u00d3VA<\/strong><\/p>\n<p>&nbsp;<\/p>\n<p>La gala tiene tres partes, tres partes tiene la gala:<\/p>\n<p>11:00 <strong>La Alfombra M\u00e1gica<\/strong> (salones del Teatro Real)<br \/>\n12:00 <strong>Gala<\/strong> (actuaciones y momentos memorables en la Sala Principal)<br \/>\n14:30 <strong>Tupper&#8230; where?<\/strong> (picnic\u00a0en el Templo de Debod)<\/p>\n<h4>La Alfombra M\u00e1gica (salones del Teatro Real)<\/h4>\n<p>Entrada: 9.30h (recuerda traer impresa tu entrada de la gala)<br \/>\nPuerta: entrada de artistas (calle Arrieta)<br \/>\nA las 10:30\u00a0tienes que tenerlo\u00a0todo preparado para recibir al p\u00fablico<br \/>\nComida\/bebida: no hay comida ni bebida dentro del Teatro Real. Recu\u00e9rdalo para traer algo si vas a tener sed\/hambre.<br \/>\nA las 11:40, seg\u00fan lo que tengas que recoger, prep\u00e1rate para ir a ocupar tu butaca. Deja recogidos\u00a0los materiales y los recoger\u00e1s a la salida<br \/>\nA las 12 todo el mundo sentadito<br \/>\nAl terminar la gala, recoge tus materiales antes de salir<\/p>\n<p>&nbsp;<\/p>\n<h4>Gala (Sala Principal del Teatro Real)<\/h4>\n<p>Participantes: para el ensayo, tienes que estar a las 8:30h en la entrada de artistas (calle Arrieta). No traigas objetos de valor (m\u00f3viles, tabletas, etc.) porque el teatro no se responsabiliza de posibles robos.<br \/>\nSubiremos primero a la sala de coro, que ser\u00e1 nuestro lugar de guardar ropa, bolsas, etc y desde all\u00ed nos repartiremos por camerinos, etc.<br \/>\nComida\/bebida: en el Teatro Real hay m\u00e1quinas con bebidas, pero la cafeter\u00eda estar\u00e1 cerrada. Conviene que traigas monedas para las bebidas y algo de comer.<\/p>\n<p>&nbsp;<\/p>\n<p><b><\/b><strong>Transporte en autocar:<\/strong> os pueden dejar en el subterr\u00e1neo de la Plaza de Oriente (Carrera de San Jer\u00f3nimo) y desde ah\u00ed sub\u00eds por unas escaleras a la misma plaza del Teatro Real. Para recogida del autocar, ver m\u00e1s abajo <em>Tupper&#8230; where?<\/em><\/p>\n<p>Recordad que el Teatro Real est\u00e1\u00a0en zona restringida al tr\u00e1fico. Solamente se puede llegar en transporte p\u00fablico o coches el\u00e9ctricos tipo Car2go o eMov.<\/p>\n<h4><\/h4>\n","protected":false},"excerpt":{"rendered":"<p>14:30h. Tupper&#8230; where? Picnic en el Parque de la Monta\u00f1a (Templo de Debod) \u00a1\u00a1HEMOS CAMBIADO!! (\u00bfPor qu\u00e9? Porque el Ayto. no nos hab\u00eda informado que estaba prevista\u00a0una enorme instalaci\u00f3n en el otro sitio) Haz clic aqu\u00ed para verlo en Google Maps Trae gorrita y crema solar. El Templo de Debod est\u00e1 a 15 minutos a &#8230; <a title=\"Gala de la Educaci\u00f3n (participantes)\" class=\"read-more\" href=\"https:\/\/www.teatroreal.es\/proyectolova\/a-por-la-gala\/\">Read more<\/a><\/p>\n","protected":false},"author":151,"featured_media":3634,"parent":0,"menu_order":0,"comment_status":"closed","ping_status":"closed","template":"","meta":{"footnotes":""},"hashtags":[],"class_list":["post-3714","page","type-page","status-publish","has-post-thumbnail"],"yoast_head":"<!-- This site is optimized with the Yoast SEO plugin v26.8 - https:\/\/yoast.com\/product\/yoast-seo-wordpress\/ -->\n<title>Gala de la Educaci\u00f3n (participantes) - L\u00d3VA<\/title>\n<meta name=\"robots\" content=\"index, follow, max-snippet:-1, max-image-preview:large, max-video-preview:-1\" \/>\n<link rel=\"canonical\" href=\"https:\/\/www.teatroreal.es\/proyectolova\/a-por-la-gala\/\" \/>\n<meta property=\"og:locale\" content=\"es_ES\" \/>\n<meta property=\"og:type\" content=\"article\" \/>\n<meta property=\"og:title\" content=\"Gala de la Educaci\u00f3n (participantes) - L\u00d3VA\" \/>\n<meta property=\"og:description\" content=\"14:30h. Tupper&#8230; where? Picnic en el Parque de la Monta\u00f1a (Templo de Debod) \u00a1\u00a1HEMOS CAMBIADO!! (\u00bfPor qu\u00e9? Porque el Ayto. no nos hab\u00eda informado que estaba prevista\u00a0una enorme instalaci\u00f3n en el otro sitio) Haz clic aqu\u00ed para verlo en Google Maps Trae gorrita y crema solar. El Templo de Debod est\u00e1 a 15 minutos a ... Read more\" \/>\n<meta property=\"og:url\" content=\"https:\/\/www.teatroreal.es\/proyectolova\/a-por-la-gala\/\" \/>\n<meta property=\"og:site_name\" content=\"L\u00d3VA\" \/>\n<meta property=\"article:publisher\" content=\"https:\/\/www.facebook.com\/proyectolova\/\" \/>\n<meta property=\"article:modified_time\" content=\"2019-09-05T07:39:36+00:00\" \/>\n<meta property=\"og:image\" content=\"https:\/\/www.teatroreal.es\/proyectolova\/wp-content\/uploads\/2017\/02\/cropped-para-Twitter.001.jpeg\" \/>\n\t<meta property=\"og:image:width\" content=\"512\" \/>\n\t<meta property=\"og:image:height\" content=\"512\" \/>\n\t<meta property=\"og:image:type\" content=\"image\/jpeg\" \/>\n<meta name=\"twitter:card\" content=\"summary_large_image\" \/>\n<meta name=\"twitter:site\" content=\"@proyectolova\" \/>\n<meta name=\"twitter:label1\" content=\"Tiempo de lectura\" \/>\n\t<meta name=\"twitter:data1\" content=\"2 minutos\" \/>\n<script type=\"application\/ld+json\" class=\"yoast-schema-graph\">{\"@context\":\"https:\/\/schema.org\",\"@graph\":[{\"@type\":\"WebPage\",\"@id\":\"https:\/\/www.teatroreal.es\/proyectolova\/a-por-la-gala\/\",\"url\":\"https:\/\/www.teatroreal.es\/proyectolova\/a-por-la-gala\/\",\"name\":\"Gala de la Educaci\u00f3n (participantes) - L\u00d3VA\",\"isPartOf\":{\"@id\":\"https:\/\/www.teatroreal.es\/proyectolova\/#website\"},\"primaryImageOfPage\":{\"@id\":\"https:\/\/www.teatroreal.es\/proyectolova\/a-por-la-gala\/#primaryimage\"},\"image\":{\"@id\":\"https:\/\/www.teatroreal.es\/proyectolova\/a-por-la-gala\/#primaryimage\"},\"thumbnailUrl\":\"https:\/\/www.teatroreal.es\/proyectolova\/wp-content\/uploads\/2017\/02\/cropped-para-Twitter.001.jpeg\",\"datePublished\":\"2017-05-10T10:44:15+00:00\",\"dateModified\":\"2019-09-05T07:39:36+00:00\",\"breadcrumb\":{\"@id\":\"https:\/\/www.teatroreal.es\/proyectolova\/a-por-la-gala\/#breadcrumb\"},\"inLanguage\":\"es\",\"potentialAction\":[{\"@type\":\"ReadAction\",\"target\":[\"https:\/\/www.teatroreal.es\/proyectolova\/a-por-la-gala\/\"]}]},{\"@type\":\"ImageObject\",\"inLanguage\":\"es\",\"@id\":\"https:\/\/www.teatroreal.es\/proyectolova\/a-por-la-gala\/#primaryimage\",\"url\":\"https:\/\/www.teatroreal.es\/proyectolova\/wp-content\/uploads\/2017\/02\/cropped-para-Twitter.001.jpeg\",\"contentUrl\":\"https:\/\/www.teatroreal.es\/proyectolova\/wp-content\/uploads\/2017\/02\/cropped-para-Twitter.001.jpeg\",\"width\":512,\"height\":512},{\"@type\":\"BreadcrumbList\",\"@id\":\"https:\/\/www.teatroreal.es\/proyectolova\/a-por-la-gala\/#breadcrumb\",\"itemListElement\":[{\"@type\":\"ListItem\",\"position\":1,\"name\":\"Portada\",\"item\":\"https:\/\/www.teatroreal.es\/proyectolova\/\"},{\"@type\":\"ListItem\",\"position\":2,\"name\":\"Gala de la Educaci\u00f3n (participantes)\"}]},{\"@type\":\"WebSite\",\"@id\":\"https:\/\/www.teatroreal.es\/proyectolova\/#website\",\"url\":\"https:\/\/www.teatroreal.es\/proyectolova\/\",\"name\":\"L\u00d3VA\",\"description\":\"La \u00d3pera, un Veh\u00edculo de Aprendizaje\",\"publisher\":{\"@id\":\"https:\/\/www.teatroreal.es\/proyectolova\/#organization\"},\"potentialAction\":[{\"@type\":\"SearchAction\",\"target\":{\"@type\":\"EntryPoint\",\"urlTemplate\":\"https:\/\/www.teatroreal.es\/proyectolova\/?s={search_term_string}\"},\"query-input\":{\"@type\":\"PropertyValueSpecification\",\"valueRequired\":true,\"valueName\":\"search_term_string\"}}],\"inLanguage\":\"es\"},{\"@type\":\"Organization\",\"@id\":\"https:\/\/www.teatroreal.es\/proyectolova\/#organization\",\"name\":\"L\u00d3VA\",\"url\":\"https:\/\/www.teatroreal.es\/proyectolova\/\",\"logo\":{\"@type\":\"ImageObject\",\"inLanguage\":\"es\",\"@id\":\"https:\/\/www.teatroreal.es\/proyectolova\/#\/schema\/logo\/image\/\",\"url\":\"https:\/\/www.teatroreal.es\/proyectolova\/wp-content\/uploads\/2018\/01\/logo-L\u00d3VA-Marin\u00e9.jpg\",\"contentUrl\":\"https:\/\/www.teatroreal.es\/proyectolova\/wp-content\/uploads\/2018\/01\/logo-L\u00d3VA-Marin\u00e9.jpg\",\"width\":1890,\"height\":2848,\"caption\":\"L\u00d3VA\"},\"image\":{\"@id\":\"https:\/\/www.teatroreal.es\/proyectolova\/#\/schema\/logo\/image\/\"},\"sameAs\":[\"https:\/\/www.facebook.com\/proyectolova\/\",\"https:\/\/x.com\/proyectolova\",\"https:\/\/www.instagram.com\/proyectolova\/\",\"https:\/\/www.linkedin.com\/company\/proyectolova\/\",\"https:\/\/www.youtube.com\/user\/mecenartis\"]}]}<\/script>\n<!-- \/ Yoast SEO plugin. -->","yoast_head_json":{"title":"Gala de la Educaci\u00f3n (participantes) - L\u00d3VA","robots":{"index":"index","follow":"follow","max-snippet":"max-snippet:-1","max-image-preview":"max-image-preview:large","max-video-preview":"max-video-preview:-1"},"canonical":"https:\/\/www.teatroreal.es\/proyectolova\/a-por-la-gala\/","og_locale":"es_ES","og_type":"article","og_title":"Gala de la Educaci\u00f3n (participantes) - L\u00d3VA","og_description":"14:30h. Tupper&#8230; where? Picnic en el Parque de la Monta\u00f1a (Templo de Debod) \u00a1\u00a1HEMOS CAMBIADO!! (\u00bfPor qu\u00e9? Porque el Ayto. no nos hab\u00eda informado que estaba prevista\u00a0una enorme instalaci\u00f3n en el otro sitio) Haz clic aqu\u00ed para verlo en Google Maps Trae gorrita y crema solar. El Templo de Debod est\u00e1 a 15 minutos a ... Read more","og_url":"https:\/\/www.teatroreal.es\/proyectolova\/a-por-la-gala\/","og_site_name":"L\u00d3VA","article_publisher":"https:\/\/www.facebook.com\/proyectolova\/","article_modified_time":"2019-09-05T07:39:36+00:00","og_image":[{"width":512,"height":512,"url":"https:\/\/www.teatroreal.es\/proyectolova\/wp-content\/uploads\/2017\/02\/cropped-para-Twitter.001.jpeg","type":"image\/jpeg"}],"twitter_card":"summary_large_image","twitter_site":"@proyectolova","twitter_misc":{"Tiempo de lectura":"2 minutos"},"schema":{"@context":"https:\/\/schema.org","@graph":[{"@type":"WebPage","@id":"https:\/\/www.teatroreal.es\/proyectolova\/a-por-la-gala\/","url":"https:\/\/www.teatroreal.es\/proyectolova\/a-por-la-gala\/","name":"Gala de la Educaci\u00f3n (participantes) - L\u00d3VA","isPartOf":{"@id":"https:\/\/www.teatroreal.es\/proyectolova\/#website"},"primaryImageOfPage":{"@id":"https:\/\/www.teatroreal.es\/proyectolova\/a-por-la-gala\/#primaryimage"},"image":{"@id":"https:\/\/www.teatroreal.es\/proyectolova\/a-por-la-gala\/#primaryimage"},"thumbnailUrl":"https:\/\/www.teatroreal.es\/proyectolova\/wp-content\/uploads\/2017\/02\/cropped-para-Twitter.001.jpeg","datePublished":"2017-05-10T10:44:15+00:00","dateModified":"2019-09-05T07:39:36+00:00","breadcrumb":{"@id":"https:\/\/www.teatroreal.es\/proyectolova\/a-por-la-gala\/#breadcrumb"},"inLanguage":"es","potentialAction":[{"@type":"ReadAction","target":["https:\/\/www.teatroreal.es\/proyectolova\/a-por-la-gala\/"]}]},{"@type":"ImageObject","inLanguage":"es","@id":"https:\/\/www.teatroreal.es\/proyectolova\/a-por-la-gala\/#primaryimage","url":"https:\/\/www.teatroreal.es\/proyectolova\/wp-content\/uploads\/2017\/02\/cropped-para-Twitter.001.jpeg","contentUrl":"https:\/\/www.teatroreal.es\/proyectolova\/wp-content\/uploads\/2017\/02\/cropped-para-Twitter.001.jpeg","width":512,"height":512},{"@type":"BreadcrumbList","@id":"https:\/\/www.teatroreal.es\/proyectolova\/a-por-la-gala\/#breadcrumb","itemListElement":[{"@type":"ListItem","position":1,"name":"Portada","item":"https:\/\/www.teatroreal.es\/proyectolova\/"},{"@type":"ListItem","position":2,"name":"Gala de la Educaci\u00f3n (participantes)"}]},{"@type":"WebSite","@id":"https:\/\/www.teatroreal.es\/proyectolova\/#website","url":"https:\/\/www.teatroreal.es\/proyectolova\/","name":"L\u00d3VA","description":"La \u00d3pera, un Veh\u00edculo de Aprendizaje","publisher":{"@id":"https:\/\/www.teatroreal.es\/proyectolova\/#organization"},"potentialAction":[{"@type":"SearchAction","target":{"@type":"EntryPoint","urlTemplate":"https:\/\/www.teatroreal.es\/proyectolova\/?s={search_term_string}"},"query-input":{"@type":"PropertyValueSpecification","valueRequired":true,"valueName":"search_term_string"}}],"inLanguage":"es"},{"@type":"Organization","@id":"https:\/\/www.teatroreal.es\/proyectolova\/#organization","name":"L\u00d3VA","url":"https:\/\/www.teatroreal.es\/proyectolova\/","logo":{"@type":"ImageObject","inLanguage":"es","@id":"https:\/\/www.teatroreal.es\/proyectolova\/#\/schema\/logo\/image\/","url":"https:\/\/www.teatroreal.es\/proyectolova\/wp-content\/uploads\/2018\/01\/logo-L\u00d3VA-Marin\u00e9.jpg","contentUrl":"https:\/\/www.teatroreal.es\/proyectolova\/wp-content\/uploads\/2018\/01\/logo-L\u00d3VA-Marin\u00e9.jpg","width":1890,"height":2848,"caption":"L\u00d3VA"},"image":{"@id":"https:\/\/www.teatroreal.es\/proyectolova\/#\/schema\/logo\/image\/"},"sameAs":["https:\/\/www.facebook.com\/proyectolova\/","https:\/\/x.com\/proyectolova","https:\/\/www.instagram.com\/proyectolova\/","https:\/\/www.linkedin.com\/company\/proyectolova\/","https:\/\/www.youtube.com\/user\/mecenartis"]}]}},"_links":{"self":[{"href":"https:\/\/www.teatroreal.es\/proyectolova\/wp-json\/wp\/v2\/pages\/3714","targetHints":{"allow":["GET"]}}],"collection":[{"href":"https:\/\/www.teatroreal.es\/proyectolova\/wp-json\/wp\/v2\/pages"}],"about":[{"href":"https:\/\/www.teatroreal.es\/proyectolova\/wp-json\/wp\/v2\/types\/page"}],"author":[{"embeddable":true,"href":"https:\/\/www.teatroreal.es\/proyectolova\/wp-json\/wp\/v2\/users\/151"}],"replies":[{"embeddable":true,"href":"https:\/\/www.teatroreal.es\/proyectolova\/wp-json\/wp\/v2\/comments?post=3714"}],"version-history":[{"count":50,"href":"https:\/\/www.teatroreal.es\/proyectolova\/wp-json\/wp\/v2\/pages\/3714\/revisions"}],"predecessor-version":[{"id":6358,"href":"https:\/\/www.teatroreal.es\/proyectolova\/wp-json\/wp\/v2\/pages\/3714\/revisions\/6358"}],"wp:featuredmedia":[{"embeddable":true,"href":"https:\/\/www.teatroreal.es\/proyectolova\/wp-json\/wp\/v2\/media\/3634"}],"wp:attachment":[{"href":"https:\/\/www.teatroreal.es\/proyectolova\/wp-json\/wp\/v2\/media?parent=3714"}],"wp:term":[{"taxonomy":"hashtags","embeddable":true,"href":"https:\/\/www.teatroreal.es\/proyectolova\/wp-json\/wp\/v2\/hashtags?post=3714"}],"curies":[{"name":"wp","href":"https:\/\/api.w.org\/{rel}","templated":true}]}}