{"id":4294,"date":"2019-01-28T12:19:50","date_gmt":"2019-01-28T11:19:50","guid":{"rendered":"https:\/\/www.teatroreal.es\/proyectolova\/?page_id=4294"},"modified":"2021-05-04T10:37:30","modified_gmt":"2021-05-04T08:37:30","slug":"transparencia","status":"publish","type":"page","link":"https:\/\/www.teatroreal.es\/proyectolova\/transparencia\/","title":{"rendered":"Transparencia"},"content":{"rendered":"\t\t<div data-elementor-type=\"wp-post\" data-elementor-id=\"4294\" class=\"elementor elementor-4294\" data-elementor-post-type=\"page\">\n\t\t\t\t\t\t<section class=\"elementor-section elementor-top-section elementor-element elementor-element-68941b1e elementor-section-boxed elementor-section-height-default elementor-section-height-default qodef-elementor-content-no\" data-id=\"68941b1e\" data-element_type=\"section\">\n\t\t\t\t\t\t<div class=\"elementor-container elementor-column-gap-default\">\n\t\t\t\t\t<div class=\"elementor-column elementor-col-100 elementor-top-column elementor-element elementor-element-4bc276da\" data-id=\"4bc276da\" data-element_type=\"column\">\n\t\t\t<div class=\"elementor-widget-wrap elementor-element-populated\">\n\t\t\t\t\t\t<div class=\"elementor-element elementor-element-197b2e71 elementor-widget elementor-widget-text-editor\" data-id=\"197b2e71\" data-element_type=\"widget\" data-widget_type=\"text-editor.default\">\n\t\t\t\t<div class=\"elementor-widget-container\">\n\t\t\t\t\t\t\t\t\t<p><b>\u00bfC\u00f3mo funciona L\u00d3VA?<\/b><\/p><p>El proyecto L\u00d3VA pertenece a docentes que deciden formarse y llevarlo a cabo en su aula.<\/p><p>El <a href=\"https:\/\/www.teatroreal.es\/proyectolova\/transparencia\/gente-lova\/\">equipo de gesti\u00f3n, <\/a><a href=\"https:\/\/www.teatroreal.es\/proyectolova\/transparencia\/gente-lova\/comite-lova\/\">el comit\u00e9 de coordinaci\u00f3n<\/a><strong> y el consejo asesor de L\u00d3VA<\/strong>\u00a0trabajan para proporcionar desde sus respectivas responsabilidades formaci\u00f3n, recursos y apoyo a la comunidad docente que lleva el proyecto al aula.<\/p><p>El <b>equipo de gesti\u00f3n<\/b> es responsable de la gesti\u00f3n de todas las actividades necesarias para el avance del proyecto: desde esta web hasta cualquiera de las diversas actividades de formaci\u00f3n que definen a L\u00d3VA desde sus inicios.<\/p><p>El <b>comit\u00e9 de coordinaci\u00f3n<\/b> es un grupo de apoyo a la gesti\u00f3n de L\u00d3VA desde el punto de vista pedag\u00f3gico y est\u00e1 formado por personas que se han formado en L\u00d3VA y que tienen una amplia experiencia en el desarrollo del proyecto, en la formaci\u00f3n de profesorado o en ambas cosas a la vez.<\/p><p><span style=\"color: var( --e-global-color-text ); font-family: var( --e-global-typography-text-font-family ), Sans-serif; font-weight: var( --e-global-typography-text-font-weight );\">El <\/span><span style=\"color: var( --e-global-color-text ); font-family: var( --e-global-typography-text-font-family ), Sans-serif; font-weight: var( --e-global-typography-text-font-weight );\"><b>consejo asesor<\/b><\/span><span style=\"color: var( --e-global-color-text ); font-family: var( --e-global-typography-text-font-family ), Sans-serif; font-weight: var( --e-global-typography-text-font-weight );\"> es un \u00f3rgano consultivo cuya principal funci\u00f3n es prestar apoyo al equipo de gesti\u00f3n de L\u00d3VA. Sus miembros se eligen entre personas que desde perfiles muy diversos han apoyado L\u00d3VA y mostrado un inter\u00e9s expl\u00edcito en su expansi\u00f3n. el consejo asesor dio sus primeros pasos en 2021 y sus miembros son:<\/span><\/p><p>Juan Mayorga (presidente), Andrea Gir\u00e1ldez, Estrella L\u00f3pez Aguilar, Pepa Hern\u00e1ndez, Carlos Almela, Miguel Gil y Laura Ba\u00f1uelos<\/p><p>L\u00d3VA persigue fines de inter\u00e9s general y desde sus inicios ofrece un\u00a0<span style=\"font-weight: bold;\">modelo innovador de colaboraci\u00f3n interinstitucional.<\/span>\u00a0que permite conectar en torno a un fin com\u00fan como es la mejora de la educaci\u00f3n a entidades o \u00e1mbitos que no colaboran tanto como ser\u00eda deseable. Por ejemplo, grandes centros de creaci\u00f3n art\u00edstica con administraciones educativas; profesionales de la docencia con profesionales de las artes esc\u00e9nicas, etc.<\/p><p>Consulta la <a href=\"https:\/\/www.teatroreal.es\/proyectolova\/wp-content\/uploads\/2021\/05\/memoria-LO\u0301VA1920.pdf\">memoria de actividades<\/a> de los a\u00f1os 2019\/2020<\/p><p><a title=\"\" href=\"http:\/\/w3.proyectolova.es\/wp-content\/uploads\/2018\/03\/logo-L\u00d3VA-Marin\u00e9-768x1157.jpg\" rel=\"prettyphoto\"><img decoding=\"async\" src=\"http:\/\/w3.proyectolova.es\/wp-content\/uploads\/2018\/03\/logo-L\u00d3VA-Marin\u00e9-768x1157-680x1024.jpg\" alt=\"\" width=\"102\" height=\"154\" \/><\/a><\/p><p><strong><span style=\"color: #000000;\">EN N\u00daMEROS<\/span><\/strong><\/p><p>Las aportaciones econ\u00f3micas recibidas de las instituciones se administran a trav\u00e9s de <strong>L\u00d3VA, una asociaci\u00f3n sin \u00e1nimo de lucro creada en 2010<\/strong> a tal efecto.\u00a0<strong>Las<\/strong> <strong>cuentas de L\u00d3VA son p\u00fablicas y se presentan anualmente.<\/strong><\/p><p>Los fines que persigue el proyecto son los siguientes. Si lo deseas puedes consultar los Estatutos de la Asociaci\u00f3n L\u00d3VA <a href=\"https:\/\/www.teatroreal.es\/proyectolova\/wp-content\/uploads\/2020\/12\/Estatuos-2019-LOVA.pdf\" target=\"_blank\" rel=\"noopener noreferrer\">aqu\u00ed<\/a><\/p><p>1 &#8211; Formaci\u00f3n permanente del profesorado<br \/>2 &#8211; La colaboraci\u00f3n entre profesionales de todas las artes y el \u00e1mbito de la educaci\u00f3n<br \/>3 &#8211; El apoyo a proyectos educativos innovadores relacionados con las artes<br \/>4 &#8211; La defensa de modelos educativos centrados en el alumno<\/p><p>L\u00d3VA se financia a trav\u00e9s de subvenciones p\u00fablicas en p\u00fablica concurrencia para proyectos puntuales, el apoyo de fundaciones, aportaciones y donaciones de amigos de L\u00d3VA y otros ciudadanos an\u00f3nimos y fondos propios provenientes de la organizaci\u00f3n y dise\u00f1o de actividades. Los fondos procedentes de las matr\u00edculas de los cursos de formaci\u00f3n de L\u00d3VA no llegan a cubrir el gasto total del curso pero s\u00ed nos permiten cubrir parte de los gastos de los desplazamientos y de los respectivos servicios como formadores de las dos personas que imparten el curso. La organizaci\u00f3n no dispone de dinero para financiar materiales o personal en los centros educativos, salvo casos muy puntuales.<\/p><p>L\u00d3VA tambi\u00e9n cuenta con una red de apoyo institucional formada, entre otras, por el Teatro Real, Matadero Madrid, el Palau de les Arts, El Centro de Danza Canal y las Consejer\u00edas de Educaci\u00f3n de cuatro CCAA: Comunidad Valenciana, Murcia, Galicia y Madrid<\/p><p>\u00a0<\/p>\t\t\t\t\t\t\t\t<\/div>\n\t\t\t\t<\/div>\n\t\t\t\t\t<\/div>\n\t\t<\/div>\n\t\t\t\t\t<\/div>\n\t\t<\/section>\n\t\t\t\t<\/div>\n\t\t","protected":false},"excerpt":{"rendered":"<p>\u00bfC\u00f3mo funciona L\u00d3VA? El proyecto L\u00d3VA pertenece a docentes que deciden formarse y llevarlo a cabo en su aula. El equipo de gesti\u00f3n, el comit\u00e9 de coordinaci\u00f3n y el consejo asesor de L\u00d3VA\u00a0trabajan para proporcionar desde sus respectivas responsabilidades formaci\u00f3n, recursos y apoyo a la comunidad docente que lleva el proyecto al aula. El equipo &#8230; <a title=\"Transparencia\" class=\"read-more\" href=\"https:\/\/www.teatroreal.es\/proyectolova\/transparencia\/\">Read more<\/a><\/p>\n","protected":false},"author":151,"featured_media":0,"parent":0,"menu_order":0,"comment_status":"closed","ping_status":"closed","template":"","meta":{"footnotes":""},"hashtags":[],"class_list":["post-4294","page","type-page","status-publish"],"yoast_head":"<!-- This site is optimized with the Yoast SEO plugin v26.8 - https:\/\/yoast.com\/product\/yoast-seo-wordpress\/ -->\n<title>Transparencia - L\u00d3VA<\/title>\n<meta name=\"robots\" content=\"index, follow, max-snippet:-1, max-image-preview:large, max-video-preview:-1\" \/>\n<link rel=\"canonical\" href=\"https:\/\/www.teatroreal.es\/proyectolova\/transparencia\/\" \/>\n<meta property=\"og:locale\" content=\"es_ES\" \/>\n<meta property=\"og:type\" content=\"article\" \/>\n<meta property=\"og:title\" content=\"Transparencia - L\u00d3VA\" \/>\n<meta property=\"og:description\" content=\"\u00bfC\u00f3mo funciona L\u00d3VA? El proyecto L\u00d3VA pertenece a docentes que deciden formarse y llevarlo a cabo en su aula. El equipo de gesti\u00f3n, el comit\u00e9 de coordinaci\u00f3n y el consejo asesor de L\u00d3VA\u00a0trabajan para proporcionar desde sus respectivas responsabilidades formaci\u00f3n, recursos y apoyo a la comunidad docente que lleva el proyecto al aula. El equipo ... Read more\" \/>\n<meta property=\"og:url\" content=\"https:\/\/www.teatroreal.es\/proyectolova\/transparencia\/\" \/>\n<meta property=\"og:site_name\" content=\"L\u00d3VA\" \/>\n<meta property=\"article:publisher\" content=\"https:\/\/www.facebook.com\/proyectolova\/\" \/>\n<meta property=\"article:modified_time\" content=\"2021-05-04T08:37:30+00:00\" \/>\n<meta property=\"og:image\" content=\"http:\/\/w3.proyectolova.es\/wp-content\/uploads\/2018\/03\/logo-L\u00d3VA-Marin\u00e9-768x1157-680x1024.jpg\" \/>\n<meta name=\"twitter:card\" content=\"summary_large_image\" \/>\n<meta name=\"twitter:site\" content=\"@proyectolova\" \/>\n<meta name=\"twitter:label1\" content=\"Tiempo de lectura\" \/>\n\t<meta name=\"twitter:data1\" content=\"3 minutos\" \/>\n<script type=\"application\/ld+json\" class=\"yoast-schema-graph\">{\"@context\":\"https:\/\/schema.org\",\"@graph\":[{\"@type\":\"WebPage\",\"@id\":\"https:\/\/www.teatroreal.es\/proyectolova\/transparencia\/\",\"url\":\"https:\/\/www.teatroreal.es\/proyectolova\/transparencia\/\",\"name\":\"Transparencia - L\u00d3VA\",\"isPartOf\":{\"@id\":\"https:\/\/www.teatroreal.es\/proyectolova\/#website\"},\"datePublished\":\"2019-01-28T11:19:50+00:00\",\"dateModified\":\"2021-05-04T08:37:30+00:00\",\"breadcrumb\":{\"@id\":\"https:\/\/www.teatroreal.es\/proyectolova\/transparencia\/#breadcrumb\"},\"inLanguage\":\"es\",\"potentialAction\":[{\"@type\":\"ReadAction\",\"target\":[\"https:\/\/www.teatroreal.es\/proyectolova\/transparencia\/\"]}]},{\"@type\":\"BreadcrumbList\",\"@id\":\"https:\/\/www.teatroreal.es\/proyectolova\/transparencia\/#breadcrumb\",\"itemListElement\":[{\"@type\":\"ListItem\",\"position\":1,\"name\":\"Portada\",\"item\":\"https:\/\/www.teatroreal.es\/proyectolova\/\"},{\"@type\":\"ListItem\",\"position\":2,\"name\":\"Transparencia\"}]},{\"@type\":\"WebSite\",\"@id\":\"https:\/\/www.teatroreal.es\/proyectolova\/#website\",\"url\":\"https:\/\/www.teatroreal.es\/proyectolova\/\",\"name\":\"L\u00d3VA\",\"description\":\"La \u00d3pera, un Veh\u00edculo de Aprendizaje\",\"publisher\":{\"@id\":\"https:\/\/www.teatroreal.es\/proyectolova\/#organization\"},\"potentialAction\":[{\"@type\":\"SearchAction\",\"target\":{\"@type\":\"EntryPoint\",\"urlTemplate\":\"https:\/\/www.teatroreal.es\/proyectolova\/?s={search_term_string}\"},\"query-input\":{\"@type\":\"PropertyValueSpecification\",\"valueRequired\":true,\"valueName\":\"search_term_string\"}}],\"inLanguage\":\"es\"},{\"@type\":\"Organization\",\"@id\":\"https:\/\/www.teatroreal.es\/proyectolova\/#organization\",\"name\":\"L\u00d3VA\",\"url\":\"https:\/\/www.teatroreal.es\/proyectolova\/\",\"logo\":{\"@type\":\"ImageObject\",\"inLanguage\":\"es\",\"@id\":\"https:\/\/www.teatroreal.es\/proyectolova\/#\/schema\/logo\/image\/\",\"url\":\"https:\/\/www.teatroreal.es\/proyectolova\/wp-content\/uploads\/2018\/01\/logo-L\u00d3VA-Marin\u00e9.jpg\",\"contentUrl\":\"https:\/\/www.teatroreal.es\/proyectolova\/wp-content\/uploads\/2018\/01\/logo-L\u00d3VA-Marin\u00e9.jpg\",\"width\":1890,\"height\":2848,\"caption\":\"L\u00d3VA\"},\"image\":{\"@id\":\"https:\/\/www.teatroreal.es\/proyectolova\/#\/schema\/logo\/image\/\"},\"sameAs\":[\"https:\/\/www.facebook.com\/proyectolova\/\",\"https:\/\/x.com\/proyectolova\",\"https:\/\/www.instagram.com\/proyectolova\/\",\"https:\/\/www.linkedin.com\/company\/proyectolova\/\",\"https:\/\/www.youtube.com\/user\/mecenartis\"]}]}<\/script>\n<!-- \/ Yoast SEO plugin. -->","yoast_head_json":{"title":"Transparencia - L\u00d3VA","robots":{"index":"index","follow":"follow","max-snippet":"max-snippet:-1","max-image-preview":"max-image-preview:large","max-video-preview":"max-video-preview:-1"},"canonical":"https:\/\/www.teatroreal.es\/proyectolova\/transparencia\/","og_locale":"es_ES","og_type":"article","og_title":"Transparencia - L\u00d3VA","og_description":"\u00bfC\u00f3mo funciona L\u00d3VA? El proyecto L\u00d3VA pertenece a docentes que deciden formarse y llevarlo a cabo en su aula. El equipo de gesti\u00f3n, el comit\u00e9 de coordinaci\u00f3n y el consejo asesor de L\u00d3VA\u00a0trabajan para proporcionar desde sus respectivas responsabilidades formaci\u00f3n, recursos y apoyo a la comunidad docente que lleva el proyecto al aula. El equipo ... Read more","og_url":"https:\/\/www.teatroreal.es\/proyectolova\/transparencia\/","og_site_name":"L\u00d3VA","article_publisher":"https:\/\/www.facebook.com\/proyectolova\/","article_modified_time":"2021-05-04T08:37:30+00:00","og_image":[{"url":"http:\/\/w3.proyectolova.es\/wp-content\/uploads\/2018\/03\/logo-L\u00d3VA-Marin\u00e9-768x1157-680x1024.jpg","type":"","width":"","height":""}],"twitter_card":"summary_large_image","twitter_site":"@proyectolova","twitter_misc":{"Tiempo de lectura":"3 minutos"},"schema":{"@context":"https:\/\/schema.org","@graph":[{"@type":"WebPage","@id":"https:\/\/www.teatroreal.es\/proyectolova\/transparencia\/","url":"https:\/\/www.teatroreal.es\/proyectolova\/transparencia\/","name":"Transparencia - L\u00d3VA","isPartOf":{"@id":"https:\/\/www.teatroreal.es\/proyectolova\/#website"},"datePublished":"2019-01-28T11:19:50+00:00","dateModified":"2021-05-04T08:37:30+00:00","breadcrumb":{"@id":"https:\/\/www.teatroreal.es\/proyectolova\/transparencia\/#breadcrumb"},"inLanguage":"es","potentialAction":[{"@type":"ReadAction","target":["https:\/\/www.teatroreal.es\/proyectolova\/transparencia\/"]}]},{"@type":"BreadcrumbList","@id":"https:\/\/www.teatroreal.es\/proyectolova\/transparencia\/#breadcrumb","itemListElement":[{"@type":"ListItem","position":1,"name":"Portada","item":"https:\/\/www.teatroreal.es\/proyectolova\/"},{"@type":"ListItem","position":2,"name":"Transparencia"}]},{"@type":"WebSite","@id":"https:\/\/www.teatroreal.es\/proyectolova\/#website","url":"https:\/\/www.teatroreal.es\/proyectolova\/","name":"L\u00d3VA","description":"La \u00d3pera, un Veh\u00edculo de Aprendizaje","publisher":{"@id":"https:\/\/www.teatroreal.es\/proyectolova\/#organization"},"potentialAction":[{"@type":"SearchAction","target":{"@type":"EntryPoint","urlTemplate":"https:\/\/www.teatroreal.es\/proyectolova\/?s={search_term_string}"},"query-input":{"@type":"PropertyValueSpecification","valueRequired":true,"valueName":"search_term_string"}}],"inLanguage":"es"},{"@type":"Organization","@id":"https:\/\/www.teatroreal.es\/proyectolova\/#organization","name":"L\u00d3VA","url":"https:\/\/www.teatroreal.es\/proyectolova\/","logo":{"@type":"ImageObject","inLanguage":"es","@id":"https:\/\/www.teatroreal.es\/proyectolova\/#\/schema\/logo\/image\/","url":"https:\/\/www.teatroreal.es\/proyectolova\/wp-content\/uploads\/2018\/01\/logo-L\u00d3VA-Marin\u00e9.jpg","contentUrl":"https:\/\/www.teatroreal.es\/proyectolova\/wp-content\/uploads\/2018\/01\/logo-L\u00d3VA-Marin\u00e9.jpg","width":1890,"height":2848,"caption":"L\u00d3VA"},"image":{"@id":"https:\/\/www.teatroreal.es\/proyectolova\/#\/schema\/logo\/image\/"},"sameAs":["https:\/\/www.facebook.com\/proyectolova\/","https:\/\/x.com\/proyectolova","https:\/\/www.instagram.com\/proyectolova\/","https:\/\/www.linkedin.com\/company\/proyectolova\/","https:\/\/www.youtube.com\/user\/mecenartis"]}]}},"_links":{"self":[{"href":"https:\/\/www.teatroreal.es\/proyectolova\/wp-json\/wp\/v2\/pages\/4294","targetHints":{"allow":["GET"]}}],"collection":[{"href":"https:\/\/www.teatroreal.es\/proyectolova\/wp-json\/wp\/v2\/pages"}],"about":[{"href":"https:\/\/www.teatroreal.es\/proyectolova\/wp-json\/wp\/v2\/types\/page"}],"author":[{"embeddable":true,"href":"https:\/\/www.teatroreal.es\/proyectolova\/wp-json\/wp\/v2\/users\/151"}],"replies":[{"embeddable":true,"href":"https:\/\/www.teatroreal.es\/proyectolova\/wp-json\/wp\/v2\/comments?post=4294"}],"version-history":[{"count":86,"href":"https:\/\/www.teatroreal.es\/proyectolova\/wp-json\/wp\/v2\/pages\/4294\/revisions"}],"predecessor-version":[{"id":8402,"href":"https:\/\/www.teatroreal.es\/proyectolova\/wp-json\/wp\/v2\/pages\/4294\/revisions\/8402"}],"wp:attachment":[{"href":"https:\/\/www.teatroreal.es\/proyectolova\/wp-json\/wp\/v2\/media?parent=4294"}],"wp:term":[{"taxonomy":"hashtags","embeddable":true,"href":"https:\/\/www.teatroreal.es\/proyectolova\/wp-json\/wp\/v2\/hashtags?post=4294"}],"curies":[{"name":"wp","href":"https:\/\/api.w.org\/{rel}","templated":true}]}}