{"id":4438,"date":"2018-08-23T08:00:47","date_gmt":"2018-08-23T07:00:47","guid":{"rendered":"https:\/\/www.teatroreal.es\/proyectolova\/?page_id=4438"},"modified":"2019-02-26T12:26:16","modified_gmt":"2019-02-26T11:26:16","slug":"lova-en-cifras","status":"publish","type":"page","link":"https:\/\/www.teatroreal.es\/proyectolova\/el-proyecto\/lova-en-cifras\/","title":{"rendered":"L\u00d3VA en cifras"},"content":{"rendered":"<p>El primer grupo de docentes que hizo L\u00d3VA en el curso 2007-08 (Mercedes, Beatriz, Mar\u00eda Jos\u00e9, Vicente, Tamara y Miguel) dio lugar a tres compa\u00f1\u00edas en tres colegios p\u00fablicos de la Comunidad de Madrid. <a href=\"https:\/\/docs.google.com\/spreadsheets\/d\/1LvxUiJy9ae5QKqp-7iQ7nDkl1-CSsMekLMs57KYFlM4\/edit#gid=0\" target=\"_blank\" rel=\"noopener noreferrer\">Hoy son 400 en 15 CCAA<\/a>. De 70 alumnas\/os L\u00d3VA ha pasado a m\u00e1s de 9000. El n\u00famero de espectadores de aquel a\u00f1o, 1350, es hoy de 150.000. En estos a\u00f1os han pasado por nuestros cursos intensivos 500 profesionales y por nuestras muy diversas <a href=\"https:\/\/www.teatroreal.es\/proyectolova\/formacion-curso-lova\/\" target=\"_blank\" rel=\"noopener noreferrer\">actividades formativas<\/a> m\u00e1s de 2000. Vamos a profundizar en estas cifras.<\/p>\n<p><strong>Desde 2007<\/strong>, han hecho L\u00d3VA <strong>9.240 personas:<\/strong><\/p>\n<ul>\n<li><strong>1.400<\/strong> en el <strong>curso 2016-17<\/strong><\/li>\n<li><strong>1.540<\/strong> en el curso <strong>2017-18<\/strong><\/li>\n<\/ul>\n<p>Se han creado <strong>330 compa\u00f1\u00edas<\/strong> y se ha estrenado el mismo n\u00famero de \u00f3peras. Estas 330 \u00f3peras han dado lugar a <strong>990 funciones<\/strong> a las que han asistido <strong>148.500 espectadores.<\/strong><\/p>\n<p>Detr\u00e1s de estas cifras hay cerca de<strong> 500 personas formada<\/strong>s en nuestros cursos,\u00a0la mayor\u00eda docentes:<\/p>\n<ul>\n<li><strong>8 personas<\/strong> formadas en <strong>Washington<\/strong><\/li>\n<li><strong>231\u00a0personas<\/strong> formadas en <strong>10 cursos<\/strong> de <strong>Madrid<\/strong> en el <strong>Teatro Real<\/strong><\/li>\n<li><strong>140 personas<\/strong> formadas en <strong>4 cursos<\/strong> en <strong>Valencia<\/strong>, <strong>3<\/strong> en el <strong>Palau de les Arts<\/strong> y <strong>1<\/strong> en<strong> Castell\u00f3n<\/strong><\/li>\n<li><strong>52\u00a0personas<\/strong> formadas en <strong>2 cursos<\/strong> en <strong>Ferrol<\/strong><\/li>\n<li><strong>37 personas<\/strong> formadas en<strong> 3 ediciones<\/strong> del <strong>proyecto inL\u00d3VA\u00a0<\/strong>y m\u00e1s profesionales que han conocido L\u00d3VA y lo han implementado con ayuda o en colaboraci\u00f3n con compa\u00f1eras\/os que s\u00ed hab\u00edan hecho la formaci\u00f3n<\/li>\n<\/ul>\n<p>L\u00d3VA se ha hecho en Alemania, M\u00e9xico, Estados Unidos,\u00a0<strong>15 CCAA<\/strong> en un total de <strong>120 centros educativos<\/strong>.\u00a0Las comunidades con mayor n\u00famero de \u00f3peras son Madrid, Comunidad Valenciana y Galicia:<\/p>\n<ul>\n<li><strong>171 \u00f3peras<\/strong> en la <strong>Comunidad de Madrid<\/strong><\/li>\n<li><strong>46 \u00f3peras<\/strong> en la <strong>Comunidad Valenciana<\/strong><\/li>\n<li><strong>22 \u00f3peras<\/strong> en <strong>Galicia<\/strong><\/li>\n<\/ul>\n<h6>*Para nuestras cifras, seguimos un c\u00e1lculo en el que la unidad central es la compa\u00f1\u00eda de \u00f3pera. Aunque no son cifras exactas, consideramos que cada compa\u00f1\u00eda tiene una media de 28 alumnas\/os, calculamos que es atendida por un m\u00ednimo de dos docentes y que estrena su \u00f3pera en tres funciones para 450 espectadores (una media de 150 espectadores por funci\u00f3n). La dedicaci\u00f3n lectiva es de seis sesiones semanales, lo que suma una media de 216 sesiones por compa\u00f1\u00eda dedicadas a L\u00d3VA dentro del horario escolar a lo largo de un curso completo (36 semanas).<\/h6>\n","protected":false},"excerpt":{"rendered":"<p>El primer grupo de docentes que hizo L\u00d3VA en el curso 2007-08 (Mercedes, Beatriz, Mar\u00eda Jos\u00e9, Vicente, Tamara y Miguel) dio lugar a tres compa\u00f1\u00edas en tres colegios p\u00fablicos de la Comunidad de Madrid. Hoy son 400 en 15 CCAA. De 70 alumnas\/os L\u00d3VA ha pasado a m\u00e1s de 9000. El n\u00famero de espectadores de &#8230; <a title=\"L\u00d3VA en cifras\" class=\"read-more\" href=\"https:\/\/www.teatroreal.es\/proyectolova\/el-proyecto\/lova-en-cifras\/\">Read more<\/a><\/p>\n","protected":false},"author":151,"featured_media":5092,"parent":777,"menu_order":0,"comment_status":"closed","ping_status":"closed","template":"","meta":{"footnotes":""},"hashtags":[],"class_list":["post-4438","page","type-page","status-publish","has-post-thumbnail"],"yoast_head":"<!-- This site is optimized with the Yoast SEO plugin v26.8 - https:\/\/yoast.com\/product\/yoast-seo-wordpress\/ -->\n<title>L\u00d3VA en cifras - L\u00d3VA<\/title>\n<meta name=\"description\" content=\"Desde 2007, han hecho L\u00d3VA 9.240 personas. Se han creado 330 compa\u00f1\u00edas y se ha estrenado el mismo n\u00famero de \u00f3peras. Estas 330 \u00f3peras han dado lugar a 990 funciones a las que han asistido 148.500 espectadores. Por nuestros cursos intensivos han pasado 500 profesionales. Conoce las cifras de L\u00d3VA.\" \/>\n<meta name=\"robots\" content=\"index, follow, max-snippet:-1, max-image-preview:large, max-video-preview:-1\" \/>\n<link rel=\"canonical\" href=\"https:\/\/www.teatroreal.es\/proyectolova\/el-proyecto\/lova-en-cifras\/\" \/>\n<meta property=\"og:locale\" content=\"es_ES\" \/>\n<meta property=\"og:type\" content=\"article\" \/>\n<meta property=\"og:title\" content=\"L\u00d3VA en cifras - L\u00d3VA\" \/>\n<meta property=\"og:description\" content=\"Desde 2007, han hecho L\u00d3VA 9.240 personas. Se han creado 330 compa\u00f1\u00edas y se ha estrenado el mismo n\u00famero de \u00f3peras. Estas 330 \u00f3peras han dado lugar a 990 funciones a las que han asistido 148.500 espectadores. Por nuestros cursos intensivos han pasado 500 profesionales. Conoce las cifras de L\u00d3VA.\" \/>\n<meta property=\"og:url\" content=\"https:\/\/www.teatroreal.es\/proyectolova\/el-proyecto\/lova-en-cifras\/\" \/>\n<meta property=\"og:site_name\" content=\"L\u00d3VA\" \/>\n<meta property=\"article:publisher\" content=\"https:\/\/www.facebook.com\/proyectolova\/\" \/>\n<meta property=\"article:modified_time\" content=\"2019-02-26T11:26:16+00:00\" \/>\n<meta property=\"og:image\" content=\"https:\/\/www.teatroreal.es\/proyectolova\/wp-content\/uploads\/2019\/01\/foto-Fuencisla-sombrero-Gayarre-188.jpg\" \/>\n\t<meta property=\"og:image:width\" content=\"5760\" \/>\n\t<meta property=\"og:image:height\" content=\"3840\" \/>\n\t<meta property=\"og:image:type\" content=\"image\/jpeg\" \/>\n<meta name=\"twitter:card\" content=\"summary_large_image\" \/>\n<meta name=\"twitter:site\" content=\"@proyectolova\" \/>\n<meta name=\"twitter:label1\" content=\"Tiempo de lectura\" \/>\n\t<meta name=\"twitter:data1\" content=\"2 minutos\" \/>\n<script type=\"application\/ld+json\" class=\"yoast-schema-graph\">{\"@context\":\"https:\/\/schema.org\",\"@graph\":[{\"@type\":\"WebPage\",\"@id\":\"https:\/\/www.teatroreal.es\/proyectolova\/el-proyecto\/lova-en-cifras\/\",\"url\":\"https:\/\/www.teatroreal.es\/proyectolova\/el-proyecto\/lova-en-cifras\/\",\"name\":\"L\u00d3VA en cifras - L\u00d3VA\",\"isPartOf\":{\"@id\":\"https:\/\/www.teatroreal.es\/proyectolova\/#website\"},\"primaryImageOfPage\":{\"@id\":\"https:\/\/www.teatroreal.es\/proyectolova\/el-proyecto\/lova-en-cifras\/#primaryimage\"},\"image\":{\"@id\":\"https:\/\/www.teatroreal.es\/proyectolova\/el-proyecto\/lova-en-cifras\/#primaryimage\"},\"thumbnailUrl\":\"https:\/\/www.teatroreal.es\/proyectolova\/wp-content\/uploads\/2019\/01\/foto-Fuencisla-sombrero-Gayarre-188.jpg\",\"datePublished\":\"2018-08-23T07:00:47+00:00\",\"dateModified\":\"2019-02-26T11:26:16+00:00\",\"description\":\"Desde 2007, han hecho L\u00d3VA 9.240 personas. Se han creado 330 compa\u00f1\u00edas y se ha estrenado el mismo n\u00famero de \u00f3peras. Estas 330 \u00f3peras han dado lugar a 990 funciones a las que han asistido 148.500 espectadores. Por nuestros cursos intensivos han pasado 500 profesionales. Conoce las cifras de L\u00d3VA.\",\"breadcrumb\":{\"@id\":\"https:\/\/www.teatroreal.es\/proyectolova\/el-proyecto\/lova-en-cifras\/#breadcrumb\"},\"inLanguage\":\"es\",\"potentialAction\":[{\"@type\":\"ReadAction\",\"target\":[\"https:\/\/www.teatroreal.es\/proyectolova\/el-proyecto\/lova-en-cifras\/\"]}]},{\"@type\":\"ImageObject\",\"inLanguage\":\"es\",\"@id\":\"https:\/\/www.teatroreal.es\/proyectolova\/el-proyecto\/lova-en-cifras\/#primaryimage\",\"url\":\"https:\/\/www.teatroreal.es\/proyectolova\/wp-content\/uploads\/2019\/01\/foto-Fuencisla-sombrero-Gayarre-188.jpg\",\"contentUrl\":\"https:\/\/www.teatroreal.es\/proyectolova\/wp-content\/uploads\/2019\/01\/foto-Fuencisla-sombrero-Gayarre-188.jpg\",\"width\":5760,\"height\":3840},{\"@type\":\"BreadcrumbList\",\"@id\":\"https:\/\/www.teatroreal.es\/proyectolova\/el-proyecto\/lova-en-cifras\/#breadcrumb\",\"itemListElement\":[{\"@type\":\"ListItem\",\"position\":1,\"name\":\"Portada\",\"item\":\"https:\/\/www.teatroreal.es\/proyectolova\/\"},{\"@type\":\"ListItem\",\"position\":2,\"name\":\"El proyecto\",\"item\":\"https:\/\/www.teatroreal.es\/proyectolova\/?page_id=777\"},{\"@type\":\"ListItem\",\"position\":3,\"name\":\"L\u00d3VA en cifras\"}]},{\"@type\":\"WebSite\",\"@id\":\"https:\/\/www.teatroreal.es\/proyectolova\/#website\",\"url\":\"https:\/\/www.teatroreal.es\/proyectolova\/\",\"name\":\"L\u00d3VA\",\"description\":\"La \u00d3pera, un Veh\u00edculo de Aprendizaje\",\"publisher\":{\"@id\":\"https:\/\/www.teatroreal.es\/proyectolova\/#organization\"},\"potentialAction\":[{\"@type\":\"SearchAction\",\"target\":{\"@type\":\"EntryPoint\",\"urlTemplate\":\"https:\/\/www.teatroreal.es\/proyectolova\/?s={search_term_string}\"},\"query-input\":{\"@type\":\"PropertyValueSpecification\",\"valueRequired\":true,\"valueName\":\"search_term_string\"}}],\"inLanguage\":\"es\"},{\"@type\":\"Organization\",\"@id\":\"https:\/\/www.teatroreal.es\/proyectolova\/#organization\",\"name\":\"L\u00d3VA\",\"url\":\"https:\/\/www.teatroreal.es\/proyectolova\/\",\"logo\":{\"@type\":\"ImageObject\",\"inLanguage\":\"es\",\"@id\":\"https:\/\/www.teatroreal.es\/proyectolova\/#\/schema\/logo\/image\/\",\"url\":\"https:\/\/www.teatroreal.es\/proyectolova\/wp-content\/uploads\/2018\/01\/logo-L\u00d3VA-Marin\u00e9.jpg\",\"contentUrl\":\"https:\/\/www.teatroreal.es\/proyectolova\/wp-content\/uploads\/2018\/01\/logo-L\u00d3VA-Marin\u00e9.jpg\",\"width\":1890,\"height\":2848,\"caption\":\"L\u00d3VA\"},\"image\":{\"@id\":\"https:\/\/www.teatroreal.es\/proyectolova\/#\/schema\/logo\/image\/\"},\"sameAs\":[\"https:\/\/www.facebook.com\/proyectolova\/\",\"https:\/\/x.com\/proyectolova\",\"https:\/\/www.instagram.com\/proyectolova\/\",\"https:\/\/www.linkedin.com\/company\/proyectolova\/\",\"https:\/\/www.youtube.com\/user\/mecenartis\"]}]}<\/script>\n<!-- \/ Yoast SEO plugin. -->","yoast_head_json":{"title":"L\u00d3VA en cifras - L\u00d3VA","description":"Desde 2007, han hecho L\u00d3VA 9.240 personas. Se han creado 330 compa\u00f1\u00edas y se ha estrenado el mismo n\u00famero de \u00f3peras. Estas 330 \u00f3peras han dado lugar a 990 funciones a las que han asistido 148.500 espectadores. Por nuestros cursos intensivos han pasado 500 profesionales. Conoce las cifras de L\u00d3VA.","robots":{"index":"index","follow":"follow","max-snippet":"max-snippet:-1","max-image-preview":"max-image-preview:large","max-video-preview":"max-video-preview:-1"},"canonical":"https:\/\/www.teatroreal.es\/proyectolova\/el-proyecto\/lova-en-cifras\/","og_locale":"es_ES","og_type":"article","og_title":"L\u00d3VA en cifras - L\u00d3VA","og_description":"Desde 2007, han hecho L\u00d3VA 9.240 personas. Se han creado 330 compa\u00f1\u00edas y se ha estrenado el mismo n\u00famero de \u00f3peras. Estas 330 \u00f3peras han dado lugar a 990 funciones a las que han asistido 148.500 espectadores. Por nuestros cursos intensivos han pasado 500 profesionales. Conoce las cifras de L\u00d3VA.","og_url":"https:\/\/www.teatroreal.es\/proyectolova\/el-proyecto\/lova-en-cifras\/","og_site_name":"L\u00d3VA","article_publisher":"https:\/\/www.facebook.com\/proyectolova\/","article_modified_time":"2019-02-26T11:26:16+00:00","og_image":[{"width":5760,"height":3840,"url":"https:\/\/www.teatroreal.es\/proyectolova\/wp-content\/uploads\/2019\/01\/foto-Fuencisla-sombrero-Gayarre-188.jpg","type":"image\/jpeg"}],"twitter_card":"summary_large_image","twitter_site":"@proyectolova","twitter_misc":{"Tiempo de lectura":"2 minutos"},"schema":{"@context":"https:\/\/schema.org","@graph":[{"@type":"WebPage","@id":"https:\/\/www.teatroreal.es\/proyectolova\/el-proyecto\/lova-en-cifras\/","url":"https:\/\/www.teatroreal.es\/proyectolova\/el-proyecto\/lova-en-cifras\/","name":"L\u00d3VA en cifras - L\u00d3VA","isPartOf":{"@id":"https:\/\/www.teatroreal.es\/proyectolova\/#website"},"primaryImageOfPage":{"@id":"https:\/\/www.teatroreal.es\/proyectolova\/el-proyecto\/lova-en-cifras\/#primaryimage"},"image":{"@id":"https:\/\/www.teatroreal.es\/proyectolova\/el-proyecto\/lova-en-cifras\/#primaryimage"},"thumbnailUrl":"https:\/\/www.teatroreal.es\/proyectolova\/wp-content\/uploads\/2019\/01\/foto-Fuencisla-sombrero-Gayarre-188.jpg","datePublished":"2018-08-23T07:00:47+00:00","dateModified":"2019-02-26T11:26:16+00:00","description":"Desde 2007, han hecho L\u00d3VA 9.240 personas. Se han creado 330 compa\u00f1\u00edas y se ha estrenado el mismo n\u00famero de \u00f3peras. Estas 330 \u00f3peras han dado lugar a 990 funciones a las que han asistido 148.500 espectadores. Por nuestros cursos intensivos han pasado 500 profesionales. Conoce las cifras de L\u00d3VA.","breadcrumb":{"@id":"https:\/\/www.teatroreal.es\/proyectolova\/el-proyecto\/lova-en-cifras\/#breadcrumb"},"inLanguage":"es","potentialAction":[{"@type":"ReadAction","target":["https:\/\/www.teatroreal.es\/proyectolova\/el-proyecto\/lova-en-cifras\/"]}]},{"@type":"ImageObject","inLanguage":"es","@id":"https:\/\/www.teatroreal.es\/proyectolova\/el-proyecto\/lova-en-cifras\/#primaryimage","url":"https:\/\/www.teatroreal.es\/proyectolova\/wp-content\/uploads\/2019\/01\/foto-Fuencisla-sombrero-Gayarre-188.jpg","contentUrl":"https:\/\/www.teatroreal.es\/proyectolova\/wp-content\/uploads\/2019\/01\/foto-Fuencisla-sombrero-Gayarre-188.jpg","width":5760,"height":3840},{"@type":"BreadcrumbList","@id":"https:\/\/www.teatroreal.es\/proyectolova\/el-proyecto\/lova-en-cifras\/#breadcrumb","itemListElement":[{"@type":"ListItem","position":1,"name":"Portada","item":"https:\/\/www.teatroreal.es\/proyectolova\/"},{"@type":"ListItem","position":2,"name":"El proyecto","item":"https:\/\/www.teatroreal.es\/proyectolova\/?page_id=777"},{"@type":"ListItem","position":3,"name":"L\u00d3VA en cifras"}]},{"@type":"WebSite","@id":"https:\/\/www.teatroreal.es\/proyectolova\/#website","url":"https:\/\/www.teatroreal.es\/proyectolova\/","name":"L\u00d3VA","description":"La \u00d3pera, un Veh\u00edculo de Aprendizaje","publisher":{"@id":"https:\/\/www.teatroreal.es\/proyectolova\/#organization"},"potentialAction":[{"@type":"SearchAction","target":{"@type":"EntryPoint","urlTemplate":"https:\/\/www.teatroreal.es\/proyectolova\/?s={search_term_string}"},"query-input":{"@type":"PropertyValueSpecification","valueRequired":true,"valueName":"search_term_string"}}],"inLanguage":"es"},{"@type":"Organization","@id":"https:\/\/www.teatroreal.es\/proyectolova\/#organization","name":"L\u00d3VA","url":"https:\/\/www.teatroreal.es\/proyectolova\/","logo":{"@type":"ImageObject","inLanguage":"es","@id":"https:\/\/www.teatroreal.es\/proyectolova\/#\/schema\/logo\/image\/","url":"https:\/\/www.teatroreal.es\/proyectolova\/wp-content\/uploads\/2018\/01\/logo-L\u00d3VA-Marin\u00e9.jpg","contentUrl":"https:\/\/www.teatroreal.es\/proyectolova\/wp-content\/uploads\/2018\/01\/logo-L\u00d3VA-Marin\u00e9.jpg","width":1890,"height":2848,"caption":"L\u00d3VA"},"image":{"@id":"https:\/\/www.teatroreal.es\/proyectolova\/#\/schema\/logo\/image\/"},"sameAs":["https:\/\/www.facebook.com\/proyectolova\/","https:\/\/x.com\/proyectolova","https:\/\/www.instagram.com\/proyectolova\/","https:\/\/www.linkedin.com\/company\/proyectolova\/","https:\/\/www.youtube.com\/user\/mecenartis"]}]}},"_links":{"self":[{"href":"https:\/\/www.teatroreal.es\/proyectolova\/wp-json\/wp\/v2\/pages\/4438","targetHints":{"allow":["GET"]}}],"collection":[{"href":"https:\/\/www.teatroreal.es\/proyectolova\/wp-json\/wp\/v2\/pages"}],"about":[{"href":"https:\/\/www.teatroreal.es\/proyectolova\/wp-json\/wp\/v2\/types\/page"}],"author":[{"embeddable":true,"href":"https:\/\/www.teatroreal.es\/proyectolova\/wp-json\/wp\/v2\/users\/151"}],"replies":[{"embeddable":true,"href":"https:\/\/www.teatroreal.es\/proyectolova\/wp-json\/wp\/v2\/comments?post=4438"}],"version-history":[{"count":24,"href":"https:\/\/www.teatroreal.es\/proyectolova\/wp-json\/wp\/v2\/pages\/4438\/revisions"}],"predecessor-version":[{"id":5655,"href":"https:\/\/www.teatroreal.es\/proyectolova\/wp-json\/wp\/v2\/pages\/4438\/revisions\/5655"}],"up":[{"embeddable":true,"href":"https:\/\/www.teatroreal.es\/proyectolova\/wp-json\/wp\/v2\/pages\/777"}],"wp:featuredmedia":[{"embeddable":true,"href":"https:\/\/www.teatroreal.es\/proyectolova\/wp-json\/wp\/v2\/media\/5092"}],"wp:attachment":[{"href":"https:\/\/www.teatroreal.es\/proyectolova\/wp-json\/wp\/v2\/media?parent=4438"}],"wp:term":[{"taxonomy":"hashtags","embeddable":true,"href":"https:\/\/www.teatroreal.es\/proyectolova\/wp-json\/wp\/v2\/hashtags?post=4438"}],"curies":[{"name":"wp","href":"https:\/\/api.w.org\/{rel}","templated":true}]}}