{"id":4671,"date":"2018-10-05T12:43:23","date_gmt":"2018-10-05T11:43:23","guid":{"rendered":"https:\/\/www.teatroreal.es\/proyectolova\/?page_id=4671"},"modified":"2020-04-16T18:10:36","modified_gmt":"2020-04-16T17:10:36","slug":"chamberi-centro-danza-canal-viernes-26-de-1830-a-2100h","status":"publish","type":"page","link":"https:\/\/www.teatroreal.es\/proyectolova\/chamberi-centro-danza-canal-viernes-26-de-1830-a-2100h\/","title":{"rendered":""},"content":{"rendered":"<h1><\/h1>\n<hr \/>\n<h2>Danza Balfolk: del reconocimiento individual al colectivo<\/h2>\n<p>&nbsp;<\/p>\n<p><strong>lugar\u00a0<\/strong>Chamber\u00ed- <a href=\"http:\/\/www.teatroscanal.com\/centro-danza-madrid\/\" target=\"_blank\" rel=\"noopener noreferrer\">Centro Danza Canal<\/a><br \/>\n<strong>fecha<\/strong>\u00a0viernes, 26 de octubre<br \/>\n<b>hora\u00a0<\/b>de 18:30 a 21:00 horas<\/p>\n<p><strong>descripci\u00f3n<\/strong><br \/>\nEl balfolk es una danza que nos identifica con la ra\u00edz y que nos conecta con la fuerza del colectivo. La danza entendida como una celebraci\u00f3n de la vida, como una fuente de historia que nos aporta identidad. La danza unida a la m\u00fasica para el encuentro con uno mismo, con el grupo, para la creaci\u00f3n conjunta. Son danzas grupales y de pareja concebidas para el disfrute de reconocernos vivos en un cuerpo que late al ritmo de los sonidos de siempre.<\/p>\n<p><strong><a class=\"preload\" title=\"\" href=\"https:\/\/www.teatroreal.es\/proyectolova\/wp-content\/uploads\/2018\/10\/300dpi_10-13-06-2011-187-Editar.jpg\" rel=\"prettyphoto\"><img fetchpriority=\"high\" decoding=\"async\" class=\"alignleft wp-image-4673 size-medium\" src=\"https:\/\/www.teatroreal.es\/proyectolova\/wp-content\/uploads\/2018\/10\/300dpi_10-13-06-2011-187-Editar-225x300.jpg\" alt=\"\" width=\"225\" height=\"300\" srcset=\"https:\/\/www.teatroreal.es\/proyectolova\/wp-content\/uploads\/2018\/10\/300dpi_10-13-06-2011-187-Editar-225x300.jpg 225w, https:\/\/www.teatroreal.es\/proyectolova\/wp-content\/uploads\/2018\/10\/300dpi_10-13-06-2011-187-Editar-768x1024.jpg 768w, https:\/\/www.teatroreal.es\/proyectolova\/wp-content\/uploads\/2018\/10\/300dpi_10-13-06-2011-187-Editar-150x200.jpg 150w, https:\/\/www.teatroreal.es\/proyectolova\/wp-content\/uploads\/2018\/10\/300dpi_10-13-06-2011-187-Editar-310x413.jpg 310w, https:\/\/www.teatroreal.es\/proyectolova\/wp-content\/uploads\/2018\/10\/300dpi_10-13-06-2011-187-Editar.jpg 1944w\" sizes=\"(max-width: 225px) 100vw, 225px\" \/><\/a><\/strong><\/p>\n<p><strong>impartido por<\/strong><\/p>\n<p><strong>Sonia Luchena Gigante.<\/strong> Conoc\u00ed la danza a los 4 a\u00f1os cuando comenc\u00e9 mis estudios de ballet cl\u00e1sico espa\u00f1ol. Despu\u00e9s de una larga trayectoria en esta disciplina tan marcada, emprend\u00ed un camino de b\u00fasqueda que me llev\u00f3 hace 11 a\u00f1os a conocer el balfolk en festivales europeos. Qued\u00e9 atrapada en la autenticidad del encuentro en la danza y la resonancia con unos sonidos que cobraban todo el sentido para m\u00ed. Desde entonces, imparto talleres para grandes y peque\u00f1os, en festivales, colegios, museos, plazas&#8230; Formo parte del equipo organizador de <a href=\"http:\/\/www.folkarria.es\/2018\/index.html\" target=\"_blank\" rel=\"noopener noreferrer\">Folkarria<\/a>, un festival dedicado a la difusi\u00f3n del balfolk en Espa\u00f1a, y combino esta pasi\u00f3n con otras, como son mi trabajo como actriz y formadora.<\/p>\n<p><iframe title=\"teaser &quot;The Grand Bal&quot;\/ english\" width=\"1200\" height=\"675\" src=\"https:\/\/www.youtube.com\/embed\/ZzDSRCGOwRI?feature=oembed&#038;enablejsapi=1&#038;origin=https:\/\/www.teatroreal.es\/proyectolova\" frameborder=\"0\" allow=\"accelerometer; autoplay; encrypted-media; gyroscope; picture-in-picture\" allowfullscreen><\/iframe><\/p>\n<hr \/>\n<h2>Rueda de Casino, salsa!<\/h2>\n<p>&nbsp;<\/p>\n<p><strong>lugar\u00a0<\/strong>Chamber\u00ed- <a href=\"http:\/\/www.teatroscanal.com\/centro-danza-madrid\/\" target=\"_blank\" rel=\"noopener noreferrer\">Centro Danza Canal<\/a><br \/>\n<strong>fecha<\/strong>\u00a0viernes, 26 de octubre<br \/>\n<b>hora\u00a0<\/b>de 18:30 a 21:00 horas<\/p>\n<p><strong>descripci\u00f3n<\/strong><br \/>\nLa rueda de casino naci\u00f3 en Cuba en la d\u00e9cada de los 50. Su nombre se debe a que surgi\u00f3 y se bail\u00f3 por primera vez en el Club Casino Deportivo de este pa\u00eds. La rueda la forman parejas de bailarines en un n\u00famero indeterminado que realizan figuras de baile combinadas entre ellos. Como la rueda la integran varias parejas, se hace necesario poner nombre a las figuras de baile con la finalidad de que sean entendidas por todos. Algunos nombres de las figuras son muy graciosos, haciendo del aprendizaje algo muy entretenido y sencillo.<\/p>\n<p>Ven a bailar con nosotros salsa y aprende patrones b\u00e1sicos de movimiento propios de este bonito y elegante estilo, adquiriendo las herramientas elementales para salir a la pista sin inhibiciones.<\/p>\n<p><strong><a class=\"preload\" title=\"\" href=\"https:\/\/www.teatroreal.es\/proyectolova\/wp-content\/uploads\/2018\/10\/clasesalsabachatamadrid.jpg\" rel=\"prettyphoto\"><img decoding=\"async\" class=\"wp-image-4679 size-medium alignleft\" src=\"https:\/\/www.teatroreal.es\/proyectolova\/wp-content\/uploads\/2018\/10\/clasesalsabachatamadrid-300x207.jpg\" alt=\"\" width=\"300\" height=\"207\" srcset=\"https:\/\/www.teatroreal.es\/proyectolova\/wp-content\/uploads\/2018\/10\/clasesalsabachatamadrid-300x207.jpg 300w, https:\/\/www.teatroreal.es\/proyectolova\/wp-content\/uploads\/2018\/10\/clasesalsabachatamadrid-150x104.jpg 150w, https:\/\/www.teatroreal.es\/proyectolova\/wp-content\/uploads\/2018\/10\/clasesalsabachatamadrid-310x214.jpg 310w, https:\/\/www.teatroreal.es\/proyectolova\/wp-content\/uploads\/2018\/10\/clasesalsabachatamadrid.jpg 680w\" sizes=\"(max-width: 300px) 100vw, 300px\" \/><\/a><\/strong><\/p>\n<p><strong>impartido por<\/strong><\/p>\n<p><strong>Gustavo Ayala:<\/strong> Nac\u00ed en Caracas, Venezuela y llevo a\u00f1os bailando salsa. Lo que m\u00e1s me gusta de bailar es lo agradable y divertido que resulta conocer nuevas personas. La diversidad de amistades y relaciones que surgen gracias al baile creo que ning\u00fan otro hobbie puede igualar. Pienso que, de los estilos de baile que conozco, la salsa, en especial la rueda de casino, es el rey de la diversidad. Ver ni\u00f1os, j\u00f3venes, adultos y hasta abuelos bailando y compartiendo juntos como amigos es algo maravilloso e indescriptible. El baile trajo mucha alegr\u00eda a mi vida y la rueda de casino una familia de amigos que no deja de crecer.<\/p>\n<p><a href=\"https:\/\/www.teatroreal.es\/proyectolova\/formacion-curso-lova\/formacion-aprendanza-2\/\" target=\"_blank\" rel=\"noopener noreferrer\">*Volver al programa de aprendanza<\/a><\/p>\n","protected":false},"excerpt":{"rendered":"<p>Danza Balfolk: del reconocimiento individual al colectivo &nbsp; lugar\u00a0Chamber\u00ed- Centro Danza Canal fecha\u00a0viernes, 26 de octubre hora\u00a0de 18:30 a 21:00 horas descripci\u00f3n El balfolk es una danza que nos identifica con la ra\u00edz y que nos conecta con la fuerza del colectivo. La danza entendida como una celebraci\u00f3n de la vida, como una fuente de &#8230; <a title=\"\" class=\"read-more\" href=\"https:\/\/www.teatroreal.es\/proyectolova\/chamberi-centro-danza-canal-viernes-26-de-1830-a-2100h\/\">Read more<\/a><\/p>\n","protected":false},"author":151,"featured_media":0,"parent":0,"menu_order":0,"comment_status":"closed","ping_status":"closed","template":"","meta":{"footnotes":""},"hashtags":[],"class_list":["post-4671","page","type-page","status-publish"],"yoast_head":"<!-- This site is optimized with the Yoast SEO plugin v26.8 - https:\/\/yoast.com\/product\/yoast-seo-wordpress\/ -->\n<title>- L\u00d3VA<\/title>\n<meta name=\"robots\" content=\"index, follow, max-snippet:-1, max-image-preview:large, max-video-preview:-1\" \/>\n<link rel=\"canonical\" href=\"https:\/\/www.teatroreal.es\/proyectolova\/chamberi-centro-danza-canal-viernes-26-de-1830-a-2100h\/\" \/>\n<meta property=\"og:locale\" content=\"es_ES\" \/>\n<meta property=\"og:type\" content=\"article\" \/>\n<meta property=\"og:title\" content=\"- L\u00d3VA\" \/>\n<meta property=\"og:description\" content=\"Danza Balfolk: del reconocimiento individual al colectivo &nbsp; lugar\u00a0Chamber\u00ed- Centro Danza Canal fecha\u00a0viernes, 26 de octubre hora\u00a0de 18:30 a 21:00 horas descripci\u00f3n El balfolk es una danza que nos identifica con la ra\u00edz y que nos conecta con la fuerza del colectivo. La danza entendida como una celebraci\u00f3n de la vida, como una fuente de ... Read more\" \/>\n<meta property=\"og:url\" content=\"https:\/\/www.teatroreal.es\/proyectolova\/chamberi-centro-danza-canal-viernes-26-de-1830-a-2100h\/\" \/>\n<meta property=\"og:site_name\" content=\"L\u00d3VA\" \/>\n<meta property=\"article:publisher\" content=\"https:\/\/www.facebook.com\/proyectolova\/\" \/>\n<meta property=\"article:modified_time\" content=\"2020-04-16T17:10:36+00:00\" \/>\n<meta property=\"og:image\" content=\"https:\/\/www.teatroreal.es\/proyectolova\/wp-content\/uploads\/2018\/10\/300dpi_10-13-06-2011-187-Editar-225x300.jpg\" \/>\n<meta name=\"twitter:card\" content=\"summary_large_image\" \/>\n<meta name=\"twitter:site\" content=\"@proyectolova\" \/>\n<meta name=\"twitter:label1\" content=\"Tiempo de lectura\" \/>\n\t<meta name=\"twitter:data1\" content=\"3 minutos\" \/>\n<script type=\"application\/ld+json\" class=\"yoast-schema-graph\">{\"@context\":\"https:\/\/schema.org\",\"@graph\":[{\"@type\":\"WebPage\",\"@id\":\"https:\/\/www.teatroreal.es\/proyectolova\/chamberi-centro-danza-canal-viernes-26-de-1830-a-2100h\/\",\"url\":\"https:\/\/www.teatroreal.es\/proyectolova\/chamberi-centro-danza-canal-viernes-26-de-1830-a-2100h\/\",\"name\":\"- L\u00d3VA\",\"isPartOf\":{\"@id\":\"https:\/\/www.teatroreal.es\/proyectolova\/#website\"},\"primaryImageOfPage\":{\"@id\":\"https:\/\/www.teatroreal.es\/proyectolova\/chamberi-centro-danza-canal-viernes-26-de-1830-a-2100h\/#primaryimage\"},\"image\":{\"@id\":\"https:\/\/www.teatroreal.es\/proyectolova\/chamberi-centro-danza-canal-viernes-26-de-1830-a-2100h\/#primaryimage\"},\"thumbnailUrl\":\"https:\/\/www.teatroreal.es\/proyectolova\/wp-content\/uploads\/2018\/10\/300dpi_10-13-06-2011-187-Editar-225x300.jpg\",\"datePublished\":\"2018-10-05T11:43:23+00:00\",\"dateModified\":\"2020-04-16T17:10:36+00:00\",\"inLanguage\":\"es\",\"potentialAction\":[{\"@type\":\"ReadAction\",\"target\":[\"https:\/\/www.teatroreal.es\/proyectolova\/chamberi-centro-danza-canal-viernes-26-de-1830-a-2100h\/\"]}]},{\"@type\":\"ImageObject\",\"inLanguage\":\"es\",\"@id\":\"https:\/\/www.teatroreal.es\/proyectolova\/chamberi-centro-danza-canal-viernes-26-de-1830-a-2100h\/#primaryimage\",\"url\":\"https:\/\/www.teatroreal.es\/proyectolova\/wp-content\/uploads\/2018\/10\/300dpi_10-13-06-2011-187-Editar.jpg\",\"contentUrl\":\"https:\/\/www.teatroreal.es\/proyectolova\/wp-content\/uploads\/2018\/10\/300dpi_10-13-06-2011-187-Editar.jpg\",\"width\":1944,\"height\":2592},{\"@type\":\"WebSite\",\"@id\":\"https:\/\/www.teatroreal.es\/proyectolova\/#website\",\"url\":\"https:\/\/www.teatroreal.es\/proyectolova\/\",\"name\":\"L\u00d3VA\",\"description\":\"La \u00d3pera, un Veh\u00edculo de Aprendizaje\",\"publisher\":{\"@id\":\"https:\/\/www.teatroreal.es\/proyectolova\/#organization\"},\"potentialAction\":[{\"@type\":\"SearchAction\",\"target\":{\"@type\":\"EntryPoint\",\"urlTemplate\":\"https:\/\/www.teatroreal.es\/proyectolova\/?s={search_term_string}\"},\"query-input\":{\"@type\":\"PropertyValueSpecification\",\"valueRequired\":true,\"valueName\":\"search_term_string\"}}],\"inLanguage\":\"es\"},{\"@type\":\"Organization\",\"@id\":\"https:\/\/www.teatroreal.es\/proyectolova\/#organization\",\"name\":\"L\u00d3VA\",\"url\":\"https:\/\/www.teatroreal.es\/proyectolova\/\",\"logo\":{\"@type\":\"ImageObject\",\"inLanguage\":\"es\",\"@id\":\"https:\/\/www.teatroreal.es\/proyectolova\/#\/schema\/logo\/image\/\",\"url\":\"https:\/\/www.teatroreal.es\/proyectolova\/wp-content\/uploads\/2018\/01\/logo-L\u00d3VA-Marin\u00e9.jpg\",\"contentUrl\":\"https:\/\/www.teatroreal.es\/proyectolova\/wp-content\/uploads\/2018\/01\/logo-L\u00d3VA-Marin\u00e9.jpg\",\"width\":1890,\"height\":2848,\"caption\":\"L\u00d3VA\"},\"image\":{\"@id\":\"https:\/\/www.teatroreal.es\/proyectolova\/#\/schema\/logo\/image\/\"},\"sameAs\":[\"https:\/\/www.facebook.com\/proyectolova\/\",\"https:\/\/x.com\/proyectolova\",\"https:\/\/www.instagram.com\/proyectolova\/\",\"https:\/\/www.linkedin.com\/company\/proyectolova\/\",\"https:\/\/www.youtube.com\/user\/mecenartis\"]}]}<\/script>\n<!-- \/ Yoast SEO plugin. -->","yoast_head_json":{"title":"- L\u00d3VA","robots":{"index":"index","follow":"follow","max-snippet":"max-snippet:-1","max-image-preview":"max-image-preview:large","max-video-preview":"max-video-preview:-1"},"canonical":"https:\/\/www.teatroreal.es\/proyectolova\/chamberi-centro-danza-canal-viernes-26-de-1830-a-2100h\/","og_locale":"es_ES","og_type":"article","og_title":"- L\u00d3VA","og_description":"Danza Balfolk: del reconocimiento individual al colectivo &nbsp; lugar\u00a0Chamber\u00ed- Centro Danza Canal fecha\u00a0viernes, 26 de octubre hora\u00a0de 18:30 a 21:00 horas descripci\u00f3n El balfolk es una danza que nos identifica con la ra\u00edz y que nos conecta con la fuerza del colectivo. La danza entendida como una celebraci\u00f3n de la vida, como una fuente de ... Read more","og_url":"https:\/\/www.teatroreal.es\/proyectolova\/chamberi-centro-danza-canal-viernes-26-de-1830-a-2100h\/","og_site_name":"L\u00d3VA","article_publisher":"https:\/\/www.facebook.com\/proyectolova\/","article_modified_time":"2020-04-16T17:10:36+00:00","og_image":[{"url":"https:\/\/www.teatroreal.es\/proyectolova\/wp-content\/uploads\/2018\/10\/300dpi_10-13-06-2011-187-Editar-225x300.jpg","type":"","width":"","height":""}],"twitter_card":"summary_large_image","twitter_site":"@proyectolova","twitter_misc":{"Tiempo de lectura":"3 minutos"},"schema":{"@context":"https:\/\/schema.org","@graph":[{"@type":"WebPage","@id":"https:\/\/www.teatroreal.es\/proyectolova\/chamberi-centro-danza-canal-viernes-26-de-1830-a-2100h\/","url":"https:\/\/www.teatroreal.es\/proyectolova\/chamberi-centro-danza-canal-viernes-26-de-1830-a-2100h\/","name":"- L\u00d3VA","isPartOf":{"@id":"https:\/\/www.teatroreal.es\/proyectolova\/#website"},"primaryImageOfPage":{"@id":"https:\/\/www.teatroreal.es\/proyectolova\/chamberi-centro-danza-canal-viernes-26-de-1830-a-2100h\/#primaryimage"},"image":{"@id":"https:\/\/www.teatroreal.es\/proyectolova\/chamberi-centro-danza-canal-viernes-26-de-1830-a-2100h\/#primaryimage"},"thumbnailUrl":"https:\/\/www.teatroreal.es\/proyectolova\/wp-content\/uploads\/2018\/10\/300dpi_10-13-06-2011-187-Editar-225x300.jpg","datePublished":"2018-10-05T11:43:23+00:00","dateModified":"2020-04-16T17:10:36+00:00","inLanguage":"es","potentialAction":[{"@type":"ReadAction","target":["https:\/\/www.teatroreal.es\/proyectolova\/chamberi-centro-danza-canal-viernes-26-de-1830-a-2100h\/"]}]},{"@type":"ImageObject","inLanguage":"es","@id":"https:\/\/www.teatroreal.es\/proyectolova\/chamberi-centro-danza-canal-viernes-26-de-1830-a-2100h\/#primaryimage","url":"https:\/\/www.teatroreal.es\/proyectolova\/wp-content\/uploads\/2018\/10\/300dpi_10-13-06-2011-187-Editar.jpg","contentUrl":"https:\/\/www.teatroreal.es\/proyectolova\/wp-content\/uploads\/2018\/10\/300dpi_10-13-06-2011-187-Editar.jpg","width":1944,"height":2592},{"@type":"WebSite","@id":"https:\/\/www.teatroreal.es\/proyectolova\/#website","url":"https:\/\/www.teatroreal.es\/proyectolova\/","name":"L\u00d3VA","description":"La \u00d3pera, un Veh\u00edculo de Aprendizaje","publisher":{"@id":"https:\/\/www.teatroreal.es\/proyectolova\/#organization"},"potentialAction":[{"@type":"SearchAction","target":{"@type":"EntryPoint","urlTemplate":"https:\/\/www.teatroreal.es\/proyectolova\/?s={search_term_string}"},"query-input":{"@type":"PropertyValueSpecification","valueRequired":true,"valueName":"search_term_string"}}],"inLanguage":"es"},{"@type":"Organization","@id":"https:\/\/www.teatroreal.es\/proyectolova\/#organization","name":"L\u00d3VA","url":"https:\/\/www.teatroreal.es\/proyectolova\/","logo":{"@type":"ImageObject","inLanguage":"es","@id":"https:\/\/www.teatroreal.es\/proyectolova\/#\/schema\/logo\/image\/","url":"https:\/\/www.teatroreal.es\/proyectolova\/wp-content\/uploads\/2018\/01\/logo-L\u00d3VA-Marin\u00e9.jpg","contentUrl":"https:\/\/www.teatroreal.es\/proyectolova\/wp-content\/uploads\/2018\/01\/logo-L\u00d3VA-Marin\u00e9.jpg","width":1890,"height":2848,"caption":"L\u00d3VA"},"image":{"@id":"https:\/\/www.teatroreal.es\/proyectolova\/#\/schema\/logo\/image\/"},"sameAs":["https:\/\/www.facebook.com\/proyectolova\/","https:\/\/x.com\/proyectolova","https:\/\/www.instagram.com\/proyectolova\/","https:\/\/www.linkedin.com\/company\/proyectolova\/","https:\/\/www.youtube.com\/user\/mecenartis"]}]}},"_links":{"self":[{"href":"https:\/\/www.teatroreal.es\/proyectolova\/wp-json\/wp\/v2\/pages\/4671","targetHints":{"allow":["GET"]}}],"collection":[{"href":"https:\/\/www.teatroreal.es\/proyectolova\/wp-json\/wp\/v2\/pages"}],"about":[{"href":"https:\/\/www.teatroreal.es\/proyectolova\/wp-json\/wp\/v2\/types\/page"}],"author":[{"embeddable":true,"href":"https:\/\/www.teatroreal.es\/proyectolova\/wp-json\/wp\/v2\/users\/151"}],"replies":[{"embeddable":true,"href":"https:\/\/www.teatroreal.es\/proyectolova\/wp-json\/wp\/v2\/comments?post=4671"}],"version-history":[{"count":13,"href":"https:\/\/www.teatroreal.es\/proyectolova\/wp-json\/wp\/v2\/pages\/4671\/revisions"}],"predecessor-version":[{"id":7238,"href":"https:\/\/www.teatroreal.es\/proyectolova\/wp-json\/wp\/v2\/pages\/4671\/revisions\/7238"}],"wp:attachment":[{"href":"https:\/\/www.teatroreal.es\/proyectolova\/wp-json\/wp\/v2\/media?parent=4671"}],"wp:term":[{"taxonomy":"hashtags","embeddable":true,"href":"https:\/\/www.teatroreal.es\/proyectolova\/wp-json\/wp\/v2\/hashtags?post=4671"}],"curies":[{"name":"wp","href":"https:\/\/api.w.org\/{rel}","templated":true}]}}