{"id":4682,"date":"2018-10-05T13:10:08","date_gmt":"2018-10-05T12:10:08","guid":{"rendered":"https:\/\/www.teatroreal.es\/proyectolova\/?page_id=4682"},"modified":"2020-04-16T18:12:01","modified_gmt":"2020-04-16T17:12:01","slug":"chamberi-centro-danza-canal-sabado-27-manana-de-1000-a-1430h-2","status":"publish","type":"page","link":"https:\/\/www.teatroreal.es\/proyectolova\/chamberi-centro-danza-canal-sabado-27-manana-de-1000-a-1430h-2\/","title":{"rendered":""},"content":{"rendered":"<h1><\/h1>\n<hr \/>\n<h2>Transmissions &#8211; Conferencia ilustrada sobre danzas urbanas<\/h2>\n<p>&nbsp;<\/p>\n<p><strong>lugar\u00a0<\/strong>Chamber\u00ed- <a href=\"http:\/\/www.teatroscanal.com\/centro-danza-madrid\/\" target=\"_blank\" rel=\"noopener noreferrer\">Centro Danza Canal<\/a><br \/>\n<strong>fecha<\/strong>\u00a0s\u00e1bado, 27 de octubre<br \/>\n<b>hora\u00a0<\/b>de 10:00 a 14:30 horas<\/p>\n<p><strong>descripci\u00f3n<\/strong><br \/>\n<em>Transmissions: Conferencia Ilustrada sobre Danzas Urbanas<\/em> combina m\u00fasica, v\u00eddeo, fotograf\u00eda, palabra y movimiento para ofrecer un discurso din\u00e1mico y accesible a todos los p\u00fablicos: tan enriquecedor para expertos como para aquellos que quieren iniciarse en el tema. En vez de ofrecer un mero cat\u00e1logo de estilos de baile o una cronolog\u00eda de los hechos, Transmissions conecta pasado y presente para descubrir cu\u00e1les son los ejes transversales que permiten comprender las danzas urbanas en todas sus dimensiones. \u00bfD\u00f3nde, cu\u00e1ndo y por qu\u00e9 se generaron estas formas de expresi\u00f3n? \u00bfC\u00f3mo siguen desarroll\u00e1ndose a d\u00eda de hoy? Estas son algunas de las cuestiones que plantea la conferencia, as\u00ed como el impacto que han tenido no solo en el \u00e1mbito de la danza, sino en el conjunto de la cultura popular de finales del S.XX y la actualidad.<\/p>\n<p><strong><a class=\"preload\" title=\"\" href=\"https:\/\/www.teatroreal.es\/proyectolova\/wp-content\/uploads\/2018\/10\/A3-4B.jpg\" rel=\"prettyphoto\"><img decoding=\"async\" class=\"wp-image-4684 size-medium alignleft\" src=\"https:\/\/www.teatroreal.es\/proyectolova\/wp-content\/uploads\/2018\/10\/A3-4B-213x300.jpg\" alt=\"\" width=\"213\" height=\"300\" srcset=\"https:\/\/www.teatroreal.es\/proyectolova\/wp-content\/uploads\/2018\/10\/A3-4B-213x300.jpg 213w, https:\/\/www.teatroreal.es\/proyectolova\/wp-content\/uploads\/2018\/10\/A3-4B-768x1084.jpg 768w, https:\/\/www.teatroreal.es\/proyectolova\/wp-content\/uploads\/2018\/10\/A3-4B-725x1024.jpg 725w, https:\/\/www.teatroreal.es\/proyectolova\/wp-content\/uploads\/2018\/10\/A3-4B-150x212.jpg 150w, https:\/\/www.teatroreal.es\/proyectolova\/wp-content\/uploads\/2018\/10\/A3-4B-310x438.jpg 310w\" sizes=\"(max-width: 213px) 100vw, 213px\" \/><\/a><\/strong><\/p>\n<p><strong>impartido por<\/strong><\/p>\n<p><strong>Guille Vidal-Ribas y Javier Casado<\/strong> Transmissions nace en el 2015 al detectar en el p\u00fablico la necesidad de comprender mejor la cultura Hip Hop en general y las danzas urbanas en particular. Los bailarines Guille Vidal-Ribas y Javier Casado, en coproducci\u00f3n con el Mercat de les Flors y el Hop Festival, crean este proyecto de divulgaci\u00f3n con el objetivo de explicar y recomponer la historia de las danzas urbanas, con \u00e9nfasis en los procesos culturales y los valores humanos y art\u00edsticos que las articulan. Ambos son bailarines de danzas urbanas y licenciados en Humanidades e Historia del Arte, respectivamente.<\/p>\n<p>Transmissions ha estado presente en distintos espacios y festivales vinculados a cultura y educaci\u00f3n: Mercat de les Flors, Say it loud en Barcelona, Festival Trayectos en Zaragoza, Festival 10 Sentidos en Valencia, Canarios Dentro y Fuera en Tenerife, Cursos de verano de la Academia de las Artes Esc\u00e9nicas de Espa\u00f1a en la Universidad de Salamanca, Departament d&#8217;Ensenyament de la Generalitat de Catalunya, Institut del Teatre de Barcelona, institutos p\u00fablicos, etc.<\/p>\n<p><iframe title=\"Transmissions INVISIBLES Festival 10 Sentidos con Caixa Popular\" width=\"1200\" height=\"675\" src=\"https:\/\/www.youtube.com\/embed\/2jM1CAfeC84?feature=oembed&#038;enablejsapi=1&#038;origin=https:\/\/www.teatroreal.es\/proyectolova\" frameborder=\"0\" allow=\"accelerometer; autoplay; encrypted-media; gyroscope; picture-in-picture\" allowfullscreen><\/iframe><\/p>\n<hr \/>\n<h2>Espacio abierto<\/h2>\n<p>&nbsp;<\/p>\n<p><strong>lugar\u00a0<\/strong>Chamber\u00ed- <a href=\"http:\/\/www.teatroscanal.com\/centro-danza-madrid\/\" target=\"_blank\" rel=\"noopener noreferrer\">Centro Danza Canal<\/a><br \/>\n<strong>fecha<\/strong>\u00a0s\u00e1bado, 27 de octubre<br \/>\n<b>hora\u00a0<\/b>de 10:00 a 14:30 horas<\/p>\n<p><strong>descripci\u00f3n<\/strong><br \/>\nVen, haz tus propuestas y descubre las del resto de participantes. El espacio abierto permite al grupo generar, participar y disfrutar de actividades autogestionadas en unos de los espacios culturales m\u00e1s inspiradores de Madrid.<br \/>\nDel espacio abierto han salido propuestas tan potentes que se han incorporado como talleres a la programaci\u00f3n de ediciones posteriores de aprendanza. Se trata, sin duda, de la actividad estelar del encuentro en la que la riqueza del grupo siempre genera las acciones m\u00e1s interesantes. Una experiencia que sorprende desde hace a\u00f1os a aprendanzantes de toda Espa\u00f1a.<\/p>\n<div class=\"strong-view strong-view-id-3 default wpmtst-default\" data-count=1><div class=\"strong-content strong-normal columns-1\"><div class=\"wpmtst-testimonial testimonial post-4911\"><div class=\"wpmtst-testimonial-inner testimonial-inner\"><h3 class=\"wpmtst-testimonial-heading testimonial-heading\">Aqu\u00ed y ahora<\/h3><div    class=\"wpmtst-testimonial-content testimonial-content\"><div class=\"maybe-clear\"><\/div><p><em>El Espacio Abierto fue un ejemplo de c\u00f3mo podemos organizarnos colectivamente para dar cabida a todos, a nuestro potencial creativo y diverso. Me encant\u00f3 compartir con los que vinisteis al taller de Circo Nada y ver tantos seres motivados por aprender a aprender y sentir como eso se desplegar\u00e1 en las aulas para que dejen de ser (j)aulas. Todo esto me impulsa a experimentar aqu\u00ed y ahora que vamos por el buen camino y estamos cocreando una nueva educaci\u00f3n para un nuevo Mundo.<\/em><\/p><p><a class=\"preload\" title=\"\" href=\"https:\/\/www.teatroreal.es\/proyectolova\/wp-content\/uploads\/2018\/10\/DSCF7795.jpg\" rel=\"prettyphoto\"><img fetchpriority=\"high\" decoding=\"async\" fetchpriority=\"high\" class=\"aligncenter wp-image-4912 size-medium\" src=\"https:\/\/www.teatroreal.es\/proyectolova\/wp-content\/uploads\/2018\/10\/DSCF7795-300x200.jpg\" alt=\"\" width=\"300\" height=\"200\" srcset=\"https:\/\/www.teatroreal.es\/proyectolova\/wp-content\/uploads\/2018\/10\/DSCF7795-300x200.jpg 300w, https:\/\/www.teatroreal.es\/proyectolova\/wp-content\/uploads\/2018\/10\/DSCF7795-768x512.jpg 768w, https:\/\/www.teatroreal.es\/proyectolova\/wp-content\/uploads\/2018\/10\/DSCF7795-150x100.jpg 150w, https:\/\/www.teatroreal.es\/proyectolova\/wp-content\/uploads\/2018\/10\/DSCF7795-310x207.jpg 310w, https:\/\/www.teatroreal.es\/proyectolova\/wp-content\/uploads\/2018\/10\/DSCF7795.jpg 900w\" sizes=\"(max-width: 300px) 100vw, 300px\" \/><\/a><\/p><\/div><div class=\"clear\"><\/div><\/div><\/div><\/div><\/div>\n<p><a href=\"https:\/\/www.teatroreal.es\/proyectolova\/formacion-curso-lova\/formacion-aprendanza-2\/\" target=\"_blank\" rel=\"noopener noreferrer\">*Volver al programa de aprendanza<\/a><\/p>\n","protected":false},"excerpt":{"rendered":"<p>Transmissions &#8211; Conferencia ilustrada sobre danzas urbanas &nbsp; lugar\u00a0Chamber\u00ed- Centro Danza Canal fecha\u00a0s\u00e1bado, 27 de octubre hora\u00a0de 10:00 a 14:30 horas descripci\u00f3n Transmissions: Conferencia Ilustrada sobre Danzas Urbanas combina m\u00fasica, v\u00eddeo, fotograf\u00eda, palabra y movimiento para ofrecer un discurso din\u00e1mico y accesible a todos los p\u00fablicos: tan enriquecedor para expertos como para aquellos que quieren &#8230; <a title=\"\" class=\"read-more\" href=\"https:\/\/www.teatroreal.es\/proyectolova\/chamberi-centro-danza-canal-sabado-27-manana-de-1000-a-1430h-2\/\">Read more<\/a><\/p>\n","protected":false},"author":151,"featured_media":0,"parent":0,"menu_order":0,"comment_status":"closed","ping_status":"closed","template":"","meta":{"footnotes":""},"hashtags":[],"class_list":["post-4682","page","type-page","status-publish"],"yoast_head":"<!-- This site is optimized with the Yoast SEO plugin v26.8 - https:\/\/yoast.com\/product\/yoast-seo-wordpress\/ -->\n<title>- L\u00d3VA<\/title>\n<meta name=\"robots\" content=\"index, follow, max-snippet:-1, max-image-preview:large, max-video-preview:-1\" \/>\n<link rel=\"canonical\" href=\"https:\/\/www.teatroreal.es\/proyectolova\/chamberi-centro-danza-canal-sabado-27-manana-de-1000-a-1430h-2\/\" \/>\n<meta property=\"og:locale\" content=\"es_ES\" \/>\n<meta property=\"og:type\" content=\"article\" \/>\n<meta property=\"og:title\" content=\"- L\u00d3VA\" \/>\n<meta property=\"og:description\" content=\"Transmissions &#8211; Conferencia ilustrada sobre danzas urbanas &nbsp; lugar\u00a0Chamber\u00ed- Centro Danza Canal fecha\u00a0s\u00e1bado, 27 de octubre hora\u00a0de 10:00 a 14:30 horas descripci\u00f3n Transmissions: Conferencia Ilustrada sobre Danzas Urbanas combina m\u00fasica, v\u00eddeo, fotograf\u00eda, palabra y movimiento para ofrecer un discurso din\u00e1mico y accesible a todos los p\u00fablicos: tan enriquecedor para expertos como para aquellos que quieren ... Read more\" \/>\n<meta property=\"og:url\" content=\"https:\/\/www.teatroreal.es\/proyectolova\/chamberi-centro-danza-canal-sabado-27-manana-de-1000-a-1430h-2\/\" \/>\n<meta property=\"og:site_name\" content=\"L\u00d3VA\" \/>\n<meta property=\"article:publisher\" content=\"https:\/\/www.facebook.com\/proyectolova\/\" \/>\n<meta property=\"article:modified_time\" content=\"2020-04-16T17:12:01+00:00\" \/>\n<meta property=\"og:image\" content=\"https:\/\/www.teatroreal.es\/proyectolova\/wp-content\/uploads\/2018\/10\/A3-4B-213x300.jpg\" \/>\n<meta name=\"twitter:card\" content=\"summary_large_image\" \/>\n<meta name=\"twitter:site\" content=\"@proyectolova\" \/>\n<meta name=\"twitter:label1\" content=\"Tiempo de lectura\" \/>\n\t<meta name=\"twitter:data1\" content=\"2 minutos\" \/>\n<script type=\"application\/ld+json\" class=\"yoast-schema-graph\">{\"@context\":\"https:\/\/schema.org\",\"@graph\":[{\"@type\":\"WebPage\",\"@id\":\"https:\/\/www.teatroreal.es\/proyectolova\/chamberi-centro-danza-canal-sabado-27-manana-de-1000-a-1430h-2\/\",\"url\":\"https:\/\/www.teatroreal.es\/proyectolova\/chamberi-centro-danza-canal-sabado-27-manana-de-1000-a-1430h-2\/\",\"name\":\"- L\u00d3VA\",\"isPartOf\":{\"@id\":\"https:\/\/www.teatroreal.es\/proyectolova\/#website\"},\"primaryImageOfPage\":{\"@id\":\"https:\/\/www.teatroreal.es\/proyectolova\/chamberi-centro-danza-canal-sabado-27-manana-de-1000-a-1430h-2\/#primaryimage\"},\"image\":{\"@id\":\"https:\/\/www.teatroreal.es\/proyectolova\/chamberi-centro-danza-canal-sabado-27-manana-de-1000-a-1430h-2\/#primaryimage\"},\"thumbnailUrl\":\"https:\/\/www.teatroreal.es\/proyectolova\/wp-content\/uploads\/2018\/10\/A3-4B-213x300.jpg\",\"datePublished\":\"2018-10-05T12:10:08+00:00\",\"dateModified\":\"2020-04-16T17:12:01+00:00\",\"inLanguage\":\"es\",\"potentialAction\":[{\"@type\":\"ReadAction\",\"target\":[\"https:\/\/www.teatroreal.es\/proyectolova\/chamberi-centro-danza-canal-sabado-27-manana-de-1000-a-1430h-2\/\"]}]},{\"@type\":\"ImageObject\",\"inLanguage\":\"es\",\"@id\":\"https:\/\/www.teatroreal.es\/proyectolova\/chamberi-centro-danza-canal-sabado-27-manana-de-1000-a-1430h-2\/#primaryimage\",\"url\":\"https:\/\/www.teatroreal.es\/proyectolova\/wp-content\/uploads\/2018\/10\/A3-4B.jpg\",\"contentUrl\":\"https:\/\/www.teatroreal.es\/proyectolova\/wp-content\/uploads\/2018\/10\/A3-4B.jpg\",\"width\":2372,\"height\":3348},{\"@type\":\"WebSite\",\"@id\":\"https:\/\/www.teatroreal.es\/proyectolova\/#website\",\"url\":\"https:\/\/www.teatroreal.es\/proyectolova\/\",\"name\":\"L\u00d3VA\",\"description\":\"La \u00d3pera, un Veh\u00edculo de Aprendizaje\",\"publisher\":{\"@id\":\"https:\/\/www.teatroreal.es\/proyectolova\/#organization\"},\"potentialAction\":[{\"@type\":\"SearchAction\",\"target\":{\"@type\":\"EntryPoint\",\"urlTemplate\":\"https:\/\/www.teatroreal.es\/proyectolova\/?s={search_term_string}\"},\"query-input\":{\"@type\":\"PropertyValueSpecification\",\"valueRequired\":true,\"valueName\":\"search_term_string\"}}],\"inLanguage\":\"es\"},{\"@type\":\"Organization\",\"@id\":\"https:\/\/www.teatroreal.es\/proyectolova\/#organization\",\"name\":\"L\u00d3VA\",\"url\":\"https:\/\/www.teatroreal.es\/proyectolova\/\",\"logo\":{\"@type\":\"ImageObject\",\"inLanguage\":\"es\",\"@id\":\"https:\/\/www.teatroreal.es\/proyectolova\/#\/schema\/logo\/image\/\",\"url\":\"https:\/\/www.teatroreal.es\/proyectolova\/wp-content\/uploads\/2018\/01\/logo-L\u00d3VA-Marin\u00e9.jpg\",\"contentUrl\":\"https:\/\/www.teatroreal.es\/proyectolova\/wp-content\/uploads\/2018\/01\/logo-L\u00d3VA-Marin\u00e9.jpg\",\"width\":1890,\"height\":2848,\"caption\":\"L\u00d3VA\"},\"image\":{\"@id\":\"https:\/\/www.teatroreal.es\/proyectolova\/#\/schema\/logo\/image\/\"},\"sameAs\":[\"https:\/\/www.facebook.com\/proyectolova\/\",\"https:\/\/x.com\/proyectolova\",\"https:\/\/www.instagram.com\/proyectolova\/\",\"https:\/\/www.linkedin.com\/company\/proyectolova\/\",\"https:\/\/www.youtube.com\/user\/mecenartis\"]}]}<\/script>\n<!-- \/ Yoast SEO plugin. -->","yoast_head_json":{"title":"- L\u00d3VA","robots":{"index":"index","follow":"follow","max-snippet":"max-snippet:-1","max-image-preview":"max-image-preview:large","max-video-preview":"max-video-preview:-1"},"canonical":"https:\/\/www.teatroreal.es\/proyectolova\/chamberi-centro-danza-canal-sabado-27-manana-de-1000-a-1430h-2\/","og_locale":"es_ES","og_type":"article","og_title":"- L\u00d3VA","og_description":"Transmissions &#8211; Conferencia ilustrada sobre danzas urbanas &nbsp; lugar\u00a0Chamber\u00ed- Centro Danza Canal fecha\u00a0s\u00e1bado, 27 de octubre hora\u00a0de 10:00 a 14:30 horas descripci\u00f3n Transmissions: Conferencia Ilustrada sobre Danzas Urbanas combina m\u00fasica, v\u00eddeo, fotograf\u00eda, palabra y movimiento para ofrecer un discurso din\u00e1mico y accesible a todos los p\u00fablicos: tan enriquecedor para expertos como para aquellos que quieren ... Read more","og_url":"https:\/\/www.teatroreal.es\/proyectolova\/chamberi-centro-danza-canal-sabado-27-manana-de-1000-a-1430h-2\/","og_site_name":"L\u00d3VA","article_publisher":"https:\/\/www.facebook.com\/proyectolova\/","article_modified_time":"2020-04-16T17:12:01+00:00","og_image":[{"url":"https:\/\/www.teatroreal.es\/proyectolova\/wp-content\/uploads\/2018\/10\/A3-4B-213x300.jpg","type":"","width":"","height":""}],"twitter_card":"summary_large_image","twitter_site":"@proyectolova","twitter_misc":{"Tiempo de lectura":"2 minutos"},"schema":{"@context":"https:\/\/schema.org","@graph":[{"@type":"WebPage","@id":"https:\/\/www.teatroreal.es\/proyectolova\/chamberi-centro-danza-canal-sabado-27-manana-de-1000-a-1430h-2\/","url":"https:\/\/www.teatroreal.es\/proyectolova\/chamberi-centro-danza-canal-sabado-27-manana-de-1000-a-1430h-2\/","name":"- L\u00d3VA","isPartOf":{"@id":"https:\/\/www.teatroreal.es\/proyectolova\/#website"},"primaryImageOfPage":{"@id":"https:\/\/www.teatroreal.es\/proyectolova\/chamberi-centro-danza-canal-sabado-27-manana-de-1000-a-1430h-2\/#primaryimage"},"image":{"@id":"https:\/\/www.teatroreal.es\/proyectolova\/chamberi-centro-danza-canal-sabado-27-manana-de-1000-a-1430h-2\/#primaryimage"},"thumbnailUrl":"https:\/\/www.teatroreal.es\/proyectolova\/wp-content\/uploads\/2018\/10\/A3-4B-213x300.jpg","datePublished":"2018-10-05T12:10:08+00:00","dateModified":"2020-04-16T17:12:01+00:00","inLanguage":"es","potentialAction":[{"@type":"ReadAction","target":["https:\/\/www.teatroreal.es\/proyectolova\/chamberi-centro-danza-canal-sabado-27-manana-de-1000-a-1430h-2\/"]}]},{"@type":"ImageObject","inLanguage":"es","@id":"https:\/\/www.teatroreal.es\/proyectolova\/chamberi-centro-danza-canal-sabado-27-manana-de-1000-a-1430h-2\/#primaryimage","url":"https:\/\/www.teatroreal.es\/proyectolova\/wp-content\/uploads\/2018\/10\/A3-4B.jpg","contentUrl":"https:\/\/www.teatroreal.es\/proyectolova\/wp-content\/uploads\/2018\/10\/A3-4B.jpg","width":2372,"height":3348},{"@type":"WebSite","@id":"https:\/\/www.teatroreal.es\/proyectolova\/#website","url":"https:\/\/www.teatroreal.es\/proyectolova\/","name":"L\u00d3VA","description":"La \u00d3pera, un Veh\u00edculo de Aprendizaje","publisher":{"@id":"https:\/\/www.teatroreal.es\/proyectolova\/#organization"},"potentialAction":[{"@type":"SearchAction","target":{"@type":"EntryPoint","urlTemplate":"https:\/\/www.teatroreal.es\/proyectolova\/?s={search_term_string}"},"query-input":{"@type":"PropertyValueSpecification","valueRequired":true,"valueName":"search_term_string"}}],"inLanguage":"es"},{"@type":"Organization","@id":"https:\/\/www.teatroreal.es\/proyectolova\/#organization","name":"L\u00d3VA","url":"https:\/\/www.teatroreal.es\/proyectolova\/","logo":{"@type":"ImageObject","inLanguage":"es","@id":"https:\/\/www.teatroreal.es\/proyectolova\/#\/schema\/logo\/image\/","url":"https:\/\/www.teatroreal.es\/proyectolova\/wp-content\/uploads\/2018\/01\/logo-L\u00d3VA-Marin\u00e9.jpg","contentUrl":"https:\/\/www.teatroreal.es\/proyectolova\/wp-content\/uploads\/2018\/01\/logo-L\u00d3VA-Marin\u00e9.jpg","width":1890,"height":2848,"caption":"L\u00d3VA"},"image":{"@id":"https:\/\/www.teatroreal.es\/proyectolova\/#\/schema\/logo\/image\/"},"sameAs":["https:\/\/www.facebook.com\/proyectolova\/","https:\/\/x.com\/proyectolova","https:\/\/www.instagram.com\/proyectolova\/","https:\/\/www.linkedin.com\/company\/proyectolova\/","https:\/\/www.youtube.com\/user\/mecenartis"]}]}},"_links":{"self":[{"href":"https:\/\/www.teatroreal.es\/proyectolova\/wp-json\/wp\/v2\/pages\/4682","targetHints":{"allow":["GET"]}}],"collection":[{"href":"https:\/\/www.teatroreal.es\/proyectolova\/wp-json\/wp\/v2\/pages"}],"about":[{"href":"https:\/\/www.teatroreal.es\/proyectolova\/wp-json\/wp\/v2\/types\/page"}],"author":[{"embeddable":true,"href":"https:\/\/www.teatroreal.es\/proyectolova\/wp-json\/wp\/v2\/users\/151"}],"replies":[{"embeddable":true,"href":"https:\/\/www.teatroreal.es\/proyectolova\/wp-json\/wp\/v2\/comments?post=4682"}],"version-history":[{"count":10,"href":"https:\/\/www.teatroreal.es\/proyectolova\/wp-json\/wp\/v2\/pages\/4682\/revisions"}],"predecessor-version":[{"id":7241,"href":"https:\/\/www.teatroreal.es\/proyectolova\/wp-json\/wp\/v2\/pages\/4682\/revisions\/7241"}],"wp:attachment":[{"href":"https:\/\/www.teatroreal.es\/proyectolova\/wp-json\/wp\/v2\/media?parent=4682"}],"wp:term":[{"taxonomy":"hashtags","embeddable":true,"href":"https:\/\/www.teatroreal.es\/proyectolova\/wp-json\/wp\/v2\/hashtags?post=4682"}],"curies":[{"name":"wp","href":"https:\/\/api.w.org\/{rel}","templated":true}]}}