{"id":4691,"date":"2018-10-05T13:22:18","date_gmt":"2018-10-05T12:22:18","guid":{"rendered":"https:\/\/www.teatroreal.es\/proyectolova\/?page_id=4691"},"modified":"2020-04-16T18:11:08","modified_gmt":"2020-04-16T17:11:08","slug":"legazpi-matadero-sabado-27-manana-de-1000-a-1430h","status":"publish","type":"page","link":"https:\/\/www.teatroreal.es\/proyectolova\/legazpi-matadero-sabado-27-manana-de-1000-a-1430h\/","title":{"rendered":""},"content":{"rendered":"<h1><\/h1>\n<hr \/>\n<h2>Espacio abierto<\/h2>\n<p><strong>lugar\u00a0<\/strong>Legazpi &#8211; <a href=\"http:\/\/www.mataderomadrid.org\/\" target=\"_blank\" rel=\"noopener noreferrer\">Matadero<\/a><br \/>\n<strong>fecha<\/strong>\u00a0s\u00e1bado, 27 de octubre<br \/>\n<b>hora\u00a0<\/b>de 10:00 a 14:30 horas<\/p>\n<p><strong>descripci\u00f3n<\/strong><br \/>\nVen, haz tus propuestas y descubre las del resto de participantes. El espacio abierto permite al grupo generar, participar y disfrutar de actividades autogestionadas en unos de los espacios culturales m\u00e1s inspiradores de Madrid.<br \/>\nDel espacio abierto han salido propuestas tan potentes que se han incorporado como talleres a la programaci\u00f3n de ediciones posteriores de aprendanza. Se trata, sin duda, de la actividad estelar del encuentro en la que la riqueza del grupo siempre genera las acciones m\u00e1s interesantes. Una experiencia que sorprende desde hace a\u00f1os a aprendanzantes de toda Espa\u00f1a.<\/p>\n<div class=\"strong-view strong-view-id-3 default wpmtst-default\" data-count=1><div class=\"strong-content strong-normal columns-1\"><div class=\"wpmtst-testimonial testimonial post-4911\"><div class=\"wpmtst-testimonial-inner testimonial-inner\"><h3 class=\"wpmtst-testimonial-heading testimonial-heading\">Aqu\u00ed y ahora<\/h3><div    class=\"wpmtst-testimonial-content testimonial-content\"><div class=\"maybe-clear\"><\/div><p><em>El Espacio Abierto fue un ejemplo de c\u00f3mo podemos organizarnos colectivamente para dar cabida a todos, a nuestro potencial creativo y diverso. Me encant\u00f3 compartir con los que vinisteis al taller de Circo Nada y ver tantos seres motivados por aprender a aprender y sentir como eso se desplegar\u00e1 en las aulas para que dejen de ser (j)aulas. Todo esto me impulsa a experimentar aqu\u00ed y ahora que vamos por el buen camino y estamos cocreando una nueva educaci\u00f3n para un nuevo Mundo.<\/em><\/p><p><a class=\"preload\" title=\"\" href=\"https:\/\/www.teatroreal.es\/proyectolova\/wp-content\/uploads\/2018\/10\/DSCF7795.jpg\" rel=\"prettyphoto\"><img fetchpriority=\"high\" decoding=\"async\" fetchpriority=\"high\" class=\"aligncenter wp-image-4912 size-medium\" src=\"https:\/\/www.teatroreal.es\/proyectolova\/wp-content\/uploads\/2018\/10\/DSCF7795-300x200.jpg\" alt=\"\" width=\"300\" height=\"200\" srcset=\"https:\/\/www.teatroreal.es\/proyectolova\/wp-content\/uploads\/2018\/10\/DSCF7795-300x200.jpg 300w, https:\/\/www.teatroreal.es\/proyectolova\/wp-content\/uploads\/2018\/10\/DSCF7795-768x512.jpg 768w, https:\/\/www.teatroreal.es\/proyectolova\/wp-content\/uploads\/2018\/10\/DSCF7795-150x100.jpg 150w, https:\/\/www.teatroreal.es\/proyectolova\/wp-content\/uploads\/2018\/10\/DSCF7795-310x207.jpg 310w, https:\/\/www.teatroreal.es\/proyectolova\/wp-content\/uploads\/2018\/10\/DSCF7795.jpg 900w\" sizes=\"(max-width: 300px) 100vw, 300px\" \/><\/a><\/p><\/div><div class=\"clear\"><\/div><\/div><\/div><\/div><\/div>\n","protected":false},"excerpt":{"rendered":"<p>Espacio abierto lugar\u00a0Legazpi &#8211; Matadero fecha\u00a0s\u00e1bado, 27 de octubre hora\u00a0de 10:00 a 14:30 horas descripci\u00f3n Ven, haz tus propuestas y descubre las del resto de participantes. El espacio abierto permite al grupo generar, participar y disfrutar de actividades autogestionadas en unos de los espacios culturales m\u00e1s inspiradores de Madrid. Del espacio abierto han salido propuestas &#8230; <a title=\"\" class=\"read-more\" href=\"https:\/\/www.teatroreal.es\/proyectolova\/legazpi-matadero-sabado-27-manana-de-1000-a-1430h\/\">Read more<\/a><\/p>\n","protected":false},"author":151,"featured_media":0,"parent":0,"menu_order":0,"comment_status":"closed","ping_status":"closed","template":"","meta":{"footnotes":""},"hashtags":[],"class_list":["post-4691","page","type-page","status-publish"],"yoast_head":"<!-- This site is optimized with the Yoast SEO plugin v26.8 - https:\/\/yoast.com\/product\/yoast-seo-wordpress\/ -->\n<title>- L\u00d3VA<\/title>\n<meta name=\"robots\" content=\"index, follow, max-snippet:-1, max-image-preview:large, max-video-preview:-1\" \/>\n<link rel=\"canonical\" href=\"https:\/\/www.teatroreal.es\/proyectolova\/legazpi-matadero-sabado-27-manana-de-1000-a-1430h\/\" \/>\n<meta property=\"og:locale\" content=\"es_ES\" \/>\n<meta property=\"og:type\" content=\"article\" \/>\n<meta property=\"og:title\" content=\"- L\u00d3VA\" \/>\n<meta property=\"og:description\" content=\"Espacio abierto lugar\u00a0Legazpi &#8211; Matadero fecha\u00a0s\u00e1bado, 27 de octubre hora\u00a0de 10:00 a 14:30 horas descripci\u00f3n Ven, haz tus propuestas y descubre las del resto de participantes. El espacio abierto permite al grupo generar, participar y disfrutar de actividades autogestionadas en unos de los espacios culturales m\u00e1s inspiradores de Madrid. Del espacio abierto han salido propuestas ... Read more\" \/>\n<meta property=\"og:url\" content=\"https:\/\/www.teatroreal.es\/proyectolova\/legazpi-matadero-sabado-27-manana-de-1000-a-1430h\/\" \/>\n<meta property=\"og:site_name\" content=\"L\u00d3VA\" \/>\n<meta property=\"article:publisher\" content=\"https:\/\/www.facebook.com\/proyectolova\/\" \/>\n<meta property=\"article:modified_time\" content=\"2020-04-16T17:11:08+00:00\" \/>\n<meta name=\"twitter:card\" content=\"summary_large_image\" \/>\n<meta name=\"twitter:site\" content=\"@proyectolova\" \/>\n<meta name=\"twitter:label1\" content=\"Tiempo de lectura\" \/>\n\t<meta name=\"twitter:data1\" content=\"1 minuto\" \/>\n<script type=\"application\/ld+json\" class=\"yoast-schema-graph\">{\"@context\":\"https:\/\/schema.org\",\"@graph\":[{\"@type\":\"WebPage\",\"@id\":\"https:\/\/www.teatroreal.es\/proyectolova\/legazpi-matadero-sabado-27-manana-de-1000-a-1430h\/\",\"url\":\"https:\/\/www.teatroreal.es\/proyectolova\/legazpi-matadero-sabado-27-manana-de-1000-a-1430h\/\",\"name\":\"- L\u00d3VA\",\"isPartOf\":{\"@id\":\"https:\/\/www.teatroreal.es\/proyectolova\/#website\"},\"datePublished\":\"2018-10-05T12:22:18+00:00\",\"dateModified\":\"2020-04-16T17:11:08+00:00\",\"inLanguage\":\"es\",\"potentialAction\":[{\"@type\":\"ReadAction\",\"target\":[\"https:\/\/www.teatroreal.es\/proyectolova\/legazpi-matadero-sabado-27-manana-de-1000-a-1430h\/\"]}]},{\"@type\":\"WebSite\",\"@id\":\"https:\/\/www.teatroreal.es\/proyectolova\/#website\",\"url\":\"https:\/\/www.teatroreal.es\/proyectolova\/\",\"name\":\"L\u00d3VA\",\"description\":\"La \u00d3pera, un Veh\u00edculo de Aprendizaje\",\"publisher\":{\"@id\":\"https:\/\/www.teatroreal.es\/proyectolova\/#organization\"},\"potentialAction\":[{\"@type\":\"SearchAction\",\"target\":{\"@type\":\"EntryPoint\",\"urlTemplate\":\"https:\/\/www.teatroreal.es\/proyectolova\/?s={search_term_string}\"},\"query-input\":{\"@type\":\"PropertyValueSpecification\",\"valueRequired\":true,\"valueName\":\"search_term_string\"}}],\"inLanguage\":\"es\"},{\"@type\":\"Organization\",\"@id\":\"https:\/\/www.teatroreal.es\/proyectolova\/#organization\",\"name\":\"L\u00d3VA\",\"url\":\"https:\/\/www.teatroreal.es\/proyectolova\/\",\"logo\":{\"@type\":\"ImageObject\",\"inLanguage\":\"es\",\"@id\":\"https:\/\/www.teatroreal.es\/proyectolova\/#\/schema\/logo\/image\/\",\"url\":\"https:\/\/www.teatroreal.es\/proyectolova\/wp-content\/uploads\/2018\/01\/logo-L\u00d3VA-Marin\u00e9.jpg\",\"contentUrl\":\"https:\/\/www.teatroreal.es\/proyectolova\/wp-content\/uploads\/2018\/01\/logo-L\u00d3VA-Marin\u00e9.jpg\",\"width\":1890,\"height\":2848,\"caption\":\"L\u00d3VA\"},\"image\":{\"@id\":\"https:\/\/www.teatroreal.es\/proyectolova\/#\/schema\/logo\/image\/\"},\"sameAs\":[\"https:\/\/www.facebook.com\/proyectolova\/\",\"https:\/\/x.com\/proyectolova\",\"https:\/\/www.instagram.com\/proyectolova\/\",\"https:\/\/www.linkedin.com\/company\/proyectolova\/\",\"https:\/\/www.youtube.com\/user\/mecenartis\"]}]}<\/script>\n<!-- \/ Yoast SEO plugin. -->","yoast_head_json":{"title":"- L\u00d3VA","robots":{"index":"index","follow":"follow","max-snippet":"max-snippet:-1","max-image-preview":"max-image-preview:large","max-video-preview":"max-video-preview:-1"},"canonical":"https:\/\/www.teatroreal.es\/proyectolova\/legazpi-matadero-sabado-27-manana-de-1000-a-1430h\/","og_locale":"es_ES","og_type":"article","og_title":"- L\u00d3VA","og_description":"Espacio abierto lugar\u00a0Legazpi &#8211; Matadero fecha\u00a0s\u00e1bado, 27 de octubre hora\u00a0de 10:00 a 14:30 horas descripci\u00f3n Ven, haz tus propuestas y descubre las del resto de participantes. El espacio abierto permite al grupo generar, participar y disfrutar de actividades autogestionadas en unos de los espacios culturales m\u00e1s inspiradores de Madrid. Del espacio abierto han salido propuestas ... Read more","og_url":"https:\/\/www.teatroreal.es\/proyectolova\/legazpi-matadero-sabado-27-manana-de-1000-a-1430h\/","og_site_name":"L\u00d3VA","article_publisher":"https:\/\/www.facebook.com\/proyectolova\/","article_modified_time":"2020-04-16T17:11:08+00:00","twitter_card":"summary_large_image","twitter_site":"@proyectolova","twitter_misc":{"Tiempo de lectura":"1 minuto"},"schema":{"@context":"https:\/\/schema.org","@graph":[{"@type":"WebPage","@id":"https:\/\/www.teatroreal.es\/proyectolova\/legazpi-matadero-sabado-27-manana-de-1000-a-1430h\/","url":"https:\/\/www.teatroreal.es\/proyectolova\/legazpi-matadero-sabado-27-manana-de-1000-a-1430h\/","name":"- L\u00d3VA","isPartOf":{"@id":"https:\/\/www.teatroreal.es\/proyectolova\/#website"},"datePublished":"2018-10-05T12:22:18+00:00","dateModified":"2020-04-16T17:11:08+00:00","inLanguage":"es","potentialAction":[{"@type":"ReadAction","target":["https:\/\/www.teatroreal.es\/proyectolova\/legazpi-matadero-sabado-27-manana-de-1000-a-1430h\/"]}]},{"@type":"WebSite","@id":"https:\/\/www.teatroreal.es\/proyectolova\/#website","url":"https:\/\/www.teatroreal.es\/proyectolova\/","name":"L\u00d3VA","description":"La \u00d3pera, un Veh\u00edculo de Aprendizaje","publisher":{"@id":"https:\/\/www.teatroreal.es\/proyectolova\/#organization"},"potentialAction":[{"@type":"SearchAction","target":{"@type":"EntryPoint","urlTemplate":"https:\/\/www.teatroreal.es\/proyectolova\/?s={search_term_string}"},"query-input":{"@type":"PropertyValueSpecification","valueRequired":true,"valueName":"search_term_string"}}],"inLanguage":"es"},{"@type":"Organization","@id":"https:\/\/www.teatroreal.es\/proyectolova\/#organization","name":"L\u00d3VA","url":"https:\/\/www.teatroreal.es\/proyectolova\/","logo":{"@type":"ImageObject","inLanguage":"es","@id":"https:\/\/www.teatroreal.es\/proyectolova\/#\/schema\/logo\/image\/","url":"https:\/\/www.teatroreal.es\/proyectolova\/wp-content\/uploads\/2018\/01\/logo-L\u00d3VA-Marin\u00e9.jpg","contentUrl":"https:\/\/www.teatroreal.es\/proyectolova\/wp-content\/uploads\/2018\/01\/logo-L\u00d3VA-Marin\u00e9.jpg","width":1890,"height":2848,"caption":"L\u00d3VA"},"image":{"@id":"https:\/\/www.teatroreal.es\/proyectolova\/#\/schema\/logo\/image\/"},"sameAs":["https:\/\/www.facebook.com\/proyectolova\/","https:\/\/x.com\/proyectolova","https:\/\/www.instagram.com\/proyectolova\/","https:\/\/www.linkedin.com\/company\/proyectolova\/","https:\/\/www.youtube.com\/user\/mecenartis"]}]}},"_links":{"self":[{"href":"https:\/\/www.teatroreal.es\/proyectolova\/wp-json\/wp\/v2\/pages\/4691","targetHints":{"allow":["GET"]}}],"collection":[{"href":"https:\/\/www.teatroreal.es\/proyectolova\/wp-json\/wp\/v2\/pages"}],"about":[{"href":"https:\/\/www.teatroreal.es\/proyectolova\/wp-json\/wp\/v2\/types\/page"}],"author":[{"embeddable":true,"href":"https:\/\/www.teatroreal.es\/proyectolova\/wp-json\/wp\/v2\/users\/151"}],"replies":[{"embeddable":true,"href":"https:\/\/www.teatroreal.es\/proyectolova\/wp-json\/wp\/v2\/comments?post=4691"}],"version-history":[{"count":14,"href":"https:\/\/www.teatroreal.es\/proyectolova\/wp-json\/wp\/v2\/pages\/4691\/revisions"}],"predecessor-version":[{"id":7239,"href":"https:\/\/www.teatroreal.es\/proyectolova\/wp-json\/wp\/v2\/pages\/4691\/revisions\/7239"}],"wp:attachment":[{"href":"https:\/\/www.teatroreal.es\/proyectolova\/wp-json\/wp\/v2\/media?parent=4691"}],"wp:term":[{"taxonomy":"hashtags","embeddable":true,"href":"https:\/\/www.teatroreal.es\/proyectolova\/wp-json\/wp\/v2\/hashtags?post=4691"}],"curies":[{"name":"wp","href":"https:\/\/api.w.org\/{rel}","templated":true}]}}

<h1></h1>
<hr />
<h2>Espacio abierto</h2>
<p><strong>lugar </strong>Legazpi &#8211; <a href="http://www.mataderomadrid.org/" target="_blank" rel="noopener noreferrer">Matadero</a><br />
<strong>fecha</strong> sábado, 27 de octubre<br />
<b>hora </b>de 10:00 a 14:30 horas</p>
<p><strong>descripción</strong><br />
Ven, haz tus propuestas y descubre las del resto de participantes. El espacio abierto permite al grupo generar, participar y disfrutar de actividades autogestionadas en unos de los espacios culturales más inspiradores de Madrid.<br />
Del espacio abierto han salido propuestas tan potentes que se han incorporado como talleres a la programación de ediciones posteriores de aprendanza. Se trata, sin duda, de la actividad estelar del encuentro en la que la riqueza del grupo siempre genera las acciones más interesantes. Una experiencia que sorprende desde hace años a aprendanzantes de toda España.</p>
<div class="strong-view strong-view-id-3 default wpmtst-default" data-count=1><div class="strong-content strong-normal columns-1"><div class="wpmtst-testimonial testimonial post-4911"><div class="wpmtst-testimonial-inner testimonial-inner"><h3 class="wpmtst-testimonial-heading testimonial-heading">Aquí y ahora</h3><div    class="wpmtst-testimonial-content testimonial-content"><div class="maybe-clear"></div><p><em>El Espacio Abierto fue un ejemplo de cómo podemos organizarnos colectivamente para dar cabida a todos, a nuestro potencial creativo y diverso. Me encantó compartir con los que vinisteis al taller de Circo Nada y ver tantos seres motivados por aprender a aprender y sentir como eso se desplegará en las aulas para que dejen de ser (j)aulas. Todo esto me impulsa a experimentar aquí y ahora que vamos por el buen camino y estamos cocreando una nueva educación para un nuevo Mundo.</em></p><p><a class="preload" title="" href="https://www.teatroreal.es/proyectolova/wp-content/uploads/2018/10/DSCF7795.jpg" rel="prettyphoto"><img fetchpriority="high" decoding="async" fetchpriority="high" class="aligncenter wp-image-4912 size-medium" src="https://www.teatroreal.es/proyectolova/wp-content/uploads/2018/10/DSCF7795-300x200.jpg" alt="" width="300" height="200" srcset="https://www.teatroreal.es/proyectolova/wp-content/uploads/2018/10/DSCF7795-300x200.jpg 300w, https://www.teatroreal.es/proyectolova/wp-content/uploads/2018/10/DSCF7795-768x512.jpg 768w, https://www.teatroreal.es/proyectolova/wp-content/uploads/2018/10/DSCF7795-150x100.jpg 150w, https://www.teatroreal.es/proyectolova/wp-content/uploads/2018/10/DSCF7795-310x207.jpg 310w, https://www.teatroreal.es/proyectolova/wp-content/uploads/2018/10/DSCF7795.jpg 900w" sizes="(max-width: 300px) 100vw, 300px" /></a></p></div><div class="clear"></div></div></div></div></div>

<p>Espacio abierto lugar Legazpi &#8211; Matadero fecha sábado, 27 de octubre hora de 10:00 a 14:30 horas descripción Ven, haz tus propuestas y descubre las del resto de participantes. El espacio abierto permite al grupo generar, participar y disfrutar de actividades autogestionadas en unos de los espacios culturales más inspiradores de Madrid. Del espacio abierto han salido propuestas &#8230; <a title="" class="read-more" href="https://www.teatroreal.es/proyectolova/legazpi-matadero-sabado-27-manana-de-1000-a-1430h/">Read more</a></p>

<!-- This site is optimized with the Yoast SEO plugin v26.8 - https://yoast.com/product/yoast-seo-wordpress/ -->
<title>- LÓVA</title>
<meta name="robots" content="index, follow, max-snippet:-1, max-image-preview:large, max-video-preview:-1" />
<link rel="canonical" href="https://www.teatroreal.es/proyectolova/legazpi-matadero-sabado-27-manana-de-1000-a-1430h/" />
<meta property="og:locale" content="es_ES" />
<meta property="og:type" content="article" />
<meta property="og:title" content="- LÓVA" />
<meta property="og:description" content="Espacio abierto lugar Legazpi &#8211; Matadero fecha sábado, 27 de octubre hora de 10:00 a 14:30 horas descripción Ven, haz tus propuestas y descubre las del resto de participantes. El espacio abierto permite al grupo generar, participar y disfrutar de actividades autogestionadas en unos de los espacios culturales más inspiradores de Madrid. Del espacio abierto han salido propuestas ... Read more" />
<meta property="og:url" content="https://www.teatroreal.es/proyectolova/legazpi-matadero-sabado-27-manana-de-1000-a-1430h/" />
<meta property="og:site_name" content="LÓVA" />
<meta property="article:publisher" content="https://www.facebook.com/proyectolova/" />
<meta property="article:modified_time" content="2020-04-16T17:11:08+00:00" />
<meta name="twitter:card" content="summary_large_image" />
<meta name="twitter:site" content="@proyectolova" />
<meta name="twitter:label1" content="Tiempo de lectura" />
	<meta name="twitter:data1" content="1 minuto" />
<script type="application/ld+json" class="yoast-schema-graph">{"@context":"https://schema.org","@graph":[{"@type":"WebPage","@id":"https://www.teatroreal.es/proyectolova/legazpi-matadero-sabado-27-manana-de-1000-a-1430h/","url":"https://www.teatroreal.es/proyectolova/legazpi-matadero-sabado-27-manana-de-1000-a-1430h/","name":"- LÓVA","isPartOf":{"@id":"https://www.teatroreal.es/proyectolova/#website"},"datePublished":"2018-10-05T12:22:18+00:00","dateModified":"2020-04-16T17:11:08+00:00","inLanguage":"es","potentialAction":[{"@type":"ReadAction","target":["https://www.teatroreal.es/proyectolova/legazpi-matadero-sabado-27-manana-de-1000-a-1430h/"]}]},{"@type":"WebSite","@id":"https://www.teatroreal.es/proyectolova/#website","url":"https://www.teatroreal.es/proyectolova/","name":"LÓVA","description":"La Ópera, un Vehículo de Aprendizaje","publisher":{"@id":"https://www.teatroreal.es/proyectolova/#organization"},"potentialAction":[{"@type":"SearchAction","target":{"@type":"EntryPoint","urlTemplate":"https://www.teatroreal.es/proyectolova/?s={search_term_string}"},"query-input":{"@type":"PropertyValueSpecification","valueRequired":true,"valueName":"search_term_string"}}],"inLanguage":"es"},{"@type":"Organization","@id":"https://www.teatroreal.es/proyectolova/#organization","name":"LÓVA","url":"https://www.teatroreal.es/proyectolova/","logo":{"@type":"ImageObject","inLanguage":"es","@id":"https://www.teatroreal.es/proyectolova/#/schema/logo/image/","url":"https://www.teatroreal.es/proyectolova/wp-content/uploads/2018/01/logo-LÓVA-Mariné.jpg","contentUrl":"https://www.teatroreal.es/proyectolova/wp-content/uploads/2018/01/logo-LÓVA-Mariné.jpg","width":1890,"height":2848,"caption":"LÓVA"},"image":{"@id":"https://www.teatroreal.es/proyectolova/#/schema/logo/image/"},"sameAs":["https://www.facebook.com/proyectolova/","https://x.com/proyectolova","https://www.instagram.com/proyectolova/","https://www.linkedin.com/company/proyectolova/","https://www.youtube.com/user/mecenartis"]}]}</script>
<!-- / Yoast SEO plugin. -->

- LÓVA

Espacio abierto lugar Legazpi &#8211; Matadero fecha sábado, 27 de octubre hora de 10:00 a 14:30 horas descripción Ven, haz tus propuestas y descubre las del resto de participantes. El espacio abierto permite al grupo generar, participar y disfrutar de actividades autogestionadas en unos de los espacios culturales más inspiradores de Madrid. Del espacio abierto han salido propuestas ... Read more

LÓVA

La Ópera, un Vehículo de Aprendizaje

https://www.teatroreal.es/proyectolova/wp-content/uploads/2018/01/logo-LÓVA-Mariné.jpg
