{"id":4797,"date":"2018-10-06T11:25:40","date_gmt":"2018-10-06T10:25:40","guid":{"rendered":"https:\/\/www.teatroreal.es\/proyectolova\/?page_id=4797"},"modified":"2020-04-16T18:11:37","modified_gmt":"2020-04-16T17:11:37","slug":"chamberi-fundacion-giner-sabado-27-manana-de-1000-a-1430h","status":"publish","type":"page","link":"https:\/\/www.teatroreal.es\/proyectolova\/chamberi-fundacion-giner-sabado-27-manana-de-1000-a-1430h\/","title":{"rendered":""},"content":{"rendered":"<h1><\/h1>\n<hr \/>\n<h2>El cuerpo aprende: alumnado de L\u00d3VA imparte talleres para adultxs<\/h2>\n<p><strong>lugar:<\/strong> Chamber\u00ed &#8211; <a href=\"http:\/\/www.fundacionginer.org\/\" target=\"_blank\" rel=\"noopener noreferrer\">Fundaci\u00f3n Giner<\/a><br \/>\n<strong>fecha:<\/strong> s\u00e1bado, 27 de octubre<br \/>\n<strong>hora:<\/strong> de 10:00 a 14:30h.<\/p>\n<p><strong>descripci\u00f3n<\/strong><br \/>\n10:00 conectamos<br \/>\n10:30 siembra de aprendizajes: L\u00d3VA a trav\u00e9s de su alumnado<br \/>\nMuchos de los momentos inolvidables de L\u00d3VA son momentos protagonizados por ni\u00f1as\/ni\u00f1os, chicas\/chicos que brillan desplegando las alas de sus infinitas capacidades y nos dejan boquiabiertas, pregunt\u00e1ndonos por qu\u00e9 no les damos m\u00e1s oportunidades para hacerlo. En esta sesi\u00f3n participar\u00e1s en 6 talleres diferentes de 25 minutos cada uno (te indicaremos tu itinerario al llegar) impartidos por alumnado que ha hecho o est\u00e1 haciendo L\u00d3VA en su centro (educaci\u00f3n primaria, especial, secundaria y tambi\u00e9n veteranxs que vuelven a compartir su intensa experiencia con L\u00d3VA).<\/p>\n<p>Esta es la lista total de talleres (har\u00e1s 6 y te indicaremos tu itinerario al llegar):<\/p>\n<p>Esta alfombra sigue siendo un reto \u2013 CEIP Antonio Hern\u00e1ndez, M\u00f3stoles<br \/>\nL\u00d3VAmos a lograr \u2013 CEIP Valdebernardo, Madrid<br \/>\nSalvamos a un\/a compa\u00f1er@ \u2013 CEE Juan XXIII, Fuenlabrada<br \/>\nLuka Luka \u2013 Colegio Estudio 3 Afanias, Madrid<br \/>\nEl objeto importante \u2013 MM Concepcionistas, Madrid<br \/>\nAlfombra m\u00e1gica \u2013 Colegio Siglo XXI, Madrid<br \/>\nSiglo XXI \u2013 IES Alameda de Osuna, Madrid<br \/>\nJunt@s podemos \u2013 CEIP Joaqu\u00edn Costa, Madrid<br \/>\nSombra aqu\u00ed y sombra all\u00e1 \u2013 CEIP Ntra. Sra. de la Fuencisla, Madrid<br \/>\nLOVAventura \u2013 CEIP Ntra. Sra. de la Fuencisla, Madrid<br \/>\n\u00bfQui\u00e9n dijo imposible? \u2013 CEIP Mario Benedetti<\/p>\n<p>14:00 cosecha de aprendizajes: del trabajo en grupo a la puesta en com\u00fan<\/p>\n<p><a class=\"preload\" title=\"\" href=\"https:\/\/www.teatroreal.es\/proyectolova\/wp-content\/uploads\/2018\/10\/2K3A7808.jpg\" rel=\"prettyphoto\"><img fetchpriority=\"high\" decoding=\"async\" class=\"aligncenter wp-image-4939 size-medium\" src=\"https:\/\/www.teatroreal.es\/proyectolova\/wp-content\/uploads\/2018\/10\/2K3A7808-300x184.jpg\" alt=\"\" width=\"300\" height=\"184\" srcset=\"https:\/\/www.teatroreal.es\/proyectolova\/wp-content\/uploads\/2018\/10\/2K3A7808-300x184.jpg 300w, https:\/\/www.teatroreal.es\/proyectolova\/wp-content\/uploads\/2018\/10\/2K3A7808-768x470.jpg 768w, https:\/\/www.teatroreal.es\/proyectolova\/wp-content\/uploads\/2018\/10\/2K3A7808-1024x627.jpg 1024w, https:\/\/www.teatroreal.es\/proyectolova\/wp-content\/uploads\/2018\/10\/2K3A7808-150x92.jpg 150w, https:\/\/www.teatroreal.es\/proyectolova\/wp-content\/uploads\/2018\/10\/2K3A7808-310x190.jpg 310w\" sizes=\"(max-width: 300px) 100vw, 300px\" \/><\/a><\/p>\n<p>&nbsp;<\/p>\n<p>&nbsp;<\/p>\n<p><a href=\"https:\/\/www.teatroreal.es\/proyectolova\/formacion-curso-lova\/formacion-aprendanza-2\/\" target=\"_blank\" rel=\"noopener noreferrer\">*Volver al programa de aprendanza<\/a><\/p>\n","protected":false},"excerpt":{"rendered":"<p>El cuerpo aprende: alumnado de L\u00d3VA imparte talleres para adultxs lugar: Chamber\u00ed &#8211; Fundaci\u00f3n Giner fecha: s\u00e1bado, 27 de octubre hora: de 10:00 a 14:30h. descripci\u00f3n 10:00 conectamos 10:30 siembra de aprendizajes: L\u00d3VA a trav\u00e9s de su alumnado Muchos de los momentos inolvidables de L\u00d3VA son momentos protagonizados por ni\u00f1as\/ni\u00f1os, chicas\/chicos que brillan desplegando las &#8230; <a title=\"\" class=\"read-more\" href=\"https:\/\/www.teatroreal.es\/proyectolova\/chamberi-fundacion-giner-sabado-27-manana-de-1000-a-1430h\/\">Read more<\/a><\/p>\n","protected":false},"author":151,"featured_media":0,"parent":0,"menu_order":0,"comment_status":"closed","ping_status":"closed","template":"","meta":{"footnotes":""},"hashtags":[],"class_list":["post-4797","page","type-page","status-publish"],"yoast_head":"<!-- This site is optimized with the Yoast SEO plugin v26.8 - https:\/\/yoast.com\/product\/yoast-seo-wordpress\/ -->\n<title>- L\u00d3VA<\/title>\n<meta name=\"robots\" content=\"index, follow, max-snippet:-1, max-image-preview:large, max-video-preview:-1\" \/>\n<link rel=\"canonical\" href=\"https:\/\/www.teatroreal.es\/proyectolova\/chamberi-fundacion-giner-sabado-27-manana-de-1000-a-1430h\/\" \/>\n<meta property=\"og:locale\" content=\"es_ES\" \/>\n<meta property=\"og:type\" content=\"article\" \/>\n<meta property=\"og:title\" content=\"- L\u00d3VA\" \/>\n<meta property=\"og:description\" content=\"El cuerpo aprende: alumnado de L\u00d3VA imparte talleres para adultxs lugar: Chamber\u00ed &#8211; Fundaci\u00f3n Giner fecha: s\u00e1bado, 27 de octubre hora: de 10:00 a 14:30h. descripci\u00f3n 10:00 conectamos 10:30 siembra de aprendizajes: L\u00d3VA a trav\u00e9s de su alumnado Muchos de los momentos inolvidables de L\u00d3VA son momentos protagonizados por ni\u00f1as\/ni\u00f1os, chicas\/chicos que brillan desplegando las ... Read more\" \/>\n<meta property=\"og:url\" content=\"https:\/\/www.teatroreal.es\/proyectolova\/chamberi-fundacion-giner-sabado-27-manana-de-1000-a-1430h\/\" \/>\n<meta property=\"og:site_name\" content=\"L\u00d3VA\" \/>\n<meta property=\"article:publisher\" content=\"https:\/\/www.facebook.com\/proyectolova\/\" \/>\n<meta property=\"article:modified_time\" content=\"2020-04-16T17:11:37+00:00\" \/>\n<meta property=\"og:image\" content=\"https:\/\/www.teatroreal.es\/proyectolova\/wp-content\/uploads\/2018\/10\/2K3A7808-300x184.jpg\" \/>\n<meta name=\"twitter:card\" content=\"summary_large_image\" \/>\n<meta name=\"twitter:site\" content=\"@proyectolova\" \/>\n<meta name=\"twitter:label1\" content=\"Tiempo de lectura\" \/>\n\t<meta name=\"twitter:data1\" content=\"1 minuto\" \/>\n<script type=\"application\/ld+json\" class=\"yoast-schema-graph\">{\"@context\":\"https:\/\/schema.org\",\"@graph\":[{\"@type\":\"WebPage\",\"@id\":\"https:\/\/www.teatroreal.es\/proyectolova\/chamberi-fundacion-giner-sabado-27-manana-de-1000-a-1430h\/\",\"url\":\"https:\/\/www.teatroreal.es\/proyectolova\/chamberi-fundacion-giner-sabado-27-manana-de-1000-a-1430h\/\",\"name\":\"- L\u00d3VA\",\"isPartOf\":{\"@id\":\"https:\/\/www.teatroreal.es\/proyectolova\/#website\"},\"primaryImageOfPage\":{\"@id\":\"https:\/\/www.teatroreal.es\/proyectolova\/chamberi-fundacion-giner-sabado-27-manana-de-1000-a-1430h\/#primaryimage\"},\"image\":{\"@id\":\"https:\/\/www.teatroreal.es\/proyectolova\/chamberi-fundacion-giner-sabado-27-manana-de-1000-a-1430h\/#primaryimage\"},\"thumbnailUrl\":\"https:\/\/www.teatroreal.es\/proyectolova\/wp-content\/uploads\/2018\/10\/2K3A7808-300x184.jpg\",\"datePublished\":\"2018-10-06T10:25:40+00:00\",\"dateModified\":\"2020-04-16T17:11:37+00:00\",\"inLanguage\":\"es\",\"potentialAction\":[{\"@type\":\"ReadAction\",\"target\":[\"https:\/\/www.teatroreal.es\/proyectolova\/chamberi-fundacion-giner-sabado-27-manana-de-1000-a-1430h\/\"]}]},{\"@type\":\"ImageObject\",\"inLanguage\":\"es\",\"@id\":\"https:\/\/www.teatroreal.es\/proyectolova\/chamberi-fundacion-giner-sabado-27-manana-de-1000-a-1430h\/#primaryimage\",\"url\":\"https:\/\/www.teatroreal.es\/proyectolova\/wp-content\/uploads\/2018\/10\/2K3A7808.jpg\",\"contentUrl\":\"https:\/\/www.teatroreal.es\/proyectolova\/wp-content\/uploads\/2018\/10\/2K3A7808.jpg\",\"width\":5717,\"height\":3502},{\"@type\":\"WebSite\",\"@id\":\"https:\/\/www.teatroreal.es\/proyectolova\/#website\",\"url\":\"https:\/\/www.teatroreal.es\/proyectolova\/\",\"name\":\"L\u00d3VA\",\"description\":\"La \u00d3pera, un Veh\u00edculo de Aprendizaje\",\"publisher\":{\"@id\":\"https:\/\/www.teatroreal.es\/proyectolova\/#organization\"},\"potentialAction\":[{\"@type\":\"SearchAction\",\"target\":{\"@type\":\"EntryPoint\",\"urlTemplate\":\"https:\/\/www.teatroreal.es\/proyectolova\/?s={search_term_string}\"},\"query-input\":{\"@type\":\"PropertyValueSpecification\",\"valueRequired\":true,\"valueName\":\"search_term_string\"}}],\"inLanguage\":\"es\"},{\"@type\":\"Organization\",\"@id\":\"https:\/\/www.teatroreal.es\/proyectolova\/#organization\",\"name\":\"L\u00d3VA\",\"url\":\"https:\/\/www.teatroreal.es\/proyectolova\/\",\"logo\":{\"@type\":\"ImageObject\",\"inLanguage\":\"es\",\"@id\":\"https:\/\/www.teatroreal.es\/proyectolova\/#\/schema\/logo\/image\/\",\"url\":\"https:\/\/www.teatroreal.es\/proyectolova\/wp-content\/uploads\/2018\/01\/logo-L\u00d3VA-Marin\u00e9.jpg\",\"contentUrl\":\"https:\/\/www.teatroreal.es\/proyectolova\/wp-content\/uploads\/2018\/01\/logo-L\u00d3VA-Marin\u00e9.jpg\",\"width\":1890,\"height\":2848,\"caption\":\"L\u00d3VA\"},\"image\":{\"@id\":\"https:\/\/www.teatroreal.es\/proyectolova\/#\/schema\/logo\/image\/\"},\"sameAs\":[\"https:\/\/www.facebook.com\/proyectolova\/\",\"https:\/\/x.com\/proyectolova\",\"https:\/\/www.instagram.com\/proyectolova\/\",\"https:\/\/www.linkedin.com\/company\/proyectolova\/\",\"https:\/\/www.youtube.com\/user\/mecenartis\"]}]}<\/script>\n<!-- \/ Yoast SEO plugin. -->","yoast_head_json":{"title":"- L\u00d3VA","robots":{"index":"index","follow":"follow","max-snippet":"max-snippet:-1","max-image-preview":"max-image-preview:large","max-video-preview":"max-video-preview:-1"},"canonical":"https:\/\/www.teatroreal.es\/proyectolova\/chamberi-fundacion-giner-sabado-27-manana-de-1000-a-1430h\/","og_locale":"es_ES","og_type":"article","og_title":"- L\u00d3VA","og_description":"El cuerpo aprende: alumnado de L\u00d3VA imparte talleres para adultxs lugar: Chamber\u00ed &#8211; Fundaci\u00f3n Giner fecha: s\u00e1bado, 27 de octubre hora: de 10:00 a 14:30h. descripci\u00f3n 10:00 conectamos 10:30 siembra de aprendizajes: L\u00d3VA a trav\u00e9s de su alumnado Muchos de los momentos inolvidables de L\u00d3VA son momentos protagonizados por ni\u00f1as\/ni\u00f1os, chicas\/chicos que brillan desplegando las ... Read more","og_url":"https:\/\/www.teatroreal.es\/proyectolova\/chamberi-fundacion-giner-sabado-27-manana-de-1000-a-1430h\/","og_site_name":"L\u00d3VA","article_publisher":"https:\/\/www.facebook.com\/proyectolova\/","article_modified_time":"2020-04-16T17:11:37+00:00","og_image":[{"url":"https:\/\/www.teatroreal.es\/proyectolova\/wp-content\/uploads\/2018\/10\/2K3A7808-300x184.jpg","type":"","width":"","height":""}],"twitter_card":"summary_large_image","twitter_site":"@proyectolova","twitter_misc":{"Tiempo de lectura":"1 minuto"},"schema":{"@context":"https:\/\/schema.org","@graph":[{"@type":"WebPage","@id":"https:\/\/www.teatroreal.es\/proyectolova\/chamberi-fundacion-giner-sabado-27-manana-de-1000-a-1430h\/","url":"https:\/\/www.teatroreal.es\/proyectolova\/chamberi-fundacion-giner-sabado-27-manana-de-1000-a-1430h\/","name":"- L\u00d3VA","isPartOf":{"@id":"https:\/\/www.teatroreal.es\/proyectolova\/#website"},"primaryImageOfPage":{"@id":"https:\/\/www.teatroreal.es\/proyectolova\/chamberi-fundacion-giner-sabado-27-manana-de-1000-a-1430h\/#primaryimage"},"image":{"@id":"https:\/\/www.teatroreal.es\/proyectolova\/chamberi-fundacion-giner-sabado-27-manana-de-1000-a-1430h\/#primaryimage"},"thumbnailUrl":"https:\/\/www.teatroreal.es\/proyectolova\/wp-content\/uploads\/2018\/10\/2K3A7808-300x184.jpg","datePublished":"2018-10-06T10:25:40+00:00","dateModified":"2020-04-16T17:11:37+00:00","inLanguage":"es","potentialAction":[{"@type":"ReadAction","target":["https:\/\/www.teatroreal.es\/proyectolova\/chamberi-fundacion-giner-sabado-27-manana-de-1000-a-1430h\/"]}]},{"@type":"ImageObject","inLanguage":"es","@id":"https:\/\/www.teatroreal.es\/proyectolova\/chamberi-fundacion-giner-sabado-27-manana-de-1000-a-1430h\/#primaryimage","url":"https:\/\/www.teatroreal.es\/proyectolova\/wp-content\/uploads\/2018\/10\/2K3A7808.jpg","contentUrl":"https:\/\/www.teatroreal.es\/proyectolova\/wp-content\/uploads\/2018\/10\/2K3A7808.jpg","width":5717,"height":3502},{"@type":"WebSite","@id":"https:\/\/www.teatroreal.es\/proyectolova\/#website","url":"https:\/\/www.teatroreal.es\/proyectolova\/","name":"L\u00d3VA","description":"La \u00d3pera, un Veh\u00edculo de Aprendizaje","publisher":{"@id":"https:\/\/www.teatroreal.es\/proyectolova\/#organization"},"potentialAction":[{"@type":"SearchAction","target":{"@type":"EntryPoint","urlTemplate":"https:\/\/www.teatroreal.es\/proyectolova\/?s={search_term_string}"},"query-input":{"@type":"PropertyValueSpecification","valueRequired":true,"valueName":"search_term_string"}}],"inLanguage":"es"},{"@type":"Organization","@id":"https:\/\/www.teatroreal.es\/proyectolova\/#organization","name":"L\u00d3VA","url":"https:\/\/www.teatroreal.es\/proyectolova\/","logo":{"@type":"ImageObject","inLanguage":"es","@id":"https:\/\/www.teatroreal.es\/proyectolova\/#\/schema\/logo\/image\/","url":"https:\/\/www.teatroreal.es\/proyectolova\/wp-content\/uploads\/2018\/01\/logo-L\u00d3VA-Marin\u00e9.jpg","contentUrl":"https:\/\/www.teatroreal.es\/proyectolova\/wp-content\/uploads\/2018\/01\/logo-L\u00d3VA-Marin\u00e9.jpg","width":1890,"height":2848,"caption":"L\u00d3VA"},"image":{"@id":"https:\/\/www.teatroreal.es\/proyectolova\/#\/schema\/logo\/image\/"},"sameAs":["https:\/\/www.facebook.com\/proyectolova\/","https:\/\/x.com\/proyectolova","https:\/\/www.instagram.com\/proyectolova\/","https:\/\/www.linkedin.com\/company\/proyectolova\/","https:\/\/www.youtube.com\/user\/mecenartis"]}]}},"_links":{"self":[{"href":"https:\/\/www.teatroreal.es\/proyectolova\/wp-json\/wp\/v2\/pages\/4797","targetHints":{"allow":["GET"]}}],"collection":[{"href":"https:\/\/www.teatroreal.es\/proyectolova\/wp-json\/wp\/v2\/pages"}],"about":[{"href":"https:\/\/www.teatroreal.es\/proyectolova\/wp-json\/wp\/v2\/types\/page"}],"author":[{"embeddable":true,"href":"https:\/\/www.teatroreal.es\/proyectolova\/wp-json\/wp\/v2\/users\/151"}],"replies":[{"embeddable":true,"href":"https:\/\/www.teatroreal.es\/proyectolova\/wp-json\/wp\/v2\/comments?post=4797"}],"version-history":[{"count":14,"href":"https:\/\/www.teatroreal.es\/proyectolova\/wp-json\/wp\/v2\/pages\/4797\/revisions"}],"predecessor-version":[{"id":7240,"href":"https:\/\/www.teatroreal.es\/proyectolova\/wp-json\/wp\/v2\/pages\/4797\/revisions\/7240"}],"wp:attachment":[{"href":"https:\/\/www.teatroreal.es\/proyectolova\/wp-json\/wp\/v2\/media?parent=4797"}],"wp:term":[{"taxonomy":"hashtags","embeddable":true,"href":"https:\/\/www.teatroreal.es\/proyectolova\/wp-json\/wp\/v2\/hashtags?post=4797"}],"curies":[{"name":"wp","href":"https:\/\/api.w.org\/{rel}","templated":true}]}}