{"id":7994,"date":"2021-02-21T12:03:23","date_gmt":"2021-02-21T10:03:23","guid":{"rendered":"https:\/\/www.teatroreal.es\/proyectolova\/?page_id=7994"},"modified":"2021-03-12T21:36:27","modified_gmt":"2021-03-12T19:36:27","slug":"sesion-6","status":"publish","type":"page","link":"https:\/\/www.teatroreal.es\/proyectolova\/lovamas\/sesion-6\/","title":{"rendered":"COVID19 y poes\u00eda &#8211; Sesi\u00f3n 6 L\u00d3VA+"},"content":{"rendered":"\t\t<div data-elementor-type=\"wp-page\" data-elementor-id=\"7994\" class=\"elementor elementor-7994\" data-elementor-post-type=\"page\">\n\t\t\t\t\t\t<section class=\"elementor-section elementor-top-section elementor-element elementor-element-5a281ad elementor-section-boxed elementor-section-height-default elementor-section-height-default qodef-elementor-content-no\" data-id=\"5a281ad\" data-element_type=\"section\">\n\t\t\t\t\t\t<div class=\"elementor-container elementor-column-gap-default\">\n\t\t\t\t\t<div class=\"elementor-column elementor-col-100 elementor-top-column elementor-element elementor-element-ec97db1\" data-id=\"ec97db1\" data-element_type=\"column\">\n\t\t\t<div class=\"elementor-widget-wrap elementor-element-populated\">\n\t\t\t\t\t\t<div class=\"elementor-element elementor-element-319f710 elementor-widget elementor-widget-heading\" data-id=\"319f710\" data-element_type=\"widget\" data-widget_type=\"heading.default\">\n\t\t\t\t<div class=\"elementor-widget-container\">\n\t\t\t\t\t<h2 class=\"elementor-heading-title elementor-size-default\">Protocolos COVID19 y poes\u00eda en movimiento       \nSesi\u00f3n 6 L\u00d3VA+<\/h2>\t\t\t\t<\/div>\n\t\t\t\t<\/div>\n\t\t\t\t\t<\/div>\n\t\t<\/div>\n\t\t\t\t\t<\/div>\n\t\t<\/section>\n\t\t\t\t<section class=\"elementor-section elementor-top-section elementor-element elementor-element-78e03c40 elementor-section-boxed elementor-section-height-default elementor-section-height-default qodef-elementor-content-no\" data-id=\"78e03c40\" data-element_type=\"section\">\n\t\t\t\t\t\t<div class=\"elementor-container elementor-column-gap-default\">\n\t\t\t\t\t<div class=\"elementor-column elementor-col-100 elementor-top-column elementor-element elementor-element-ef5177\" data-id=\"ef5177\" data-element_type=\"column\">\n\t\t\t<div class=\"elementor-widget-wrap elementor-element-populated\">\n\t\t\t\t\t\t<div class=\"elementor-element elementor-element-7ce8d79a elementor-widget elementor-widget-text-editor\" data-id=\"7ce8d79a\" data-element_type=\"widget\" data-widget_type=\"text-editor.default\">\n\t\t\t\t<div class=\"elementor-widget-container\">\n\t\t\t\t\t\t\t\t\t<p>Seguimos nuestra ruta e hicimos una nueva escala en nuestra traves\u00eda el mi\u00e9rcoles 17 de febrero.<\/p><p><span dir=\"auto\">Aqu\u00ed te dejamos el v\u00eddeo de la sesi\u00f3n:\u00a0<\/span><\/p><p><iframe src=\"https:\/\/www.youtube.com\/embed\/IENWk1u9IpE\" width=\"560\" height=\"315\" frameborder=\"0\" allowfullscreen=\"allowfullscreen\"><\/iframe><\/p><h2>Primera parada. Protocolo COVID19<\/h2><p>\u00bfC\u00f3mo gestionar la presencia de p\u00fablico en el contexto de pandemia en el que nos encontramos? \u00bfQu\u00e9 cosas debemos tener en cuenta para elaborar e implementar un protocolo COVID19? De la mano de Catalina Arciniegas y Sol Rodriguez, responsables de p\u00fablicos del Teatro de La Abad\u00eda abordamos esta cuesti\u00f3n fundamental hoy d\u00eda para todas aquellas compa\u00f1\u00edas que se est\u00e1n planteando como producto final una representaci\u00f3n con p\u00fablico.<\/p><h2>Segunda parada. Documentaci\u00f3n: narrativa fotogr\u00e1fica<\/h2><p>Visualizamos el \u00e1lbum colectivo generado con vuestras aportaciones que documenta en forma de relato visual, el trabajo que se est\u00e1 llevando a cabo por la compa\u00f1\u00edas.\u00a0 En la sesi\u00f3n anterior os pedimos que aportarais dos fotograf\u00edas, hechas por alumn@s.<\/p><p>&#8211; Una, que documentara alguna faceta del trabajo que el alumnado estaba realizando (bien sea de su profesi\u00f3n en la Compa\u00f1\u00eda, si hac\u00e9is \u00f3pera, o cualquier otra tarea si no la hac\u00e9is).<\/p><p>&#8211; Otra, que representase simb\u00f3licamente, una met\u00e1fora visual, de un tema que ten\u00eda ocupada a vuestra clase en estos momentos.<\/p>\t\t\t\t\t\t\t\t<\/div>\n\t\t\t\t<\/div>\n\t\t\t\t<div class=\"elementor-element elementor-element-a7aa3c8 elementor-widget elementor-widget-video\" data-id=\"a7aa3c8\" data-element_type=\"widget\" data-settings=\"{&quot;youtube_url&quot;:&quot;https:\\\/\\\/www.youtube.com\\\/watch?v=PuW5GuheVq4&quot;,&quot;video_type&quot;:&quot;youtube&quot;,&quot;controls&quot;:&quot;yes&quot;}\" data-widget_type=\"video.default\">\n\t\t\t\t<div class=\"elementor-widget-container\">\n\t\t\t\t\t\t\t<div class=\"elementor-wrapper elementor-open-inline\">\n\t\t\t<div class=\"elementor-video\"><\/div>\t\t<\/div>\n\t\t\t\t\t\t<\/div>\n\t\t\t\t<\/div>\n\t\t\t\t\t<\/div>\n\t\t<\/div>\n\t\t\t\t\t<\/div>\n\t\t<\/section>\n\t\t\t\t<section class=\"elementor-section elementor-top-section elementor-element elementor-element-6ff3651 elementor-section-boxed elementor-section-height-default elementor-section-height-default qodef-elementor-content-no\" data-id=\"6ff3651\" data-element_type=\"section\">\n\t\t\t\t\t\t<div class=\"elementor-container elementor-column-gap-default\">\n\t\t\t\t\t<div class=\"elementor-column elementor-col-100 elementor-top-column elementor-element elementor-element-7d78e7e\" data-id=\"7d78e7e\" data-element_type=\"column\">\n\t\t\t<div class=\"elementor-widget-wrap elementor-element-populated\">\n\t\t\t\t\t\t<div class=\"elementor-element elementor-element-98dfd11 elementor-widget elementor-widget-text-editor\" data-id=\"98dfd11\" data-element_type=\"widget\" data-widget_type=\"text-editor.default\">\n\t\t\t\t<div class=\"elementor-widget-container\">\n\t\t\t\t\t\t\t\t\t<h2><span style=\"font-style: inherit; color: var( --e-global-color-text );\">Tercera parada. Taller de poes\u00eda en movimiento<\/span><\/h2><p>En peque\u00f1o grupo investigamos 4 estilos de poes\u00eda de rima libre que pueden sernos de utilidad a la hora de crear las letras de nuestros temas musicales:<\/p><ul><li>Haiku<\/li><li>Elfia<\/li><li>8 versos<\/li><li>Encadenada<\/li><\/ul><p>Una vez creadas nuestras poes\u00edas procedimos a teatralizarlas y mostrarlas en gran grupo.<\/p><p><iframe src=\"https:\/\/docs.google.com\/presentation\/d\/e\/2PACX-1vTzhWo4H8FOis6057Q7ZH01mJN233ZC1Lsrg6EpHrKmj0bdtE0vaAPdJsTHfs96iS3hmh2BKFh65QdP\/embed?start=false&amp;loop=false&amp;delayms=3000\" width=\"960\" height=\"749\" frameborder=\"0\" allowfullscreen=\"allowfullscreen\"><\/iframe><\/p>\t\t\t\t\t\t\t\t<\/div>\n\t\t\t\t<\/div>\n\t\t\t\t\t<\/div>\n\t\t<\/div>\n\t\t\t\t\t<\/div>\n\t\t<\/section>\n\t\t\t\t<\/div>\n\t\t","protected":false},"excerpt":{"rendered":"<p>Protocolos COVID19 y poes\u00eda en movimiento Sesi\u00f3n 6 L\u00d3VA+ Seguimos nuestra ruta e hicimos una nueva escala en nuestra traves\u00eda el mi\u00e9rcoles 17 de febrero. Aqu\u00ed te dejamos el v\u00eddeo de la sesi\u00f3n:\u00a0 Primera parada. Protocolo COVID19 \u00bfC\u00f3mo gestionar la presencia de p\u00fablico en el contexto de pandemia en el que nos encontramos? \u00bfQu\u00e9 cosas &#8230; <a title=\"COVID19 y poes\u00eda &#8211; Sesi\u00f3n 6 L\u00d3VA+\" class=\"read-more\" href=\"https:\/\/www.teatroreal.es\/proyectolova\/lovamas\/sesion-6\/\">Read more<\/a><\/p>\n","protected":false},"author":151,"featured_media":0,"parent":7369,"menu_order":0,"comment_status":"closed","ping_status":"closed","template":"","meta":{"_has_post_settings":[],"footnotes":""},"hashtags":[],"class_list":["post-7994","page","type-page","status-publish"],"yoast_head":"<!-- This site is optimized with the Yoast SEO plugin v27.6 - https:\/\/yoast.com\/product\/yoast-seo-wordpress\/ -->\n<title>COVID19 y poes\u00eda - Sesi\u00f3n 6 L\u00d3VA+ - L\u00d3VA<\/title>\n<meta name=\"robots\" content=\"index, follow, max-snippet:-1, max-image-preview:large, max-video-preview:-1\" \/>\n<link rel=\"canonical\" href=\"https:\/\/www.teatroreal.es\/proyectolova\/lovamas\/sesion-6\/\" \/>\n<meta property=\"og:locale\" content=\"es_ES\" \/>\n<meta property=\"og:type\" content=\"article\" \/>\n<meta property=\"og:title\" content=\"COVID19 y poes\u00eda - Sesi\u00f3n 6 L\u00d3VA+ - L\u00d3VA\" \/>\n<meta property=\"og:description\" content=\"Protocolos COVID19 y poes\u00eda en movimiento Sesi\u00f3n 6 L\u00d3VA+ Seguimos nuestra ruta e hicimos una nueva escala en nuestra traves\u00eda el mi\u00e9rcoles 17 de febrero. Aqu\u00ed te dejamos el v\u00eddeo de la sesi\u00f3n:\u00a0 Primera parada. Protocolo COVID19 \u00bfC\u00f3mo gestionar la presencia de p\u00fablico en el contexto de pandemia en el que nos encontramos? \u00bfQu\u00e9 cosas ... Read more\" \/>\n<meta property=\"og:url\" content=\"https:\/\/www.teatroreal.es\/proyectolova\/lovamas\/sesion-6\/\" \/>\n<meta property=\"og:site_name\" content=\"L\u00d3VA\" \/>\n<meta property=\"article:publisher\" content=\"https:\/\/www.facebook.com\/proyectolova\/\" \/>\n<meta property=\"article:modified_time\" content=\"2021-03-12T19:36:27+00:00\" \/>\n<meta name=\"twitter:card\" content=\"summary_large_image\" \/>\n<meta name=\"twitter:site\" content=\"@proyectolova\" \/>\n<meta name=\"twitter:label1\" content=\"Tiempo de lectura\" \/>\n\t<meta name=\"twitter:data1\" content=\"2 minutos\" \/>\n<script type=\"application\/ld+json\" class=\"yoast-schema-graph\">{\"@context\":\"https:\\\/\\\/schema.org\",\"@graph\":[{\"@type\":\"WebPage\",\"@id\":\"https:\\\/\\\/www.teatroreal.es\\\/proyectolova\\\/lovamas\\\/sesion-6\\\/\",\"url\":\"https:\\\/\\\/www.teatroreal.es\\\/proyectolova\\\/lovamas\\\/sesion-6\\\/\",\"name\":\"COVID19 y poes\u00eda - Sesi\u00f3n 6 L\u00d3VA+ - L\u00d3VA\",\"isPartOf\":{\"@id\":\"https:\\\/\\\/www.teatroreal.es\\\/proyectolova\\\/#website\"},\"datePublished\":\"2021-02-21T10:03:23+00:00\",\"dateModified\":\"2021-03-12T19:36:27+00:00\",\"breadcrumb\":{\"@id\":\"https:\\\/\\\/www.teatroreal.es\\\/proyectolova\\\/lovamas\\\/sesion-6\\\/#breadcrumb\"},\"inLanguage\":\"es\",\"potentialAction\":[{\"@type\":\"ReadAction\",\"target\":[\"https:\\\/\\\/www.teatroreal.es\\\/proyectolova\\\/lovamas\\\/sesion-6\\\/\"]}]},{\"@type\":\"BreadcrumbList\",\"@id\":\"https:\\\/\\\/www.teatroreal.es\\\/proyectolova\\\/lovamas\\\/sesion-6\\\/#breadcrumb\",\"itemListElement\":[{\"@type\":\"ListItem\",\"position\":1,\"name\":\"Portada\",\"item\":\"https:\\\/\\\/www.teatroreal.es\\\/proyectolova\\\/\"},{\"@type\":\"ListItem\",\"position\":2,\"name\":\"ON-LINE\",\"item\":\"https:\\\/\\\/www.teatroreal.es\\\/proyectolova\\\/lovamas\\\/\"},{\"@type\":\"ListItem\",\"position\":3,\"name\":\"COVID19 y poes\u00eda &#8211; Sesi\u00f3n 6 L\u00d3VA+\"}]},{\"@type\":\"WebSite\",\"@id\":\"https:\\\/\\\/www.teatroreal.es\\\/proyectolova\\\/#website\",\"url\":\"https:\\\/\\\/www.teatroreal.es\\\/proyectolova\\\/\",\"name\":\"L\u00d3VA\",\"description\":\"La \u00d3pera, un Veh\u00edculo de Aprendizaje\",\"publisher\":{\"@id\":\"https:\\\/\\\/www.teatroreal.es\\\/proyectolova\\\/#organization\"},\"potentialAction\":[{\"@type\":\"SearchAction\",\"target\":{\"@type\":\"EntryPoint\",\"urlTemplate\":\"https:\\\/\\\/www.teatroreal.es\\\/proyectolova\\\/?s={search_term_string}\"},\"query-input\":{\"@type\":\"PropertyValueSpecification\",\"valueRequired\":true,\"valueName\":\"search_term_string\"}}],\"inLanguage\":\"es\"},{\"@type\":\"Organization\",\"@id\":\"https:\\\/\\\/www.teatroreal.es\\\/proyectolova\\\/#organization\",\"name\":\"L\u00d3VA\",\"url\":\"https:\\\/\\\/www.teatroreal.es\\\/proyectolova\\\/\",\"logo\":{\"@type\":\"ImageObject\",\"inLanguage\":\"es\",\"@id\":\"https:\\\/\\\/www.teatroreal.es\\\/proyectolova\\\/#\\\/schema\\\/logo\\\/image\\\/\",\"url\":\"https:\\\/\\\/www.teatroreal.es\\\/proyectolova\\\/wp-content\\\/uploads\\\/2018\\\/01\\\/logo-L\u00d3VA-Marin\u00e9.jpg\",\"contentUrl\":\"https:\\\/\\\/www.teatroreal.es\\\/proyectolova\\\/wp-content\\\/uploads\\\/2018\\\/01\\\/logo-L\u00d3VA-Marin\u00e9.jpg\",\"width\":1890,\"height\":2848,\"caption\":\"L\u00d3VA\"},\"image\":{\"@id\":\"https:\\\/\\\/www.teatroreal.es\\\/proyectolova\\\/#\\\/schema\\\/logo\\\/image\\\/\"},\"sameAs\":[\"https:\\\/\\\/www.facebook.com\\\/proyectolova\\\/\",\"https:\\\/\\\/x.com\\\/proyectolova\",\"https:\\\/\\\/www.instagram.com\\\/proyectolova\\\/\",\"https:\\\/\\\/www.linkedin.com\\\/company\\\/proyectolova\\\/\",\"https:\\\/\\\/www.youtube.com\\\/user\\\/mecenartis\"]}]}<\/script>\n<!-- \/ Yoast SEO plugin. -->","yoast_head_json":{"title":"COVID19 y poes\u00eda - Sesi\u00f3n 6 L\u00d3VA+ - L\u00d3VA","robots":{"index":"index","follow":"follow","max-snippet":"max-snippet:-1","max-image-preview":"max-image-preview:large","max-video-preview":"max-video-preview:-1"},"canonical":"https:\/\/www.teatroreal.es\/proyectolova\/lovamas\/sesion-6\/","og_locale":"es_ES","og_type":"article","og_title":"COVID19 y poes\u00eda - Sesi\u00f3n 6 L\u00d3VA+ - L\u00d3VA","og_description":"Protocolos COVID19 y poes\u00eda en movimiento Sesi\u00f3n 6 L\u00d3VA+ Seguimos nuestra ruta e hicimos una nueva escala en nuestra traves\u00eda el mi\u00e9rcoles 17 de febrero. Aqu\u00ed te dejamos el v\u00eddeo de la sesi\u00f3n:\u00a0 Primera parada. Protocolo COVID19 \u00bfC\u00f3mo gestionar la presencia de p\u00fablico en el contexto de pandemia en el que nos encontramos? \u00bfQu\u00e9 cosas ... Read more","og_url":"https:\/\/www.teatroreal.es\/proyectolova\/lovamas\/sesion-6\/","og_site_name":"L\u00d3VA","article_publisher":"https:\/\/www.facebook.com\/proyectolova\/","article_modified_time":"2021-03-12T19:36:27+00:00","twitter_card":"summary_large_image","twitter_site":"@proyectolova","twitter_misc":{"Tiempo de lectura":"2 minutos"},"schema":{"@context":"https:\/\/schema.org","@graph":[{"@type":"WebPage","@id":"https:\/\/www.teatroreal.es\/proyectolova\/lovamas\/sesion-6\/","url":"https:\/\/www.teatroreal.es\/proyectolova\/lovamas\/sesion-6\/","name":"COVID19 y poes\u00eda - Sesi\u00f3n 6 L\u00d3VA+ - L\u00d3VA","isPartOf":{"@id":"https:\/\/www.teatroreal.es\/proyectolova\/#website"},"datePublished":"2021-02-21T10:03:23+00:00","dateModified":"2021-03-12T19:36:27+00:00","breadcrumb":{"@id":"https:\/\/www.teatroreal.es\/proyectolova\/lovamas\/sesion-6\/#breadcrumb"},"inLanguage":"es","potentialAction":[{"@type":"ReadAction","target":["https:\/\/www.teatroreal.es\/proyectolova\/lovamas\/sesion-6\/"]}]},{"@type":"BreadcrumbList","@id":"https:\/\/www.teatroreal.es\/proyectolova\/lovamas\/sesion-6\/#breadcrumb","itemListElement":[{"@type":"ListItem","position":1,"name":"Portada","item":"https:\/\/www.teatroreal.es\/proyectolova\/"},{"@type":"ListItem","position":2,"name":"ON-LINE","item":"https:\/\/www.teatroreal.es\/proyectolova\/lovamas\/"},{"@type":"ListItem","position":3,"name":"COVID19 y poes\u00eda &#8211; Sesi\u00f3n 6 L\u00d3VA+"}]},{"@type":"WebSite","@id":"https:\/\/www.teatroreal.es\/proyectolova\/#website","url":"https:\/\/www.teatroreal.es\/proyectolova\/","name":"L\u00d3VA","description":"La \u00d3pera, un Veh\u00edculo de Aprendizaje","publisher":{"@id":"https:\/\/www.teatroreal.es\/proyectolova\/#organization"},"potentialAction":[{"@type":"SearchAction","target":{"@type":"EntryPoint","urlTemplate":"https:\/\/www.teatroreal.es\/proyectolova\/?s={search_term_string}"},"query-input":{"@type":"PropertyValueSpecification","valueRequired":true,"valueName":"search_term_string"}}],"inLanguage":"es"},{"@type":"Organization","@id":"https:\/\/www.teatroreal.es\/proyectolova\/#organization","name":"L\u00d3VA","url":"https:\/\/www.teatroreal.es\/proyectolova\/","logo":{"@type":"ImageObject","inLanguage":"es","@id":"https:\/\/www.teatroreal.es\/proyectolova\/#\/schema\/logo\/image\/","url":"https:\/\/www.teatroreal.es\/proyectolova\/wp-content\/uploads\/2018\/01\/logo-L\u00d3VA-Marin\u00e9.jpg","contentUrl":"https:\/\/www.teatroreal.es\/proyectolova\/wp-content\/uploads\/2018\/01\/logo-L\u00d3VA-Marin\u00e9.jpg","width":1890,"height":2848,"caption":"L\u00d3VA"},"image":{"@id":"https:\/\/www.teatroreal.es\/proyectolova\/#\/schema\/logo\/image\/"},"sameAs":["https:\/\/www.facebook.com\/proyectolova\/","https:\/\/x.com\/proyectolova","https:\/\/www.instagram.com\/proyectolova\/","https:\/\/www.linkedin.com\/company\/proyectolova\/","https:\/\/www.youtube.com\/user\/mecenartis"]}]}},"_links":{"self":[{"href":"https:\/\/www.teatroreal.es\/proyectolova\/wp-json\/wp\/v2\/pages\/7994","targetHints":{"allow":["GET"]}}],"collection":[{"href":"https:\/\/www.teatroreal.es\/proyectolova\/wp-json\/wp\/v2\/pages"}],"about":[{"href":"https:\/\/www.teatroreal.es\/proyectolova\/wp-json\/wp\/v2\/types\/page"}],"author":[{"embeddable":true,"href":"https:\/\/www.teatroreal.es\/proyectolova\/wp-json\/wp\/v2\/users\/151"}],"replies":[{"embeddable":true,"href":"https:\/\/www.teatroreal.es\/proyectolova\/wp-json\/wp\/v2\/comments?post=7994"}],"version-history":[{"count":28,"href":"https:\/\/www.teatroreal.es\/proyectolova\/wp-json\/wp\/v2\/pages\/7994\/revisions"}],"predecessor-version":[{"id":8139,"href":"https:\/\/www.teatroreal.es\/proyectolova\/wp-json\/wp\/v2\/pages\/7994\/revisions\/8139"}],"up":[{"embeddable":true,"href":"https:\/\/www.teatroreal.es\/proyectolova\/wp-json\/wp\/v2\/pages\/7369"}],"wp:attachment":[{"href":"https:\/\/www.teatroreal.es\/proyectolova\/wp-json\/wp\/v2\/media?parent=7994"}],"wp:term":[{"taxonomy":"hashtags","embeddable":true,"href":"https:\/\/www.teatroreal.es\/proyectolova\/wp-json\/wp\/v2\/hashtags?post=7994"}],"curies":[{"name":"wp","href":"https:\/\/api.w.org\/{rel}","templated":true}]}}