{"id":8421,"date":"2021-05-21T10:43:04","date_gmt":"2021-05-21T08:43:04","guid":{"rendered":"https:\/\/www.teatroreal.es\/proyectolova\/?page_id=8421"},"modified":"2021-05-21T12:01:40","modified_gmt":"2021-05-21T10:01:40","slug":"sesion-9","status":"publish","type":"page","link":"https:\/\/www.teatroreal.es\/proyectolova\/lovamas\/sesion-9\/","title":{"rendered":"Sesi\u00f3n 9 L\u00d3VA+"},"content":{"rendered":"<h2>Encuentro de compa\u00f1\u00edas<\/h2>\n<p>El mi\u00e9rcoles 19 de mayo tuvimos la novena sesi\u00f3n L\u00d3VA+. Como loveros y loveras sabemos que lo m\u00e1s importante es vivir, disfrutar y aprender del proceso de creaci\u00f3n de una \u00f3pera y que los aut\u00e9nticos protagonistas de esta aventura son los ni\u00f1os, ni\u00f1as y adolescentes.\u00a0En esta sesi\u00f3n tuvimos oportunidad de escuchar de su mano su experiencia L\u00d3VA en este a\u00f1o especialmente complicado.<\/p>\n<p>Aqu\u00ed te dejamos el v\u00eddeo de la sesi\u00f3n:<\/p>\n<p style=\"text-align: center;\"><iframe src=\"https:\/\/www.youtube.com\/embed\/W_C_th1C9tQ\" width=\"560\" height=\"315\" frameborder=\"0\" allowfullscreen=\"allowfullscreen\"><span data-mce-type=\"bookmark\" style=\"display: inline-block; width: 0px; overflow: hidden; line-height: 0;\" class=\"mce_SELRES_start\">\ufeff<\/span><\/iframe><\/p>\n<p>&nbsp;<\/p>\n<p>En este encuentro de compa\u00f1\u00edas se habilitaron dos formatos distintos de presentaci\u00f3n con el fin de facilitar la participaci\u00f3n a las distintas compa\u00f1\u00edas.<\/p>\n<h2>V\u00eddeo presentaciones<\/h2>\n<ul>\n<li>Grupo Imparable<\/li>\n<li>La Cadena<\/li>\n<li>Los Senegami<\/li>\n<li>Las tortugas<\/li>\n<li>The Team Wolf Company<\/li>\n<li>Dragones de Oro<\/li>\n<li>Sue\u00f1os reales<\/li>\n<\/ul>\n<h2>Presentaciones en directo<\/h2>\n<ul>\n<li class=\"p1\">Alquerias SL<\/li>\n<li>Alquiadictor<\/li>\n<li>Elver&#8217;s<\/li>\n<li>The little music<\/li>\n<li>Sue\u00f1os reales<\/li>\n<li>Arco\u00edris<\/li>\n<li>8 anys amb tu<\/li>\n<li>Cuanto m\u00e1s peque\u00f1os m\u00e1s grandes<\/li>\n<li>Kabilarte<\/li>\n<\/ul>\n<p>Adem\u00e1s tuvimos la suerte de abrir y cerrar la sesi\u00f3n con dos din\u00e1micas conducidas por los ni\u00f1os, las ni\u00f1as y los adolescentes de las compa\u00f1\u00edas Arco\u00edris y 8 anys amb tu.<\/p>\n<p>\u00a1Much\u00edsimas gracias a todos y todas por vuestra generosidad a la hora de compartir vuestro trabajo y enhorabuena!<\/p>\n","protected":false},"excerpt":{"rendered":"<p>Encuentro de compa\u00f1\u00edas El mi\u00e9rcoles 19 de mayo tuvimos la novena sesi\u00f3n L\u00d3VA+. Como loveros y loveras sabemos que lo m\u00e1s importante es vivir, disfrutar y aprender del proceso de creaci\u00f3n de una \u00f3pera y que los aut\u00e9nticos protagonistas de esta aventura son los ni\u00f1os, ni\u00f1as y adolescentes.\u00a0En esta sesi\u00f3n tuvimos oportunidad de escuchar de &#8230; <a title=\"Sesi\u00f3n 9 L\u00d3VA+\" class=\"read-more\" href=\"https:\/\/www.teatroreal.es\/proyectolova\/lovamas\/sesion-9\/\">Read more<\/a><\/p>\n","protected":false},"author":151,"featured_media":8381,"parent":7369,"menu_order":0,"comment_status":"closed","ping_status":"closed","template":"","meta":{"footnotes":""},"hashtags":[],"class_list":["post-8421","page","type-page","status-publish","has-post-thumbnail"],"yoast_head":"<!-- This site is optimized with the Yoast SEO plugin v26.8 - https:\/\/yoast.com\/product\/yoast-seo-wordpress\/ -->\n<title>Sesi\u00f3n 9 L\u00d3VA+ - L\u00d3VA<\/title>\n<meta name=\"robots\" content=\"index, follow, max-snippet:-1, max-image-preview:large, max-video-preview:-1\" \/>\n<link rel=\"canonical\" href=\"https:\/\/www.teatroreal.es\/proyectolova\/lovamas\/sesion-9\/\" \/>\n<meta property=\"og:locale\" content=\"es_ES\" \/>\n<meta property=\"og:type\" content=\"article\" \/>\n<meta property=\"og:title\" content=\"Sesi\u00f3n 9 L\u00d3VA+ - L\u00d3VA\" \/>\n<meta property=\"og:description\" content=\"Encuentro de compa\u00f1\u00edas El mi\u00e9rcoles 19 de mayo tuvimos la novena sesi\u00f3n L\u00d3VA+. Como loveros y loveras sabemos que lo m\u00e1s importante es vivir, disfrutar y aprender del proceso de creaci\u00f3n de una \u00f3pera y que los aut\u00e9nticos protagonistas de esta aventura son los ni\u00f1os, ni\u00f1as y adolescentes.\u00a0En esta sesi\u00f3n tuvimos oportunidad de escuchar de ... Read more\" \/>\n<meta property=\"og:url\" content=\"https:\/\/www.teatroreal.es\/proyectolova\/lovamas\/sesion-9\/\" \/>\n<meta property=\"og:site_name\" content=\"L\u00d3VA\" \/>\n<meta property=\"article:publisher\" content=\"https:\/\/www.facebook.com\/proyectolova\/\" \/>\n<meta property=\"article:modified_time\" content=\"2021-05-21T10:01:40+00:00\" \/>\n<meta property=\"og:image\" content=\"https:\/\/www.teatroreal.es\/proyectolova\/wp-content\/uploads\/2021\/04\/pexels-haste-leart-v-690598-scaled.jpg\" \/>\n\t<meta property=\"og:image:width\" content=\"2560\" \/>\n\t<meta property=\"og:image:height\" content=\"1707\" \/>\n\t<meta property=\"og:image:type\" content=\"image\/jpeg\" \/>\n<meta name=\"twitter:card\" content=\"summary_large_image\" \/>\n<meta name=\"twitter:site\" content=\"@proyectolova\" \/>\n<meta name=\"twitter:label1\" content=\"Tiempo de lectura\" \/>\n\t<meta name=\"twitter:data1\" content=\"1 minuto\" \/>\n<script type=\"application\/ld+json\" class=\"yoast-schema-graph\">{\"@context\":\"https:\/\/schema.org\",\"@graph\":[{\"@type\":\"WebPage\",\"@id\":\"https:\/\/www.teatroreal.es\/proyectolova\/lovamas\/sesion-9\/\",\"url\":\"https:\/\/www.teatroreal.es\/proyectolova\/lovamas\/sesion-9\/\",\"name\":\"Sesi\u00f3n 9 L\u00d3VA+ - L\u00d3VA\",\"isPartOf\":{\"@id\":\"https:\/\/www.teatroreal.es\/proyectolova\/#website\"},\"primaryImageOfPage\":{\"@id\":\"https:\/\/www.teatroreal.es\/proyectolova\/lovamas\/sesion-9\/#primaryimage\"},\"image\":{\"@id\":\"https:\/\/www.teatroreal.es\/proyectolova\/lovamas\/sesion-9\/#primaryimage\"},\"thumbnailUrl\":\"https:\/\/www.teatroreal.es\/proyectolova\/wp-content\/uploads\/2021\/04\/pexels-haste-leart-v-690598-scaled.jpg\",\"datePublished\":\"2021-05-21T08:43:04+00:00\",\"dateModified\":\"2021-05-21T10:01:40+00:00\",\"breadcrumb\":{\"@id\":\"https:\/\/www.teatroreal.es\/proyectolova\/lovamas\/sesion-9\/#breadcrumb\"},\"inLanguage\":\"es\",\"potentialAction\":[{\"@type\":\"ReadAction\",\"target\":[\"https:\/\/www.teatroreal.es\/proyectolova\/lovamas\/sesion-9\/\"]}]},{\"@type\":\"ImageObject\",\"inLanguage\":\"es\",\"@id\":\"https:\/\/www.teatroreal.es\/proyectolova\/lovamas\/sesion-9\/#primaryimage\",\"url\":\"https:\/\/www.teatroreal.es\/proyectolova\/wp-content\/uploads\/2021\/04\/pexels-haste-leart-v-690598-scaled.jpg\",\"contentUrl\":\"https:\/\/www.teatroreal.es\/proyectolova\/wp-content\/uploads\/2021\/04\/pexels-haste-leart-v-690598-scaled.jpg\",\"width\":2560,\"height\":1707,\"caption\":\"\u00d3pera de calle\"},{\"@type\":\"BreadcrumbList\",\"@id\":\"https:\/\/www.teatroreal.es\/proyectolova\/lovamas\/sesion-9\/#breadcrumb\",\"itemListElement\":[{\"@type\":\"ListItem\",\"position\":1,\"name\":\"Portada\",\"item\":\"https:\/\/www.teatroreal.es\/proyectolova\/\"},{\"@type\":\"ListItem\",\"position\":2,\"name\":\"ON-LINE\",\"item\":\"https:\/\/www.teatroreal.es\/proyectolova\/lovamas\/\"},{\"@type\":\"ListItem\",\"position\":3,\"name\":\"Sesi\u00f3n 9 L\u00d3VA+\"}]},{\"@type\":\"WebSite\",\"@id\":\"https:\/\/www.teatroreal.es\/proyectolova\/#website\",\"url\":\"https:\/\/www.teatroreal.es\/proyectolova\/\",\"name\":\"L\u00d3VA\",\"description\":\"La \u00d3pera, un Veh\u00edculo de Aprendizaje\",\"publisher\":{\"@id\":\"https:\/\/www.teatroreal.es\/proyectolova\/#organization\"},\"potentialAction\":[{\"@type\":\"SearchAction\",\"target\":{\"@type\":\"EntryPoint\",\"urlTemplate\":\"https:\/\/www.teatroreal.es\/proyectolova\/?s={search_term_string}\"},\"query-input\":{\"@type\":\"PropertyValueSpecification\",\"valueRequired\":true,\"valueName\":\"search_term_string\"}}],\"inLanguage\":\"es\"},{\"@type\":\"Organization\",\"@id\":\"https:\/\/www.teatroreal.es\/proyectolova\/#organization\",\"name\":\"L\u00d3VA\",\"url\":\"https:\/\/www.teatroreal.es\/proyectolova\/\",\"logo\":{\"@type\":\"ImageObject\",\"inLanguage\":\"es\",\"@id\":\"https:\/\/www.teatroreal.es\/proyectolova\/#\/schema\/logo\/image\/\",\"url\":\"https:\/\/www.teatroreal.es\/proyectolova\/wp-content\/uploads\/2018\/01\/logo-L\u00d3VA-Marin\u00e9.jpg\",\"contentUrl\":\"https:\/\/www.teatroreal.es\/proyectolova\/wp-content\/uploads\/2018\/01\/logo-L\u00d3VA-Marin\u00e9.jpg\",\"width\":1890,\"height\":2848,\"caption\":\"L\u00d3VA\"},\"image\":{\"@id\":\"https:\/\/www.teatroreal.es\/proyectolova\/#\/schema\/logo\/image\/\"},\"sameAs\":[\"https:\/\/www.facebook.com\/proyectolova\/\",\"https:\/\/x.com\/proyectolova\",\"https:\/\/www.instagram.com\/proyectolova\/\",\"https:\/\/www.linkedin.com\/company\/proyectolova\/\",\"https:\/\/www.youtube.com\/user\/mecenartis\"]}]}<\/script>\n<!-- \/ Yoast SEO plugin. -->","yoast_head_json":{"title":"Sesi\u00f3n 9 L\u00d3VA+ - L\u00d3VA","robots":{"index":"index","follow":"follow","max-snippet":"max-snippet:-1","max-image-preview":"max-image-preview:large","max-video-preview":"max-video-preview:-1"},"canonical":"https:\/\/www.teatroreal.es\/proyectolova\/lovamas\/sesion-9\/","og_locale":"es_ES","og_type":"article","og_title":"Sesi\u00f3n 9 L\u00d3VA+ - L\u00d3VA","og_description":"Encuentro de compa\u00f1\u00edas El mi\u00e9rcoles 19 de mayo tuvimos la novena sesi\u00f3n L\u00d3VA+. Como loveros y loveras sabemos que lo m\u00e1s importante es vivir, disfrutar y aprender del proceso de creaci\u00f3n de una \u00f3pera y que los aut\u00e9nticos protagonistas de esta aventura son los ni\u00f1os, ni\u00f1as y adolescentes.\u00a0En esta sesi\u00f3n tuvimos oportunidad de escuchar de ... Read more","og_url":"https:\/\/www.teatroreal.es\/proyectolova\/lovamas\/sesion-9\/","og_site_name":"L\u00d3VA","article_publisher":"https:\/\/www.facebook.com\/proyectolova\/","article_modified_time":"2021-05-21T10:01:40+00:00","og_image":[{"width":2560,"height":1707,"url":"https:\/\/www.teatroreal.es\/proyectolova\/wp-content\/uploads\/2021\/04\/pexels-haste-leart-v-690598-scaled.jpg","type":"image\/jpeg"}],"twitter_card":"summary_large_image","twitter_site":"@proyectolova","twitter_misc":{"Tiempo de lectura":"1 minuto"},"schema":{"@context":"https:\/\/schema.org","@graph":[{"@type":"WebPage","@id":"https:\/\/www.teatroreal.es\/proyectolova\/lovamas\/sesion-9\/","url":"https:\/\/www.teatroreal.es\/proyectolova\/lovamas\/sesion-9\/","name":"Sesi\u00f3n 9 L\u00d3VA+ - L\u00d3VA","isPartOf":{"@id":"https:\/\/www.teatroreal.es\/proyectolova\/#website"},"primaryImageOfPage":{"@id":"https:\/\/www.teatroreal.es\/proyectolova\/lovamas\/sesion-9\/#primaryimage"},"image":{"@id":"https:\/\/www.teatroreal.es\/proyectolova\/lovamas\/sesion-9\/#primaryimage"},"thumbnailUrl":"https:\/\/www.teatroreal.es\/proyectolova\/wp-content\/uploads\/2021\/04\/pexels-haste-leart-v-690598-scaled.jpg","datePublished":"2021-05-21T08:43:04+00:00","dateModified":"2021-05-21T10:01:40+00:00","breadcrumb":{"@id":"https:\/\/www.teatroreal.es\/proyectolova\/lovamas\/sesion-9\/#breadcrumb"},"inLanguage":"es","potentialAction":[{"@type":"ReadAction","target":["https:\/\/www.teatroreal.es\/proyectolova\/lovamas\/sesion-9\/"]}]},{"@type":"ImageObject","inLanguage":"es","@id":"https:\/\/www.teatroreal.es\/proyectolova\/lovamas\/sesion-9\/#primaryimage","url":"https:\/\/www.teatroreal.es\/proyectolova\/wp-content\/uploads\/2021\/04\/pexels-haste-leart-v-690598-scaled.jpg","contentUrl":"https:\/\/www.teatroreal.es\/proyectolova\/wp-content\/uploads\/2021\/04\/pexels-haste-leart-v-690598-scaled.jpg","width":2560,"height":1707,"caption":"\u00d3pera de calle"},{"@type":"BreadcrumbList","@id":"https:\/\/www.teatroreal.es\/proyectolova\/lovamas\/sesion-9\/#breadcrumb","itemListElement":[{"@type":"ListItem","position":1,"name":"Portada","item":"https:\/\/www.teatroreal.es\/proyectolova\/"},{"@type":"ListItem","position":2,"name":"ON-LINE","item":"https:\/\/www.teatroreal.es\/proyectolova\/lovamas\/"},{"@type":"ListItem","position":3,"name":"Sesi\u00f3n 9 L\u00d3VA+"}]},{"@type":"WebSite","@id":"https:\/\/www.teatroreal.es\/proyectolova\/#website","url":"https:\/\/www.teatroreal.es\/proyectolova\/","name":"L\u00d3VA","description":"La \u00d3pera, un Veh\u00edculo de Aprendizaje","publisher":{"@id":"https:\/\/www.teatroreal.es\/proyectolova\/#organization"},"potentialAction":[{"@type":"SearchAction","target":{"@type":"EntryPoint","urlTemplate":"https:\/\/www.teatroreal.es\/proyectolova\/?s={search_term_string}"},"query-input":{"@type":"PropertyValueSpecification","valueRequired":true,"valueName":"search_term_string"}}],"inLanguage":"es"},{"@type":"Organization","@id":"https:\/\/www.teatroreal.es\/proyectolova\/#organization","name":"L\u00d3VA","url":"https:\/\/www.teatroreal.es\/proyectolova\/","logo":{"@type":"ImageObject","inLanguage":"es","@id":"https:\/\/www.teatroreal.es\/proyectolova\/#\/schema\/logo\/image\/","url":"https:\/\/www.teatroreal.es\/proyectolova\/wp-content\/uploads\/2018\/01\/logo-L\u00d3VA-Marin\u00e9.jpg","contentUrl":"https:\/\/www.teatroreal.es\/proyectolova\/wp-content\/uploads\/2018\/01\/logo-L\u00d3VA-Marin\u00e9.jpg","width":1890,"height":2848,"caption":"L\u00d3VA"},"image":{"@id":"https:\/\/www.teatroreal.es\/proyectolova\/#\/schema\/logo\/image\/"},"sameAs":["https:\/\/www.facebook.com\/proyectolova\/","https:\/\/x.com\/proyectolova","https:\/\/www.instagram.com\/proyectolova\/","https:\/\/www.linkedin.com\/company\/proyectolova\/","https:\/\/www.youtube.com\/user\/mecenartis"]}]}},"_links":{"self":[{"href":"https:\/\/www.teatroreal.es\/proyectolova\/wp-json\/wp\/v2\/pages\/8421","targetHints":{"allow":["GET"]}}],"collection":[{"href":"https:\/\/www.teatroreal.es\/proyectolova\/wp-json\/wp\/v2\/pages"}],"about":[{"href":"https:\/\/www.teatroreal.es\/proyectolova\/wp-json\/wp\/v2\/types\/page"}],"author":[{"embeddable":true,"href":"https:\/\/www.teatroreal.es\/proyectolova\/wp-json\/wp\/v2\/users\/151"}],"replies":[{"embeddable":true,"href":"https:\/\/www.teatroreal.es\/proyectolova\/wp-json\/wp\/v2\/comments?post=8421"}],"version-history":[{"count":6,"href":"https:\/\/www.teatroreal.es\/proyectolova\/wp-json\/wp\/v2\/pages\/8421\/revisions"}],"predecessor-version":[{"id":8437,"href":"https:\/\/www.teatroreal.es\/proyectolova\/wp-json\/wp\/v2\/pages\/8421\/revisions\/8437"}],"up":[{"embeddable":true,"href":"https:\/\/www.teatroreal.es\/proyectolova\/wp-json\/wp\/v2\/pages\/7369"}],"wp:featuredmedia":[{"embeddable":true,"href":"https:\/\/www.teatroreal.es\/proyectolova\/wp-json\/wp\/v2\/media\/8381"}],"wp:attachment":[{"href":"https:\/\/www.teatroreal.es\/proyectolova\/wp-json\/wp\/v2\/media?parent=8421"}],"wp:term":[{"taxonomy":"hashtags","embeddable":true,"href":"https:\/\/www.teatroreal.es\/proyectolova\/wp-json\/wp\/v2\/hashtags?post=8421"}],"curies":[{"name":"wp","href":"https:\/\/api.w.org\/{rel}","templated":true}]}}